000
CXUS53 KGRB 280634
CF6AUW
PRELIMINARY LOCAL CLIMATOLOGICAL DATA (WS FORM: F-6)
STATION: WAUSAU WI
MONTH: APRIL
YEAR: 2024
LATITUDE: 44 55 N
LONGITUDE: 89 37 W
TEMPERATURE IN F: :PCPN: SNOW: WIND :SUNSHINE: SKY :PK WND
================================================================================
1 2 3 4 5 6A 6B 7 8 9 10 11 12 13 14 15 16 17 18
12Z AVG MX 2MIN
DY MAX MIN AVG DEP HDD CDD WTR SNW DPTH SPD SPD DIR MIN PSBL S-S WX SPD DR
================================================================================
1 41 31 36 -1 29 0 0.00 0.0 0 8.3 16 90 M M 5 23 70
2 36 32 34 -3 31 0 0.37 3.1 3 11.3 22 340 M M 10 1 35 340
3 35 32 34 -4 31 0 T T 1 15.4 24 360 M M 10 168 41 350
4 42 32 37 -1 28 0 T T T 10.2 18 340 M M 10 1 28 340
5 54 29 42 4 23 0 0.00 0.0 0 6.1 13 40 M M 3 19 40
6 57 27 42 3 23 0 0.00 0.0 0 6.4 16 130 M M 0 22 130
7 53 34 44 5 21 0 0.10 0.0 0 14.7 32 120 M M 5 1 50 130
8 53 42 48 8 17 0 0.03 M 0 10.2 20 210 M M 9 29 200
9 56 41 49 9 16 0 0.13 0.0 0 7.6 17 280 M M 9 1 25 270
10 68 35 52 11 13 0 0.00 0.0 0 5.4 17 270 M M 3 25 220
11 60 40 50 9 15 0 0.01 0.0 0 2.9 13 280 M M 7 M M
12 56 41 49 7 16 0 0.00 0.0 0 11.7 24 300 M M 2 40 300
13 69 31 50 8 15 0 0.00 0.0 0 7.3 20 170 M M 0 27 170
14 74 45 60 18 5 0 0.00 0.0 0 6.9 22 270 M M 0 28 260
15 68 37 53 10 12 0 0.00 0.0 0 6.9 16 80 M M 0 24 300
16 64 43 54 11 11 0 0.42 0.0 0 17.0 31 90 M M 4 3 50 60
17 52 43 48 4 17 0 0.74 0.0 0 13.1 28 280 M M 10 13 39 270
18 51 38 45 1 20 0 0.04 0.0 0 8.6 20 260 M M 6 27 260
19 42 33 38 -7 27 0 T T 0 16.5 31 260 M M 8 41 270
20 39 29 34 -11 31 0 T T 0 11.9 23 280 M M 8 31 280
21 58 26 42 -4 23 0 0.00 0.0 0 8.5 23 280 M M 1 33 270
22 65 30 48 2 17 0 0.02 0.0 0 10.6 29 200 M M 3 42 210
23 64 33 49 3 16 0 0.02 0.0 0 11.0 31 290 M M 5 40 290
24 54 28 41 -6 24 0 0.00 0.0 0 4.8 12 40 M M 2 18 40
25 61 29 45 -2 20 0 0.00 0.0 0 8.2 17 130 M M 0 23 130
26 59 37 48 0 17 0 0.10 0.0 0 14.7 29 130 M M 4 1 40 120
27 67 48 58 10 7 0 0.15 0.0 0 13.3 28 210 M M 10 1 42 220
================================================================================
SM 1498 946 525 0 2.13 3.1 269.5 M 134
================================================================================
AV 55.5 35.0 10.0 FASTST M M 5 MAX(MPH)
MISC ----> 32 120 # 50 130
================================================================================
NOTES:
# LAST OF SEVERAL OCCURRENCES
COLUMN 17 PEAK WIND IN M.P.H.
PRELIMINARY LOCAL CLIMATOLOGICAL DATA (WS FORM: F-6) , PAGE 2
STATION: WAUSAU WI
MONTH: APRIL
YEAR: 2024
LATITUDE: 44 55 N
LONGITUDE: 89 37 W
[TEMPERATURE DATA] [PRECIPITATION DATA] SYMBOLS USED IN COLUMN 16
AVERAGE MONTHLY: 45.3 TOTAL FOR MONTH: 2.13 1 = FOG OR MIST
DPTR FM NORMAL: 2.8 DPTR FM NORMAL: -0.65 2 = FOG REDUCING VISIBILITY
HIGHEST: 74 ON 14 GRTST 24HR 1.16 ON 16-17 TO 1/4 MILE OR LESS
LOWEST: 26 ON 21 3 = THUNDER
SNOW, ICE PELLETS, HAIL 4 = ICE PELLETS
TOTAL MONTH: 3.1 INCHES 5 = HAIL
GRTST 24HR 3.1 ON 2- 2 6 = FREEZING RAIN OR DRIZZLE
GRTST DEPTH: 3 ON 2 7 = DUSTSTORM OR SANDSTORM:
VSBY 1/2 MILE OR LESS
8 = SMOKE OR HAZE
[NO. OF DAYS WITH] [WEATHER - DAYS WITH] 9 = BLOWING SNOW
X = TORNADO
MAX 32 OR BELOW: 0 0.01 INCH OR MORE: 12
MAX 90 OR ABOVE: 0 0.10 INCH OR MORE: 7
MIN 32 OR BELOW: 12 0.50 INCH OR MORE: 1
MIN 0 OR BELOW: 0 1.00 INCH OR MORE: 0
[HDD (BASE 65) ]
TOTAL THIS MO. 525 CLEAR (SCALE 0-3) 11
DPTR FM NORMAL -86 PTCLDY (SCALE 4-7) 9
TOTAL FM JUL 1 6262 CLOUDY (SCALE 8-10) 7
DPTR FM NORMAL -1481
[CDD (BASE 65) ]
TOTAL THIS MO. 0
DPTR FM NORMAL 0 [PRESSURE DATA]
TOTAL FM JAN 1 0 HIGHEST SLP M ON M
DPTR FM NORMAL 0 LOWEST SLP 29.34 ON 3
[REMARKS]