000
CXUS56 KLOX 011655
CF6CMA
PRELIMINARY LOCAL CLIMATOLOGICAL DATA (WS FORM: F-6)
STATION: CAMARILLO AIRPORT CA
MONTH: OCTOBER
YEAR: 2020
LATITUDE: 34 12 N
LONGITUDE: 119 6 W
TEMPERATURE IN F: :PCPN: SNOW: WIND :SUNSHINE: SKY :PK WND
================================================================================
1 2 3 4 5 6A 6B 7 8 9 10 11 12 13 14 15 16 17 18
12Z AVG MX 2MIN
DY MAX MIN AVG DEP HDD CDD WTR SNW DPTH SPD SPD DIR MIN PSBL S-S WX SPD DR
================================================================================
1 94 64 79 14 0 14 0.00 0.0 0 4.2 12 210 M M 0 8 14 240
2 91 60 76 11 0 11 0.00 0.0 0 3.2 13 230 M M 0 8 14 230
3 85 60 73 8 0 8 0.00 0.0 0 3.1 10 220 M M 1 128 14 200
4 89 62 76 12 0 11 0.00 0.0 0 2.9 12 220 M M 2 128 14 240
5 85 56 71 7 0 6 0.00 0.0 0 3.6 12 270 M M 1 128 13 280
6 85 57 71 7 0 6 0.00 0.0 0 3.5 12 230 M M 0 8 15 270
7 78 56 67 3 0 2 0.00 0.0 0 3.7 12 240 M M 2 18 16 250
8 75 65 70 6 0 5 0.00 0.0 0 5.2 14 280 M M 8 8 15 260
9 76 62 69 5 0 4 0.00 0.0 0 3.9 13 270 M M 8 8 21 250
10 77 60 69 5 0 4 0.00 0.0 0 4.5 14 260 M M 5 8 16 260
11 77 58 68 4 0 3 0.00 0.0 0 3.9 13 240 M M 0 8 18 210
12 85 57 71 7 0 6 0.00 0.0 0 2.8 10 240 M M 0 14 200
13 93 60 77 14 0 12 0.00 0.0 0 3.5 10 240 M M 0 13 280
14 90 58 74 11 0 9 0.00 0.0 0 4.4 13 230 M M 0 15 230
15 91 58 75 12 0 10 0.00 0.0 0 3.2 10 240 M M 0 14 250
16 105 60 83 20 0 18 0.00 0.0 0 5.8 26 70 M M 0 33 60
17 81 59 70 7 0 5 0.00 0.0 0 3.8 13 240 M M 0 8 15 240
18 78 60 69 6 0 4 0.00 0.0 0 3.7 14 250 M M 5 128 18 240
19 74 63 69 6 0 4 0.00 0.0 0 4.3 13 240 M M 7 8 16 250
20 75 62 69 6 0 4 0.00 0.0 0 4.0 14 240 M M 9 8 17 240
21 74 63 69 7 0 4 0.00 0.0 0 3.1 10 220 M M 9 8 14 210
22 74 65 70 8 0 5 0.00 0.0 0 3.5 10 230 M M 9 8 14 200
23 73 64 69 7 0 4 0.00 0.0 0 4.6 12 240 M M 8 15 230
24 72 64 68 6 0 3 0.00 0.0 0 3.8 12 260 M M 9 15 260
25 71 57 64 2 1 0 0.00 0.0 0 5.4 16 270 M M 10 20 270
26 79 50 65 3 0 0 0.00 0.0 0 17.1 38 80 M M 1 8 45 80
27 85 46 66 4 0 1 0.00 0.0 0 8.8 28 80 M M 0 33 80
28 76 45 61 -1 4 0 0.00 0.0 0 3.6 13 230 M M 0 16 230
29 79 48 64 2 1 0 0.00 0.0 0 3.7 10 250 M M 0 8 14 250
30 78 48 63 1 2 0 0.00 0.0 0 3.1 10 230 M M 0 14 260
31 80 47 64 3 1 0 0.00 0.0 0 3.9 10 240 M M 0 13 220
================================================================================
SM 2525 1794 9 163 0.00 0.0 137.8 M 94
================================================================================
AV 81.5 57.9 4.4 FASTST M M 3 MAX(MPH)
MISC ----> # 38 80 # 45 80
================================================================================
NOTES:
# LAST OF SEVERAL OCCURRENCES
COLUMN 17 PEAK WIND IN M.P.H.
PRELIMINARY LOCAL CLIMATOLOGICAL DATA (WS FORM: F-6) , PAGE 2
STATION: CAMARILLO AIRPORT CA
MONTH: OCTOBER
YEAR: 2020
LATITUDE: 34 12 N
LONGITUDE: 119 6 W
[TEMPERATURE DATA] [PRECIPITATION DATA] SYMBOLS USED IN COLUMN 16
AVERAGE MONTHLY: 69.7 TOTAL FOR MONTH: 0.00 1 = FOG OR MIST
DPTR FM NORMAL: 6.6 DPTR FM NORMAL: -0.63 2 = FOG REDUCING VISIBILITY
HIGHEST: 105 ON 16 GRTST 24HR 0.00 ON 31-31 TO 1/4 MILE OR LESS
LOWEST: 45 ON 28 3 = THUNDER
SNOW, ICE PELLETS, HAIL 4 = ICE PELLETS
TOTAL MONTH: 0.0 INCH 5 = HAIL
GRTST 24HR 0.0 6 = FREEZING RAIN OR DRIZZLE
GRTST DEPTH: 0 7 = DUSTSTORM OR SANDSTORM:
VSBY 1/2 MILE OR LESS
8 = SMOKE OR HAZE
[NO. OF DAYS WITH] [WEATHER - DAYS WITH] 9 = BLOWING SNOW
X = TORNADO
MAX 32 OR BELOW: 0 0.01 INCH OR MORE: 0
MAX 90 OR ABOVE: 6 0.10 INCH OR MORE: 0
MIN 32 OR BELOW: 0 0.50 INCH OR MORE: 0
MIN 0 OR BELOW: 0 1.00 INCH OR MORE: 0
[HDD (BASE 65) ]
TOTAL THIS MO. 9 CLEAR (SCALE 0-3) 20
DPTR FM NORMAL -82 PTCLDY (SCALE 4-7) 6
TOTAL FM JUL 1 10 CLOUDY (SCALE 8-10) 5
DPTR FM NORMAL -113
[CDD (BASE 65) ]
TOTAL THIS MO. 163
DPTR FM NORMAL 130 [PRESSURE DATA]
TOTAL FM JAN 1 974 HIGHEST SLP 30.10 ON 28
DPTR FM NORMAL 658 LOWEST SLP 29.78 ON 2
[REMARKS]
#FINAL-10-20#