000
CXUS55 KVEF 030317
CF6IGM
PRELIMINARY LOCAL CLIMATOLOGICAL DATA (WS FORM: F-6)
STATION: KINGMAN AZ
MONTH: DECEMBER
YEAR: 2020
LATITUDE: 35 16 N
LONGITUDE: 113 57 W
TEMPERATURE IN F: :PCPN: SNOW: WIND :SUNSHINE: SKY :PK WND
================================================================================
1 2 3 4 5 6A 6B 7 8 9 10 11 12 13 14 15 16 17 18
12Z AVG MX 2MIN
DY MAX MIN AVG DEP HDD CDD WTR SNW DPTH SPD SPD DIR MIN PSBL S-S WX SPD DR
================================================================================
1 60 26 43 -2 22 0 0.00 M M 8.5 21 360 M M 0 26 30
2 56 30 43 -2 22 0 0.00 M M 13.9 29 70 M M 0 34 70
3 54 23 39 -6 26 0 0.00 M M 9.5 20 20 M M 0 23 20
4 57 21 39 -5 26 0 0.00 M M 5.2 12 110 M M 0 17 40
5 65 24 45 1 20 0 0.00 M M 3.3 9 260 M M 0 12 260
6 69 25 47 3 18 0 0.00 M M 2.9 13 210 M M 0 13 210
7 68 34 51 7 14 0 0.00 M M 7.7 17 360 M M 0 M M
8 67 33 50 6 15 0 0.00 M M 6.4 17 20 M M 0 21 20
9 70 37 54 11 11 0 T M M 4.2 12 210 M M 1 13 210
10 60 38 49 6 16 0 T M M 11.3 23 250 M M 3 29 110
11 54 32 43 0 22 0 0.00 M M 9.3 20 220 M M 0 24 220
12 56 26 41 -2 24 0 0.00 M M 11.4 31 360 M M 2 40 360
13 51 21 36 -7 29 0 0.00 M M 6.2 14 100 M M 0 16 360
14 52 26 39 -4 26 0 0.00 M M 8.3 29 360 M M 3 35 10
15 49 26 38 -4 27 0 0.00 M M 10.2 16 360 M M 0 23 20
16 54 24 39 -3 26 0 0.00 M M 5.6 12 360 M M 0 17 20
17 59 27 43 1 22 0 0.00 M M 7.5 23 230 M M 1 29 230
18 54 27 41 -1 24 0 0.00 M M 9.0 23 360 M M 0 27 360
19 55 24 40 -2 25 0 0.00 M M 6.2 12 110 M M 0 15 20
20 62 26 44 2 21 0 0.00 M M 6.4 12 120 M M 0 14 50
21 69 32 51 9 14 0 0.00 M M 5.0 14 100 M M 0 15 100
22 66 36 51 9 14 0 0.00 M M 10.9 26 220 M M 0 36 230
23 51 27 39 -3 26 0 0.00 M M 14.2 30 350 M M 0 37 360
24 45 25 35 -7 30 0 0.00 M M 6.7 16 10 M M 0 18 10
25 61 24 43 1 22 0 0.00 M M 3.0 9 10 M M 0 11 10
26 65 31 48 6 17 0 0.00 M M 10.0 21 220 M M 0 32 220
27 53 31 42 0 23 0 0.00 M M 5.7 13 10 M M 3 17 340
28 50 29 40 -2 25 0 0.01 M M 10.7 28 220 M M 5 36 230
29 49 28 39 -3 26 0 T M M 9.2 24 350 M M 4 29 350
30 52 19 36 -6 29 0 0.00 M M 8.8 14 130 M M 0 18 360
31 52 28 40 -2 25 0 0.00 M M 8.9 22 360 M M 4 28 360
================================================================================
SM 1785 860 687 0 0.01 M 246.1 M 26
================================================================================
AV 57.6 27.7 7.9 FASTST M M 1 MAX(MPH)
MISC ----> 31 360 40 360
================================================================================
NOTES:
# LAST OF SEVERAL OCCURRENCES
COLUMN 17 PEAK WIND IN M.P.H.
PRELIMINARY LOCAL CLIMATOLOGICAL DATA (WS FORM: F-6) , PAGE 2
STATION: KINGMAN AZ
MONTH: DECEMBER
YEAR: 2020
LATITUDE: 35 16 N
LONGITUDE: 113 57 W
[TEMPERATURE DATA] [PRECIPITATION DATA] SYMBOLS USED IN COLUMN 16
AVERAGE MONTHLY: 42.7 TOTAL FOR MONTH: 0.01 1 = FOG OR MIST
DPTR FM NORMAL: -0.3 DPTR FM NORMAL: -0.73 2 = FOG REDUCING VISIBILITY
HIGHEST: 70 ON 9 GRTST 24HR 0.01 ON 28-28 TO 1/4 MILE OR LESS
LOWEST: 19 ON 30 3 = THUNDER
SNOW, ICE PELLETS, HAIL 4 = ICE PELLETS
TOTAL MONTH: M 5 = HAIL
GRTST 24HR M ON M 6 = FREEZING RAIN OR DRIZZLE
GRTST DEPTH: M ON M 7 = DUSTSTORM OR SANDSTORM:
VSBY 1/2 MILE OR LESS
8 = SMOKE OR HAZE
[NO. OF DAYS WITH] [WEATHER - DAYS WITH] 9 = BLOWING SNOW
X = TORNADO
MAX 32 OR BELOW: 0 0.01 INCH OR MORE: 1
MAX 90 OR ABOVE: 0 0.10 INCH OR MORE: 0
MIN 32 OR BELOW: 26 0.50 INCH OR MORE: 0
MIN 0 OR BELOW: 0 1.00 INCH OR MORE: 0
[HDD (BASE 65) ]
TOTAL THIS MO. 687 CLEAR (SCALE 0-3) 28
DPTR FM NORMAL 4 PTCLDY (SCALE 4-7) 3
TOTAL FM JUL 1 1128 CLOUDY (SCALE 8-10) 0
DPTR FM NORMAL -124
[CDD (BASE 65) ]
TOTAL THIS MO. 0
DPTR FM NORMAL 0 [PRESSURE DATA]
TOTAL FM JAN 1 2709 HIGHEST SLP 30.47 ON 24
DPTR FM NORMAL 616 LOWEST SLP 29.68 ON 28
[REMARKS]
#FINAL-12-20#