000
CXUS54 KLZK 011410
CF6MWT
PRELIMINARY LOCAL CLIMATOLOGICAL DATA (WS FORM: F-6)
STATION: MOUNT IDA
MONTH: JULY
YEAR: 2022
LATITUDE: 34 32 N
LONGITUDE: 93 35 W
TEMPERATURE IN F: :PCPN: SNOW: WIND :SUNSHINE: SKY :PK WND
================================================================================
1 2 3 4 5 6A 6B 7 8 9 10 11 12 13 14 15 16 17 18
12Z AVG MX 2MIN
DY MAX MIN AVG DEP HDD CDD WTR SNW DPTH SPD SPD DIR MIN PSBL S-S WX SPD DR
================================================================================
1 93 72 83 3 0 18 0.00 0.0 0 2.7 10 140 M M 1 15 150
2 91 73 82 2 0 17 0.00 0.0 0 1.5 10 140 M M 5 14 150
3 95 73 84 4 0 19 0.00 0.0 M 1.8 10 130 M M 4 15 140
4 99 74 87 7 0 22 0.00 0.0 M 1.8 9 140 M M 2 1 15 230
5 100 72 86 6 0 21 0.00 0.0 0 1.3 9 160 M M 0 17 220
6 100 71 86 6 0 21 0.00 0.0 M 2.4 9 190 M M 0 15 210
7 100 74 87 6 0 22 0.00 0.0 0 2.1 10 200 M M 0 18 190
8 105 76 91 10 0 26 0.00 0.0 M 2.0 9 150 M M 1 15 210
9 106 77 92 11 0 27 0.00 0.0 0 2.3 9 320 M M 1 16 350
10 95 72 84 3 0 19 0.00 0.0 0 2.2 10 140 M M 3 15 130
11 101 66 84 3 0 19 0.00 0.0 0 1.4 8 140 M M 0 1 12 90
12 103 67 85 4 0 20 1.54 0.0 0 2.7 15 140 M M 2 13 25 150
13 99 71 85 4 0 20 0.31 0.0 0 1.4 12 320 M M 4 12 19 330
14 97 69 83 2 0 18 0.00 0.0 M 1.6 9 140 M M 1 1 13 130
15 97 71 84 3 0 19 0.00 0.0 0 2.0 12 140 M M 0 1 17 140
16 100 70 85 4 0 20 0.00 0.0 0 0.6 7 160 M M 1 11 170
17 100 76 88 7 0 23 T 0.0 0 1.6 9 220 M M 1 14 220
18 102 74 88 7 0 23 T 0.0 0 2.6 9 260 M M 1 16 290
19 103 77 90 9 0 25 0.00 0.0 0 4.7 12 270 M M 0 22 260
20 100 78 89 8 0 24 0.00 0.0 0 3.1 10 230 M M 0 19 240
21 103 70 87 6 0 22 0.12 0.0 0 1.8 13 270 M M 1 1 23 250
22 99 69 84 3 0 19 0.00 0.0 0 1.4 9 140 M M 0 14 330
23 97 70 84 2 0 19 0.00 0.0 0 2.4 10 170 M M 0 1 16 160
24 100 75 88 6 0 23 0.00 0.0 0 2.3 10 270 M M 1 16 210
25 101 75 88 6 0 23 0.00 0.0 0 2.6 10 170 M M 0 19 180
26 101 81 91 9 0 26 0.00 0.0 0 3.9 10 180 M M 0 20 290
27 102 80 91 9 0 26 0.00 0.0 M 3.5 13 150 M M 1 20 130
28 99 78 89 7 0 24 T 0.0 0 3.1 14 130 M M 1 8 20 140
29 88 73 81 -1 0 16 T 0.0 0 2.9 10 140 M M 4 15 40
30 83 70 77 -5 0 12 0.27 0.0 M 1.3 9 140 M M 6 1 11 120
31 92 71 82 0 0 17 T 0.0 M 2.0 15 140 M M 4 18 130
================================================================================
SM 3051 2265 0 650 2.24 0.0 69.0 M 45
================================================================================
AV 98.4 73.1 2.2 FASTST M M 1 MAX(MPH)
MISC ----> # 15 140 25 150
================================================================================
NOTES:
# LAST OF SEVERAL OCCURRENCES
COLUMN 17 PEAK WIND IN M.P.H.
PRELIMINARY LOCAL CLIMATOLOGICAL DATA (WS FORM: F-6) , PAGE 2
STATION: MOUNT IDA
MONTH: JULY
YEAR: 2022
LATITUDE: 34 32 N
LONGITUDE: 93 35 W
[TEMPERATURE DATA] [PRECIPITATION DATA] SYMBOLS USED IN COLUMN 16
AVERAGE MONTHLY: 85.7 TOTAL FOR MONTH: 2.24 1 = FOG OR MIST
DPTR FM NORMAL: 4.7 DPTR FM NORMAL: -1.96 2 = FOG REDUCING VISIBILITY
HIGHEST: 106 ON 9 GRTST 24HR 1.85 ON 12-13 TO 1/4 MILE OR LESS
LOWEST: 66 ON 11 3 = THUNDER
SNOW, ICE PELLETS, HAIL 4 = ICE PELLETS
TOTAL MONTH: 0.0 INCH 5 = HAIL
GRTST 24HR 0.0 6 = FREEZING RAIN OR DRIZZLE
GRTST DEPTH: 0 7 = DUSTSTORM OR SANDSTORM:
VSBY 1/2 MILE OR LESS
8 = SMOKE OR HAZE
[NO. OF DAYS WITH] [WEATHER - DAYS WITH] 9 = BLOWING SNOW
X = TORNADO
MAX 32 OR BELOW: 0 0.01 INCH OR MORE: 4
MAX 90 OR ABOVE: 29 0.10 INCH OR MORE: 4
MIN 32 OR BELOW: 0 0.50 INCH OR MORE: 1
MIN 0 OR BELOW: 0 1.00 INCH OR MORE: 1
[HDD (BASE 65) ]
TOTAL THIS MO. 0 CLEAR (SCALE 0-3) 25
DPTR FM NORMAL 0 PTCLDY (SCALE 4-7) 6
TOTAL FM JUL 1 0 CLOUDY (SCALE 8-10) 0
DPTR FM NORMAL 0
[CDD (BASE 65) ]
TOTAL THIS MO. 650
DPTR FM NORMAL 152 [PRESSURE DATA]
TOTAL FM JAN 1 1371 HIGHEST SLP 30.10 ON 31
DPTR FM NORMAL 265 LOWEST SLP 29.71 ON 19
[REMARKS]
#FINAL-07-22#