275
CDUS43 KTOP 182132
CLITOP


CLIMATE REPORT
NATIONAL WEATHER SERVICE TOPEKA KS
431 PM CDT TUE APR 18 2017


...................................

...THE TOPEKA KS CLIMATE SUMMARY FOR APRIL 18 2017...
VALID TODAY AS OF 0400 PM LOCAL TIME.

CLIMATE NORMAL PERIOD 1981 TO 2010
CLIMATE RECORD PERIOD 1887 TO 2017


WEATHER ITEM   OBSERVED TIME   RECORD YEAR NORMAL DEPARTURE LAST
                VALUE   (LST)  VALUE       VALUE  FROM      YEAR
                                                  NORMAL
..................................................................
TEMPERATURE (F)
 TODAY
  MAXIMUM         79    259 PM  92    1948  68     11       66
  MINIMUM         54    456 AM  30    1961  44     10       57
  AVERAGE         67                        56     11       62

PRECIPITATION (IN)
  TODAY            0.00          2.10 1970   0.12  -0.12     0.87
  MONTH TO DATE    4.19                      1.95   2.24     1.51
  SINCE MAR 1      8.22                      4.44   3.78     3.81
  SINCE JAN 1      9.61                      6.62   2.99     5.08

SNOWFALL (IN)
  TODAY            0.0           T    2013   0.0    0.0      0.0
                                      1939
  MONTH TO DATE    T                         0.3   -0.3      0.0
  SINCE JAN 1      3.5                      11.3   -7.8      3.7
  SINCE JUL 1      6.6                      17.8  -11.2      4.9
  SNOW DEPTH       0

DEGREE DAYS
 HEATING
  TODAY            0                        10    -10        3
  MONTH TO DATE  127                       225    -98      154
  SINCE MAR 1    627                       853   -226      582
  SINCE JUL 1   3808                      4820  -1012     3834

 COOLING
  TODAY            2                         1      1        0
  MONTH TO DATE   23                        11     12        3
  SINCE MAR 1     32                        14     18        6
  SINCE JAN 1     32                        14     18        6
..................................................................


WIND (MPH)
  HIGHEST WIND SPEED    20   HIGHEST WIND DIRECTION     S (160)
  HIGHEST GUST SPEED    24   HIGHEST GUST DIRECTION    SE (150)
  AVERAGE WIND SPEED     9.7



WEATHER CONDITIONS
 THE FOLLOWING WEATHER WAS RECORDED TODAY.
  NO SIGNIFICANT WEATHER WAS OBSERVED.


RELATIVE HUMIDITY (PERCENT)
 HIGHEST   100           700 AM
 LOWEST     58           300 PM
 AVERAGE    79

..........................................................


THE TOPEKA KS CLIMATE NORMALS FOR TOMORROW
                         NORMAL    RECORD    YEAR
 MAXIMUM TEMPERATURE (F)   68        91      1987
 MINIMUM TEMPERATURE (F)   45        27      1953


SUNRISE AND SUNSET
APRIL 18 2017.........SUNRISE   641 AM CDT   SUNSET   803 PM CDT
APRIL 19 2017.........SUNRISE   640 AM CDT   SUNSET   804 PM CDT


-  INDICATES NEGATIVE NUMBERS.
R  INDICATES RECORD WAS SET OR TIED.
MM INDICATES DATA IS MISSING.
T  INDICATES TRACE AMOUNT.




$$
