214
CDUS43 KTOP 180632
CLITOP


CLIMATE REPORT
NATIONAL WEATHER SERVICE TOPEKA KS
131 AM CDT TUE JUL 18 2017


...................................

...THE TOPEKA KS CLIMATE SUMMARY FOR JULY 17 2017...

CLIMATE NORMAL PERIOD 1981 TO 2010
CLIMATE RECORD PERIOD 1887 TO 2017


WEATHER ITEM   OBSERVED TIME   RECORD YEAR NORMAL DEPARTURE LAST
                VALUE   (LST)  VALUE       VALUE  FROM      YEAR
                                                  NORMAL
..................................................................
TEMPERATURE (F)
 YESTERDAY
  MAXIMUM         93    436 PM 108    1936  90      3       94
                                      1934
  MINIMUM         68    534 AM  57    2009  69     -1       76
                                      1967
  AVERAGE         81                        79      2       85

PRECIPITATION (IN)
  YESTERDAY        0.00          1.62 1950   0.12  -0.12     0.00
  MONTH TO DATE    2.21                      2.23  -0.02     4.50
  SINCE JUN 1      8.80                      7.63   1.17     6.89
  SINCE JAN 1     23.95                     20.74   3.21    26.20

SNOWFALL (IN)
  YESTERDAY        0.0           0.0    MM   0.0    0.0      0.0
  MONTH TO DATE    0.0                       0.0    0.0       T
  SINCE JAN 1      3.5                      11.3   -7.8      3.7
  SINCE JUL 1      0.0                       0.0    0.0       T
  SNOW DEPTH       0

DEGREE DAYS
 HEATING
  YESTERDAY        0                         0      0        0
  MONTH TO DATE    0                         0      0        0
  SINCE JUN 1      0                         8     -8        0
  SINCE JUL 1      0                         0      0        0

 COOLING
  YESTERDAY       16                        14      2       20
  MONTH TO DATE  257                       233     24      232
  SINCE JUN 1    581                       517     64      671
  SINCE JAN 1    710                       643     67      763
..................................................................


WIND (MPH)
  HIGHEST WIND SPEED    15   HIGHEST WIND DIRECTION     S (160)
  HIGHEST GUST SPEED    19   HIGHEST GUST DIRECTION     S (160)
  AVERAGE WIND SPEED     4.7


SKY COVER
  AVERAGE SKY COVER 0.0


WEATHER CONDITIONS
 THE FOLLOWING WEATHER WAS RECORDED YESTERDAY.
  NO SIGNIFICANT WEATHER WAS OBSERVED.


RELATIVE HUMIDITY (PERCENT)
 HIGHEST    97           500 AM
 LOWEST     46           400 PM
 AVERAGE    72

..........................................................


THE TOPEKA KS CLIMATE NORMALS FOR TODAY
                         NORMAL    RECORD    YEAR
 MAXIMUM TEMPERATURE (F)   90       110      1936
 MINIMUM TEMPERATURE (F)   69        56      2009
                                             1911


SUNRISE AND SUNSET
JULY 18 2017..........SUNRISE   612 AM CDT   SUNSET   846 PM CDT
JULY 19 2017..........SUNRISE   612 AM CDT   SUNSET   845 PM CDT


-  INDICATES NEGATIVE NUMBERS.
R  INDICATES RECORD WAS SET OR TIED.
MM INDICATES DATA IS MISSING.
T  INDICATES TRACE AMOUNT.




$$
