000
CDUS43 KTOP 070632
CLITOP


CLIMATE REPORT
NATIONAL WEATHER SERVICE TOPEKA KS
131 AM CDT FRI JUL 7 2017


...................................

...THE TOPEKA KS CLIMATE SUMMARY FOR JULY 6 2017...

CLIMATE NORMAL PERIOD 1981 TO 2010
CLIMATE RECORD PERIOD 1887 TO 2017


WEATHER ITEM   OBSERVED TIME   RECORD YEAR NORMAL DEPARTURE LAST
                VALUE   (LST)  VALUE       VALUE  FROM      YEAR
                                                  NORMAL
..................................................................
TEMPERATURE (F)
 YESTERDAY
  MAXIMUM         92    439 PM 106    1939  89      3       94
  MINIMUM         66    443 AM  50    1972  68     -2       75
  AVERAGE         79                        79      0       85

PRECIPITATION (IN)
  YESTERDAY        0.00          3.78 1909   0.13  -0.13     0.00
  MONTH TO DATE    0.02                      0.85  -0.83     1.82
  SINCE JUN 1      6.61                      6.25   0.36     4.21
  SINCE JAN 1     21.76                     19.36   2.40    23.52

SNOWFALL (IN)
  YESTERDAY        0.0           T    1930   0.0    0.0      0.0
  MONTH TO DATE    0.0                       0.0    0.0      0.0
  SINCE JAN 1      3.5                      11.3   -7.8      3.7
  SINCE JUL 1      0.0                       0.0    0.0      0.0
  SNOW DEPTH       0

DEGREE DAYS
 HEATING
  YESTERDAY        0                         0      0        0
  MONTH TO DATE    0                         0      0        0
  SINCE JUN 1      0                         8     -8        0
  SINCE JUL 1      0                         0      0        0

 COOLING
  YESTERDAY       14                        14      0       20
  MONTH TO DATE   69                        79    -10       69
  SINCE JUN 1    393                       363     30      508
  SINCE JAN 1    522                       489     33      600
..................................................................


WIND (MPH)
  HIGHEST WIND SPEED    12   HIGHEST WIND DIRECTION    SW (210)
  HIGHEST GUST SPEED    16   HIGHEST GUST DIRECTION     W (260)
  AVERAGE WIND SPEED     3.8


SKY COVER
  AVERAGE SKY COVER 0.1


WEATHER CONDITIONS
 THE FOLLOWING WEATHER WAS RECORDED YESTERDAY.
  FOG
  FOG W/VISIBILITY <= 1/4 MILE


RELATIVE HUMIDITY (PERCENT)
 HIGHEST   100           100 AM
 LOWEST     44           300 PM
 AVERAGE    72

..........................................................


THE TOPEKA KS CLIMATE NORMALS FOR TODAY
                         NORMAL    RECORD    YEAR
 MAXIMUM TEMPERATURE (F)   89       109      1939
 MINIMUM TEMPERATURE (F)   68        52      1908


SUNRISE AND SUNSET
JULY  7 2017..........SUNRISE   604 AM CDT   SUNSET   851 PM CDT
JULY  8 2017..........SUNRISE   604 AM CDT   SUNSET   851 PM CDT


-  INDICATES NEGATIVE NUMBERS.
R  INDICATES RECORD WAS SET OR TIED.
MM INDICATES DATA IS MISSING.
T  INDICATES TRACE AMOUNT.




$$
