000
CXUS54 KBMX 301216
CF6EET
PRELIMINARY LOCAL CLIMATOLOGICAL DATA (WS FORM: F-6)

                                          STATION:   SHELBY COUNTY AIRPORT
                                          MONTH:     SEPTEMBER
                                          YEAR:      2016
                                          LATITUDE:   33 10 N
                                          LONGITUDE:  86 47 W

  TEMPERATURE IN F:       :PCPN:    SNOW:  WIND      :SUNSHINE: SKY     :PK WND
================================================================================
1   2   3   4   5  6A  6B    7    8   9   10  11  12  13   14  15   16   17  18
                                     12Z  AVG MX 2MIN
DY MAX MIN AVG DEP HDD CDD  WTR  SNW DPTH SPD SPD DIR MIN PSBL S-S WX    SPD DR
================================================================================

 1  95  73  84   6   0  19 0.25  0.0    0  2.8 14 100   M    M   4 13     26  80
 2  92  73  83   5   0  18 0.39  0.0    0  3.5 12 240   M    M   5 18     13 310
 3  86  71  79   1   0  14    T  0.0    0  4.1 10 120   M    M   5        16 130
 4  91  70  81   3   0  16 0.00  0.0    0  4.5 13 150   M    M   2        19 150
 5  91  70  81   3   0  16 0.00  0.0    0  2.9 10 150   M    M   0        16 150
 6  93  66  80   3   0  15 0.00  0.0    0  1.7  9 160   M    M   0        15 140
 7  94  65  80   3   0  15 0.00  0.0    0  1.6  9 170   M    M   1 8      14 190
 8  94  66  80   3   0  15 0.00  0.0    0  1.9 10 180   M    M   0        15 220
 9  94  65  80   4   0  15 0.00  0.0    0  2.3 12 210   M    M   0        18 160
10  95  67  81   5   0  16 0.00  0.0    0  3.1 13 180   M    M   2        17 170
11  92  70  81   5   0  16 0.00  0.0    0  1.9 16 150   M    M   1 3      22 140
12  92  70  81   5   0  16    T  0.0    0  2.0  9 140   M    M   0        14 140
13  89  71  80   5   0  15 0.02  0.0    0  2.0 13 140   M    M   2 8      19 160
14  95  68  82   7   0  17 0.00  0.0    0  2.1 10 120   M    M   1 1      16 140
15  97  68  83   8   0  18 0.00  0.0    0  1.9 13 170   M    M   0        16 170
16  93  70  82   8   0  17 0.00  0.0    0  4.0 14 140   M    M   1        20 140
17  80  75  78   4   0  13 0.04  0.0    0  5.1 13 140   M    M   8 1      17 140
18  88  72  80   6   0  15    T  0.0    0  3.3 12 200   M    M   7 3      19 200
19  92  71  82   9   0  17    T  0.0    0  1.5  9 310   M    M   6 12     12  80
20  94  66  80   7   0  15 0.00  0.0    0  2.7  9 130   M    M   0 18     15 360
21  95  68  82   9   0  17 0.00  0.0    0  1.4  8 150   M    M   2        13 110
22  95  69  82  10   0  17 0.00  0.0    0  2.1  9 290   M    M   3        13 310
23  97  68  83  11   0  18 0.00  0.0    0  2.0 10 290   M    M   2 8      15 310
24  98  68  83  11   0  18 0.00  0.0    0  1.2 10 350   M    M   1        16 310
25  98  68  83  12   0  18 0.00  0.0    0  2.0 10 150   M    M   1        15 150
26  95  67  81  10   0  16    T  0.0    0  3.1 16 330   M    M   2        21 310
27  90  67  79   9   0  14 0.00  0.0    0  3.1  9 300   M    M   1        14 200
28  88  60  74   4   0   9 0.00  0.0    0  3.0 13 200   M    M   0        18 280
29  78  58  68  -2   0   3 0.00  0.0    0  6.1 15 300   M    M   1        21 310
================================================================================
SM 2671 1980         0 448  0.70     0.0  78.9          M       58
================================================================================
AV 92.1 68.3                               2.7 FASTST   M    M   2    MAX(MPH)
                                 MISC ---->  # 16 150               # 26   80
================================================================================
NOTES:
# LAST OF SEVERAL OCCURRENCES

COLUMN 17 PEAK WIND IN M.P.H.

PRELIMINARY LOCAL CLIMATOLOGICAL DATA (WS FORM: F-6) , PAGE 2

                                          STATION:  SHELBY COUNTY AIRPORT
                                          MONTH:    SEPTEMBER
                                          YEAR:     2016
                                          LATITUDE:   33 10 N
                                          LONGITUDE:  86 47 W

[TEMPERATURE DATA]      [PRECIPITATION DATA]       SYMBOLS USED IN COLUMN 16

AVERAGE MONTHLY: 80.2   TOTAL FOR MONTH:   0.70    1 = FOG OR MIST
DPTR FM NORMAL:   5.7   DPTR FM NORMAL:   -3.01    2 = FOG REDUCING VISIBILITY
HIGHEST:    98 ON 25,24 GRTST 24HR  0.64 ON  1- 2      TO 1/4 MILE OR LESS
LOWEST:     58 ON 29                               3 = THUNDER
                        SNOW, ICE PELLETS, HAIL    4 = ICE PELLETS
                        TOTAL MONTH:   0.0 INCH    5 = HAIL
                        GRTST 24HR     0.0         6 = FREEZING RAIN OR DRIZZLE
                        GRTST DEPTH:   0           7 = DUSTSTORM OR SANDSTORM:
                                                       VSBY 1/2 MILE OR LESS
                                                   8 = SMOKE OR HAZE
[NO. OF DAYS WITH]      [WEATHER - DAYS WITH]      9 = BLOWING SNOW
                                                   X = TORNADO
MAX 32 OR BELOW:   0    0.01 INCH OR MORE:   4
MAX 90 OR ABOVE:  23    0.10 INCH OR MORE:   2
MIN 32 OR BELOW:   0    0.50 INCH OR MORE:   0
MIN  0 OR BELOW:   0    1.00 INCH OR MORE:   0

[HDD (BASE 65) ]
TOTAL THIS MO.     0    CLEAR  (SCALE 0-3)  23
DPTR FM NORMAL    -4    PTCLDY (SCALE 4-7)   6
TOTAL FM JUL 1     0    CLOUDY (SCALE 8-10)  0
DPTR FM NORMAL    -4

[CDD (BASE 65) ]
TOTAL THIS MO.   448
DPTR FM NORMAL   166    [PRESSURE DATA]
TOTAL FM JAN 1  2332    HIGHEST SLP M ON M
DPTR FM NORMAL   452    LOWEST  SLP 29.81 ON  1

[REMARKS]
