000
CXUS54 KBMX 261216
CF6EET
PRELIMINARY LOCAL CLIMATOLOGICAL DATA (WS FORM: F-6)

                                          STATION:   SHELBY COUNTY AIRPORT
                                          MONTH:     JULY
                                          YEAR:      2017
                                          LATITUDE:   33 10 N
                                          LONGITUDE:  86 47 W

  TEMPERATURE IN F:       :PCPN:    SNOW:  WIND      :SUNSHINE: SKY     :PK WND
================================================================================
1   2   3   4   5  6A  6B    7    8   9   10  11  12  13   14  15   16   17  18
                                     12Z  AVG MX 2MIN
DY MAX MIN AVG DEP HDD CDD  WTR  SNW DPTH SPD SPD DIR MIN PSBL S-S WX    SPD DR
================================================================================

 1  89  71  80   0   0  15 0.01  0.0    0  4.5 16 290   M    M   4 3      23 300
 2  88  71  80   0   0  15 0.00  0.0    0  3.6 12 300   M    M   3 1      16 290
 3  89  71  80   0   0  15 0.00  0.0    0  3.1 10 210   M    M   2        14 320
 4  91  75  83   3   0  18 0.00  0.0    0  3.5 12 200   M    M   2 13     19 190
 5  92  75  84   4   0  19    T  0.0    0  3.8 14 310   M    M   1 3      18 300
 6  91  74  83   3   0  18 0.00  0.0    0  3.2 20 290   M    M   1 3      29 290
 7  91  74  83   3   0  18    T  0.0    0  4.3 12 300   M    M   2 1      18 210
 8  89  72  81   1   0  16    T  0.0    0  2.9 18 300   M    M   3 1      23 300
 9  91  71  81   0   0  16 0.00  0.0    0  2.7  8 350   M    M   2        13 360
10  92  69  81   0   0  16 0.00  0.0    0  1.2  8 320   M    M   1        10 310
11  89  73  81   0   0  16 0.00  0.0    0  3.1 17 190   M    M   3 138    23 210
12  92  72  82   1   0  17 0.00  0.0    0  2.8 15 160   M    M   1 3      21 160
13  93  73  83   2   0  18 0.00  0.0    0  2.5  9 190   M    M   2        12 180
14  94  74  84   3   0  19 0.63  0.0    0  4.2 14 310   M    M   3 13     17 310
15  92  73  83   2   0  18 0.49  0.0    0  2.1 14 300   M    M   5 13     21 330
16  89  72  81   0   0  16 1.42  0.0    0  1.4 12 170   M    M   5 13     15 160
17  91  72  82   1   0  17 0.00  0.0    0  2.0 13 160   M    M   4 13     17 160
18  90  70  80  -1   0  15 0.00  0.0    0  1.5  9 160   M    M   4 12     13 160
19  94  74  84   3   0  19 0.00  0.0    0  2.0 10 310   M    M   2 1      15 310
20  94  74  84   3   0  19 0.00  0.0    0  2.2  9 350   M    M   1 13     15  30
21  95  76  86   5   0  21 0.00  0.0    0  1.6 14 310   M    M   2 13     19 310
22  93  73  83   2   0  18    T  0.0    0  2.4  9 200   M    M   2 13     12 310
23  92  74  83   2   0  18 0.00  0.0    0  3.6 12 190   M    M   2 1      16 220
24  89  74  82   1   0  17    T  0.0    0  3.6 13 300   M    M   5 13     17 290
25  90  75  83   2   0  18 0.00  0.0    0  1.6  8 200   M    M   3 1      10 190
================================================================================
SM 2280 1822         0 432  2.55     0.0  69.4          M       65
================================================================================
AV 91.2 72.9                               2.8 FASTST   M    M   3    MAX(MPH)
                                 MISC ---->  # 20 290               # 29  290
================================================================================
NOTES:
# LAST OF SEVERAL OCCURRENCES

COLUMN 17 PEAK WIND IN M.P.H.

PRELIMINARY LOCAL CLIMATOLOGICAL DATA (WS FORM: F-6) , PAGE 2

                                          STATION:  SHELBY COUNTY AIRPORT
                                          MONTH:    JULY
                                          YEAR:     2017
                                          LATITUDE:   33 10 N
                                          LONGITUDE:  86 47 W

[TEMPERATURE DATA]      [PRECIPITATION DATA]       SYMBOLS USED IN COLUMN 16

AVERAGE MONTHLY: 82.0   TOTAL FOR MONTH:   2.55    1 = FOG OR MIST
DPTR FM NORMAL:   1.4   DPTR FM NORMAL:   -1.29    2 = FOG REDUCING VISIBILITY
HIGHEST:    95 ON 21    GRTST 24HR  1.91 ON 15-16      TO 1/4 MILE OR LESS
LOWEST:     69 ON 10                               3 = THUNDER
                        SNOW, ICE PELLETS, HAIL    4 = ICE PELLETS
                        TOTAL MONTH:   0.0 INCH    5 = HAIL
                        GRTST 24HR     0.0         6 = FREEZING RAIN OR DRIZZLE
                        GRTST DEPTH:   0           7 = DUSTSTORM OR SANDSTORM:
                                                       VSBY 1/2 MILE OR LESS
                                                   8 = SMOKE OR HAZE
[NO. OF DAYS WITH]      [WEATHER - DAYS WITH]      9 = BLOWING SNOW
                                                   X = TORNADO
MAX 32 OR BELOW:   0    0.01 INCH OR MORE:   4
MAX 90 OR ABOVE:  18    0.10 INCH OR MORE:   3
MIN 32 OR BELOW:   0    0.50 INCH OR MORE:   2
MIN  0 OR BELOW:   0    1.00 INCH OR MORE:   1

[HDD (BASE 65) ]
TOTAL THIS MO.     0    CLEAR  (SCALE 0-3)  19
DPTR FM NORMAL     0    PTCLDY (SCALE 4-7)   6
TOTAL FM JUL 1     0    CLOUDY (SCALE 8-10)  0
DPTR FM NORMAL     0

[CDD (BASE 65) ]
TOTAL THIS MO.   432
DPTR FM NORMAL    40    [PRESSURE DATA]
TOTAL FM JAN 1  1217    HIGHEST SLP M ON M
DPTR FM NORMAL   182    LOWEST  SLP 29.87 ON 23

[REMARKS]
