000
CXUS55 KCTP 200700
CF6IPT
PRELIMINARY LOCAL CLIMATOLOGICAL DATA (WS FORM: F-6)

                                          STATION:   WILLIAMSPORT PA
                                          MONTH:     AUGUST
                                          YEAR:      2017
                                          LATITUDE:   41 15 N
                                          LONGITUDE:  76 55 W

  TEMPERATURE IN F:       :PCPN:    SNOW:  WIND      :SUNSHINE: SKY     :PK WND
================================================================================
1   2   3   4   5  6A  6B    7    8   9   10  11  12  13   14  15   16   17  18
                                     12Z  AVG MX 2MIN
DY MAX MIN AVG DEP HDD CDD  WTR  SNW DPTH SPD SPD DIR MIN PSBL S-S WX    SPD DR
================================================================================

 1  90  63  77   4   0  12 0.00  0.0    0  4.0 20 340   M    M   1 3      25 340
 2  88  64  76   3   0  11 2.46  0.0    0  4.5 23 290   M    M   2 13     35 340
 3  84  63  74   2   0   9    T  0.0    0  2.3 10 250   M    M   5 12     12 250
 4  86  67  77   5   0  12 1.56  0.0    0  7.6 28 260   M    M   5 13     35 260
 5  79  58  69  -3   0   4    T  0.0    0  8.8 21 270   M    M   5        26 260
 6  79  54  67  -5   0   2 0.00  0.0    0  4.1 13 170   M    M   1        17 180
 7  68  63  66  -6   0   1 0.16  0.0    0  3.5 12  90   M    M   9 1      14  90
 8  83  59  71  -1   0   6 0.00  0.0    0  5.6 16 340   M    M   5 1      23 350
 9  82  55  69  -3   0   4 0.00  0.0    0  3.2  9 180   M    M   2        12 200
10  82  58  70  -2   0   5    T  0.0    0  3.2 14 210   M    M   3 128    22 150
11  81  64  73   1   0   8 0.05  0.0    0  4.7 20 170   M    M   7 1      26 180
12  81  67  74   2   0   9 0.20  0.0    0  3.8 13 180   M    M   6 13     19 170
13  83  62  73   1   0   8 0.00  0.0    0  5.2 12 250   M    M   3        17 300
14  77  58  68  -4   0   3 0.01  0.0    0  3.2 13 180   M    M   5 1      18 180
15  83  68  76   4   0  11 0.01  0.0    0  3.6 15  50   M    M   6 1      20  50
16  87  65  76   5   0  11 0.00  0.0    0  3.0 10  10   M    M   4 1      14 310
17  88  60  74   3   0   9    T  0.0    0  6.4 21 160   M    M   2        27 150
18  86  70  78   7   0  13 0.37  0.0    0  3.4 17 160   M    M   6 1      23 160
19  85  65  75   4   0  10 0.01  0.0    0  6.9 25 270   M    M   4 123    32 260
================================================================================
SM 1572 1183         0 148  4.83     0.0  87.0          M       81
================================================================================
AV 82.7 62.3                               4.6 FASTST   M    M   4    MAX(MPH)
                                 MISC ---->  # 28 260               # 35  340
================================================================================
NOTES:
# LAST OF SEVERAL OCCURRENCES

COLUMN 17 PEAK WIND IN M.P.H.

PRELIMINARY LOCAL CLIMATOLOGICAL DATA (WS FORM: F-6) , PAGE 2

                                          STATION:  WILLIAMSPORT PA
                                          MONTH:    AUGUST
                                          YEAR:     2017
                                          LATITUDE:   41 15 N
                                          LONGITUDE:  76 55 W

[TEMPERATURE DATA]      [PRECIPITATION DATA]       SYMBOLS USED IN COLUMN 16

AVERAGE MONTHLY: 72.5   TOTAL FOR MONTH:   4.83    1 = FOG OR MIST
DPTR FM NORMAL:   0.6   DPTR FM NORMAL:    2.43    2 = FOG REDUCING VISIBILITY
HIGHEST:    90 ON  1    GRTST 24HR  2.46 ON  2- 2      TO 1/4 MILE OR LESS
LOWEST:     54 ON  6                               3 = THUNDER
                        SNOW, ICE PELLETS, HAIL    4 = ICE PELLETS
                        TOTAL MONTH:   0.0 INCH    5 = HAIL
                        GRTST 24HR     0.0         6 = FREEZING RAIN OR DRIZZLE
                        GRTST DEPTH:   0           7 = DUSTSTORM OR SANDSTORM:
                                                       VSBY 1/2 MILE OR LESS
                                                   8 = SMOKE OR HAZE
[NO. OF DAYS WITH]      [WEATHER - DAYS WITH]      9 = BLOWING SNOW
                                                   X = TORNADO
MAX 32 OR BELOW:   0    0.01 INCH OR MORE:   9
MAX 90 OR ABOVE:   1    0.10 INCH OR MORE:   5
MIN 32 OR BELOW:   0    0.50 INCH OR MORE:   2
MIN  0 OR BELOW:   0    1.00 INCH OR MORE:   2

[HDD (BASE 65) ]
TOTAL THIS MO.     0    CLEAR  (SCALE 0-3)   7
DPTR FM NORMAL     0    PTCLDY (SCALE 4-7)  11
TOTAL FM JUL 1     0    CLOUDY (SCALE 8-10)  1
DPTR FM NORMAL    -4

[CDD (BASE 65) ]
TOTAL THIS MO.   148
DPTR FM NORMAL    12    [PRESSURE DATA]
TOTAL FM JAN 1   694    HIGHEST SLP M ON M
DPTR FM NORMAL   125    LOWEST  SLP 29.70 ON 18

[REMARKS]
