000
CXUS51 KCTP 010800
CF6AOO
PRELIMINARY LOCAL CLIMATOLOGICAL DATA (WS FORM: F-6)
STATION: ALTOONA
MONTH: SEPTEMBER
YEAR: 2023
LATITUDE: 40 17 N
LONGITUDE: 78 19 W
TEMPERATURE IN F: :PCPN: SNOW: WIND :SUNSHINE: SKY :PK WND
================================================================================
1 2 3 4 5 6A 6B 7 8 9 10 11 12 13 14 15 16 17 18
12Z AVG MX 2MIN
DY MAX MIN AVG DEP HDD CDD WTR SNW DPTH SPD SPD DIR MIN PSBL S-S WX SPD DR
================================================================================
1 77 44 61 -7 4 0 0.00 M M 1.4 8 110 M M 0 12 11 80
2 84 48 66 -2 0 1 0.00 M M 3.0 10 290 M M 0 1 15 290
3 88 62 75 7 0 10 0.00 M M 5.6 15 280 M M 1 22 290
4 88 66 77 10 0 12 0.00 M M 6.0 16 290 M M 2 22 290
5 89 63 76 9 0 11 0.00 M M 3.9 13 350 M M 1 1 17 310
6 91 62 77 10 0 12 0.00 M M 2.6 10 310 M M 1 1 13 310
7 83 64 74 7 0 9 0.08 M M 1.9 12 260 M M 3 138 19 250
8 79 63 71 5 0 6 0.09 M M 2.4 9 320 M M 4 13 13 320
9 83 63 73 7 0 8 0.31 M M 3.5 18 170 M M 8 123 25 180
10 77 63 70 4 0 5 0.10 M M 1.7 8 160 M M 8 1 11 170
11 80 56 68 3 0 3 0.01 M M 4.0 12 300 M M 5 1 17 320
12 81 53 67 2 0 2 0.22 M M 3.1 15 300 M M 3 1 24 310
13 75 54 65 0 0 0 T M M 5.5 14 320 M M 5 1 20 270
14 71 48 60 -4 5 0 0.00 M M 4.4 13 340 M M 2 1 17 360
15 72 42 57 -7 8 0 0.00 M M 3.8 12 350 M M 0 1 15 10
16 77 42 60 -4 5 0 0.00 M M 2.7 10 290 M M 0 1 15 340
17 60 46 53 -10 12 0 0.20 M M 1.2 8 360 M M 7 1 10 360
18 71 52 62 -1 3 0 0.02 M M 4.8 17 310 M M 6 128 26 310
19 71 48 60 -3 5 0 0.00 M M 6.6 17 310 M M 4 24 310
20 74 46 60 -2 5 0 0.00 M M 2.6 12 300 M M 3 1 16 310
21 75 45 60 -2 5 0 0.00 M M 2.5 9 30 M M 2 12 14 360
22 69 42 56 -6 9 0 0.00 M M 4.4 13 90 M M 3 12 18 60
23 56 52 54 -7 11 0 0.41 M M 8.5 14 10 M M 8 1 21 20
24 63 54 59 -2 6 0 0.36 M M 7.5 13 10 M M 10 1 17 10
25 66 56 61 1 4 0 0.06 M M 4.7 12 70 M M 10 18 19 70
26 56 53 55 -5 10 0 0.18 M M 5.7 12 80 M M 10 1 16 90
27 67 46 57 -3 8 0 0.00 M M 5.0 12 120 M M 5 17 120
28 68 43 56 -3 9 0 0.00 M M 3.5 10 150 M M 3 16 150
29 65 57 61 2 4 0 0.00 M M 1.4 8 10 M M 10 1 11 20
30 76 53 65 6 0 0 0.00 M M 2.2 12 80 M M 6 1 17 20
================================================================================
SM 2232 1586 113 79 2.04 M 116.1 M 130
================================================================================
AV 74.4 52.9 3.9 FASTST M M 4 MAX(MPH)
MISC ----> 18 170 26 310
================================================================================
NOTES:
# LAST OF SEVERAL OCCURRENCES
COLUMN 17 PEAK WIND IN M.P.H.
PRELIMINARY LOCAL CLIMATOLOGICAL DATA (WS FORM: F-6) , PAGE 2
STATION: ALTOONA
MONTH: SEPTEMBER
YEAR: 2023
LATITUDE: 40 17 N
LONGITUDE: 78 19 W
[TEMPERATURE DATA] [PRECIPITATION DATA] SYMBOLS USED IN COLUMN 16
AVERAGE MONTHLY: 63.6 TOTAL FOR MONTH: 2.04 1 = FOG OR MIST
DPTR FM NORMAL: -0.1 DPTR FM NORMAL: -1.92 2 = FOG REDUCING VISIBILITY
HIGHEST: 91 ON 6 GRTST 24HR 0.62 ON 23-24 TO 1/4 MILE OR LESS
LOWEST: 42 ON 22,16 3 = THUNDER
SNOW, ICE PELLETS, HAIL 4 = ICE PELLETS
TOTAL MONTH: M 5 = HAIL
GRTST 24HR M ON M 6 = FREEZING RAIN OR DRIZZLE
GRTST DEPTH: M ON M 7 = DUSTSTORM OR SANDSTORM:
VSBY 1/2 MILE OR LESS
8 = SMOKE OR HAZE
[NO. OF DAYS WITH] [WEATHER - DAYS WITH] 9 = BLOWING SNOW
X = TORNADO
MAX 32 OR BELOW: 0 0.01 INCH OR MORE: 12
MAX 90 OR ABOVE: 1 0.10 INCH OR MORE: 7
MIN 32 OR BELOW: 0 0.50 INCH OR MORE: 0
MIN 0 OR BELOW: 0 1.00 INCH OR MORE: 0
[HDD (BASE 65) ]
TOTAL THIS MO. 113 CLEAR (SCALE 0-3) 14
DPTR FM NORMAL 5 PTCLDY (SCALE 4-7) 12
TOTAL FM JUL 1 122 CLOUDY (SCALE 8-10) 4
DPTR FM NORMAL -2
[CDD (BASE 65) ]
TOTAL THIS MO. 79
DPTR FM NORMAL 10 [PRESSURE DATA]
TOTAL FM JAN 1 595 HIGHEST SLP 30.37 ON 22
DPTR FM NORMAL -87 LOWEST SLP 29.78 ON 7
[REMARKS]
#FINAL-09-23#