000
CXUS54 KLIX 010810
CF6BTR
PRELIMINARY LOCAL CLIMATOLOGICAL DATA (WS FORM: F-6)
STATION: BATON ROUGE
MONTH: MAY
YEAR: 2023
LATITUDE: 30 31 N
LONGITUDE: 91 9 W
TEMPERATURE IN F: :PCPN: SNOW: WIND :SUNSHINE: SKY :PK WND
================================================================================
1 2 3 4 5 6A 6B 7 8 9 10 11 12 13 14 15 16 17 18
12Z AVG MX 2MIN
DY MAX MIN AVG DEP HDD CDD WTR SNW DPTH SPD SPD DIR MIN PSBL S-S WX SPD DR
================================================================================
1 81 56 69 -3 0 4 0.00 0.0 M 3.8 14 290 M M 0 19 320
2 84 53 69 -3 0 4 0.00 0.0 M 4.1 13 310 M M 0 18 280
3 86 58 72 0 0 7 0.00 0.0 M 3.7 12 360 M M 0 21 10
4 88 56 72 0 0 7 0.00 0.0 M 4.7 10 180 M M 0 15 190
5 88 68 78 5 0 13 2.63 0.0 M 7.4 17 270 M M 7 13 26 350
6 77 67 72 -1 0 7 1.29 0.0 M 5.2 32 270 M M 8 13 51 270
7 88 67 78 5 0 13 0.00 0.0 M 8.2 16 150 M M 2 21 160
8 86 72 79 5 0 14 T 0.0 M 5.4 14 190 M M 6 13 18 150
9 86 72 79 5 0 14 0.14 0.0 M 6.1 18 170 M M 5 13 24 170
10 86 71 79 5 0 14 0.01 0.0 M 7.1 16 170 M M 4 1 21 180
11 91 72 82 8 0 17 T 0.0 M 10.2 22 180 M M 5 3 28 190
12 92 74 83 9 0 18 T 0.0 M 9.1 18 160 M M 6 3 23 120
13 91 73 82 7 0 17 0.00 0.0 M 8.0 16 110 M M 3 1 20 150
14 93 72 83 8 0 18 0.00 0.0 M 5.1 13 110 M M 4 12 19 150
15 94 71 83 8 0 18 0.01 0.0 M 3.6 22 80 M M 2 13 30 80
16 91 69 80 4 0 15 T 0.0 M 4.5 15 290 M M 1 1 20 280
17 86 72 79 3 0 14 0.21 0.0 M 4.8 30 210 M M 2 13 39 210
18 88 69 79 3 0 14 0.00 0.0 M 2.7 12 280 M M 3 1 16 280
19 93 68 81 5 0 16 0.00 0.0 M 2.3 9 240 M M 1 14 260
20 93 73 83 7 0 18 T 0.0 M 6.6 18 270 M M 1 1 26 260
21 83 70 77 0 0 12 0.00 0.0 M 6.3 12 350 M M 6 17 360
22 87 67 77 0 0 12 0.00 0.0 M 4.0 10 320 M M 2 15 300
23 90 67 79 2 0 14 0.00 0.0 M 4.6 14 70 M M 2 19 70
24 87 68 78 0 0 13 0.00 0.0 M 8.0 16 40 M M 4 23 40
25 88 66 77 -1 0 12 0.00 0.0 M 6.9 17 60 M M 2 22 10
26 89 65 77 -1 0 12 0.00 0.0 M 4.5 13 10 M M 2 21 20
27 88 65 77 -1 0 12 0.00 0.0 M 5.3 13 120 M M 1 20 80
28 91 64 78 0 0 13 0.00 0.0 M 4.6 15 180 M M 4 23 180
29 91 71 81 3 0 16 0.28 0.0 M 2.6 9 240 M M 5 12 40
30 91 70 81 2 0 16 T 0.0 M 4.1 13 180 M M 2 1 16 170
31 93 68 81 2 0 16 0.00 0.0 M 3.1 12 40 M M 2 16 50
================================================================================
SM 2740 2094 0 410 4.57 0.0 166.6 M 92
================================================================================
AV 88.4 67.5 5.4 FASTST M M 3 MAX(MPH)
MISC ----> 32 270 51 270
================================================================================
NOTES:
# LAST OF SEVERAL OCCURRENCES
COLUMN 17 PEAK WIND IN M.P.H.
PRELIMINARY LOCAL CLIMATOLOGICAL DATA (WS FORM: F-6) , PAGE 2
STATION: BATON ROUGE
MONTH: MAY
YEAR: 2023
LATITUDE: 30 31 N
LONGITUDE: 91 9 W
[TEMPERATURE DATA] [PRECIPITATION DATA] SYMBOLS USED IN COLUMN 16
AVERAGE MONTHLY: 78.0 TOTAL FOR MONTH: 4.57 1 = FOG OR MIST
DPTR FM NORMAL: 2.5 DPTR FM NORMAL: -0.66 2 = FOG REDUCING VISIBILITY
HIGHEST: 94 ON 15 GRTST 24HR 2.63 ON 5- 5 TO 1/4 MILE OR LESS
LOWEST: 53 ON 2 3 = THUNDER
SNOW, ICE PELLETS, HAIL 4 = ICE PELLETS
TOTAL MONTH: 0.0 INCH 5 = HAIL
GRTST 24HR 0.0 6 = FREEZING RAIN OR DRIZZLE
GRTST DEPTH: M ON M 7 = DUSTSTORM OR SANDSTORM:
VSBY 1/2 MILE OR LESS
8 = SMOKE OR HAZE
[NO. OF DAYS WITH] [WEATHER - DAYS WITH] 9 = BLOWING SNOW
X = TORNADO
MAX 32 OR BELOW: 0 0.01 INCH OR MORE: 7
MAX 90 OR ABOVE: 13 0.10 INCH OR MORE: 5
MIN 32 OR BELOW: 0 0.50 INCH OR MORE: 2
MIN 0 OR BELOW: 0 1.00 INCH OR MORE: 2
[HDD (BASE 65) ]
TOTAL THIS MO. 0 CLEAR (SCALE 0-3) 18
DPTR FM NORMAL -4 PTCLDY (SCALE 4-7) 13
TOTAL FM JUL 1 1104 CLOUDY (SCALE 8-10) 0
DPTR FM NORMAL -427
[CDD (BASE 65) ]
TOTAL THIS MO. 410
DPTR FM NORMAL 82 [PRESSURE DATA]
TOTAL FM JAN 1 913 HIGHEST SLP M ON M
DPTR FM NORMAL 341 LOWEST SLP 29.78 ON 17
[REMARKS]
#FINAL-05-23#