000
CXUS52 KMFL 011000
CF6MIA
PRELIMINARY LOCAL CLIMATOLOGICAL DATA (WS FORM: F-6)
STATION: MIAMI
MONTH: APRIL
YEAR: 2020
LATITUDE: 25 49 N
LONGITUDE: 80 17 W
TEMPERATURE IN F: :PCPN: SNOW: WIND :SUNSHINE: SKY :PK WND
================================================================================
1 2 3 4 5 6A 6B 7 8 9 10 11 12 13 14 15 16 17 18
12Z AVG MX 2MIN
DY MAX MIN AVG DEP HDD CDD WTR SNW DPTH SPD SPD DIR MIN PSBL S-S WX SPD DR
================================================================================
1 88 72 80 6 0 15 0.12 0.0 0 8.8 22 270 M M 5 1 29 260
2 81 67 74 0 0 9 0.00 0.0 0 6.1 16 110 M M 3 25 120
3 83 71 77 3 0 12 0.00 0.0 0 6.1 16 90 M M 4 22 120
4 85 72 79 5 0 14 0.00 0.0 0 5.1 15 110 M M 7 23 160
5 84 72 78 4 0 13 T 0.0 0 5.8 14 140 M M 7 25 160
6 87 74 81 6 0 16 T 0.0 0 8.2 21 80 M M 9 24 70
7 87 76 82 7 0 17 0.00 0.0 0 9.3 16 100 M M 6 22 110
8 92 75 84 9 0 19 0.00 0.0 0 6.6 16 200 M M 3 22 200
9 94 74 84 9 0 19 0.00 0.0 0 8.6 17 250 M M 3 23 270
10 95 75 85 10 0 20 0.00 0.0 0 8.6 16 250 M M 4 1 23 240
11 86 73 80 5 0 15 1.38 0.0 0 10.4 22 80 M M 8 13 25 110
12 88 78 83 8 0 18 0.00 0.0 0 14.3 22 110 M M 7 30 140
13 89 80 85 10 0 20 0.00 0.0 0 11.7 18 160 M M 6 27 170
14 91 79 85 9 0 20 0.00 0.0 0 9.2 16 130 M M 3 23 150
15 93 80 87 11 0 22 T 0.0 0 9.1 17 190 M M 3 22 200
16 91 77 84 8 0 19 0.00 0.0 0 6.9 17 50 M M 6 24 150
17 88 78 83 7 0 18 T 0.0 0 10.4 17 130 M M 7 23 130
18 93 76 85 9 0 20 T 0.0 0 6.1 21 330 M M 4 30 330
19 91 75 83 7 0 18 0.00 0.0 0 7.4 20 130 M M 2 25 140
20 97 80 89 13 0 24 0.00 0.0 0 12.8 25 220 M M 7 36 200
21 94 75 85 9 0 20 0.00 0.0 0 7.4 15 260 M M 5 23 270
22 90 70 80 3 0 15 0.00 0.0 0 8.3 20 90 M M 5 27 100
23 88 79 84 7 0 19 0.00 0.0 0 13.8 22 130 M M 7 31 120
24 95 79 87 10 0 22 T 0.0 0 12.3 21 330 M M 8 29 320
25 92 77 85 8 0 20 0.02 0.0 0 7.9 17 90 M M 10 3 23 220
26 87 68 78 1 0 13 1.37 0.0 0 5.1 26 330 M M 9 13 38 340
27 87 71 79 2 0 14 0.00 0.0 0 7.3 14 70 M M 5 23 50
28 83 70 77 0 0 12 0.00 0.0 0 9.9 20 100 M M 4 24 80
29 87 74 81 3 0 16 0.00 0.0 0 11.7 20 130 M M 4 25 150
30 88 71 80 2 0 15 0.97 0.0 0 7.7 33 270 M M 7 13 43 260
================================================================================
SM 2674 2238 0 514 3.86 0.0 262.9 M 168
================================================================================
AV 89.1 74.6 8.8 FASTST M M 6 MAX(MPH)
MISC ----> # 33 270 # 43 260
================================================================================
NOTES:
# LAST OF SEVERAL OCCURRENCES
COLUMN 17 PEAK WIND IN M.P.H.
PRELIMINARY LOCAL CLIMATOLOGICAL DATA (WS FORM: F-6) , PAGE 2
STATION: MIAMI
MONTH: APRIL
YEAR: 2020
LATITUDE: 25 49 N
LONGITUDE: 80 17 W
[TEMPERATURE DATA] [PRECIPITATION DATA] SYMBOLS USED IN COLUMN 16
AVERAGE MONTHLY: 81.9 TOTAL FOR MONTH: 3.86 1 = FOG OR MIST
DPTR FM NORMAL: 6.1 DPTR FM NORMAL: 0.72 2 = FOG REDUCING VISIBILITY
HIGHEST: 97 ON 20 GRTST 24HR 1.38 ON 11-11 TO 1/4 MILE OR LESS
LOWEST: 67 ON 2 3 = THUNDER
SNOW, ICE PELLETS, HAIL 4 = ICE PELLETS
TOTAL MONTH: 0.0 INCH 5 = HAIL
GRTST 24HR 0.0 6 = FREEZING RAIN OR DRIZZLE
GRTST DEPTH: 0 7 = DUSTSTORM OR SANDSTORM:
VSBY 1/2 MILE OR LESS
8 = SMOKE OR HAZE
[NO. OF DAYS WITH] [WEATHER - DAYS WITH] 9 = BLOWING SNOW
X = TORNADO
MAX 32 OR BELOW: 0 0.01 INCH OR MORE: 5
MAX 90 OR ABOVE: 13 0.10 INCH OR MORE: 4
MIN 32 OR BELOW: 0 0.50 INCH OR MORE: 3
MIN 0 OR BELOW: 0 1.00 INCH OR MORE: 2
[HDD (BASE 65) ]
TOTAL THIS MO. 0 CLEAR (SCALE 0-3) 4
DPTR FM NORMAL -1 PTCLDY (SCALE 4-7) 22
TOTAL FM JUL 1 42 CLOUDY (SCALE 8-10) 4
DPTR FM NORMAL -86
[CDD (BASE 65) ]
TOTAL THIS MO. 514
DPTR FM NORMAL 190 [PRESSURE DATA]
TOTAL FM JAN 1 1382 HIGHEST SLP 30.17 ON 28
DPTR FM NORMAL 489 LOWEST SLP 29.74 ON 1
[REMARKS]
#FINAL-04-20#