000
CXUS54 KEWX 011010
CF6PEZ
PRELIMINARY LOCAL CLIMATOLOGICAL DATA (WS FORM: F-6)
STATION: PLEASANTON MUNICIPAL AIRPORT
MONTH: SEPTEMBER
YEAR: 2021
LATITUDE: 28 57 N
LONGITUDE: 98 31 W
TEMPERATURE IN F: :PCPN: SNOW: WIND :SUNSHINE: SKY :PK WND
================================================================================
1 2 3 4 5 6A 6B 7 8 9 10 11 12 13 14 15 16 17 18
12Z AVG MX 2MIN
DY MAX MIN AVG DEP HDD CDD WTR SNW DPTH SPD SPD DIR MIN PSBL S-S WX SPD DR
================================================================================
1 100 79 90 M 0 25 0.00 M M 6.2 12 140 M M 3 1 18 170
2 101 78 90 M 0 25 0.00 M M 6.1 12 130 M M 4 1 21 130
3 98 77 88 M 0 23 0.00 M M 5.9 13 140 M M 2 22 120
4 101 75 88 M 0 23 0.00 M M 6.1 10 150 M M 3 17 140
5 102 72 87 M 0 22 0.00 M M 3.3 8 190 M M 1 M M
6 102 74 88 M 0 23 0.00 M M 2.4 14 20 M M 1 1 23 20
7 100 74 87 M 0 22 0.12 M M 1.7 13 160 M M 1 21 160
8 100 72 86 M 0 21 0.00 M M 2.9 10 60 M M 1 17 360
9 99 67 83 M 0 18 0.00 M M 3.8 14 20 M M 0 22 30
10 97 66 82 M 0 17 0.00 M M 2.5 8 50 M M 1 M M
11 95 65 80 M 0 15 0.00 M M 4.3 12 90 M M 0 18 90
12 95 72 84 M 0 19 0.00 M M 3.1 14 150 M M 2 21 150
13 88 74 81 M 0 16 0.01 M M 7.4 15 90 M M 7 21 90
14 97 68 83 M 0 18 0.00 M M 5.7 9 30 M M 1 20 30
15 90 68 79 M 0 14 0.00 M M 5.9 13 60 M M 3 20 60
16 95 67 81 M 0 16 0.00 M M 1.9 9 60 M M 1 M M
17 101 71 86 M 0 21 0.00 M M 3.5 10 160 M M 0 18 190
18 100 76 88 M 0 23 0.00 M M 4.1 12 50 M M 3 17 50
19 101 71 86 M 0 21 0.00 M M 2.2 9 160 M M 1 21 140
20 103 73 88 M 0 23 0.00 M M 5.2 12 140 M M 1 12 20 130
21 101 80 91 M 0 26 0.00 M M 6.3 16 40 M M 5 25 40
22 89 57 73 M 0 8 0.00 M M 8.7 16 50 M M 2 25 30
23 91 53 72 M 0 7 0.00 M M 2.1 6 140 M M 0 M M
24 91 53 72 M 0 7 0.00 M M 3.3 10 70 M M 0 23 70
25 92 58 75 M 0 10 0.00 M M 2.9 12 60 M M 0 18 60
26 92 56 74 M 0 9 0.00 M M 3.5 13 160 M M 0 18 130
27 96 65 81 M 0 16 0.00 M M 3.0 8 160 M M 1 18 120
28 100 76 88 M 0 23 0.00 M M 5.7 13 140 M M 5 20 160
29 92 68 80 M 0 15 0.39 M M 7.6 13 110 M M 4 3 24 80
30 97 75 86 M 0 21 0.00 M M 4.4 18 110 M M 6 1 23 110
================================================================================
SM 2906 2080 0 547 0.52 M 131.8 M 59
================================================================================
AV 96.9 69.3 4.4 FASTST M M 2 MAX(MPH)
MISC ----> 18 110 # 25 40
================================================================================
NOTES:
# LAST OF SEVERAL OCCURRENCES
COLUMN 17 PEAK WIND IN M.P.H.
PRELIMINARY LOCAL CLIMATOLOGICAL DATA (WS FORM: F-6) , PAGE 2
STATION: PLEASANTON MUNICIPAL AIRPORT
MONTH: SEPTEMBER
YEAR: 2021
LATITUDE: 28 57 N
LONGITUDE: 98 31 W
[TEMPERATURE DATA] [PRECIPITATION DATA] SYMBOLS USED IN COLUMN 16
AVERAGE MONTHLY: 83.1 TOTAL FOR MONTH: 0.52 1 = FOG OR MIST
DPTR FM NORMAL: 0.0 DPTR FM NORMAL: M 2 = FOG REDUCING VISIBILITY
HIGHEST: 103 ON 20 GRTST 24HR 0.39 ON 29-29 TO 1/4 MILE OR LESS
LOWEST: 53 ON 24,23 3 = THUNDER
SNOW, ICE PELLETS, HAIL 4 = ICE PELLETS
TOTAL MONTH: M 5 = HAIL
GRTST 24HR M ON M 6 = FREEZING RAIN OR DRIZZLE
GRTST DEPTH: M ON M 7 = DUSTSTORM OR SANDSTORM:
VSBY 1/2 MILE OR LESS
8 = SMOKE OR HAZE
[NO. OF DAYS WITH] [WEATHER - DAYS WITH] 9 = BLOWING SNOW
X = TORNADO
MAX 32 OR BELOW: 0 0.01 INCH OR MORE: 3
MAX 90 OR ABOVE: 28 0.10 INCH OR MORE: 2
MIN 32 OR BELOW: 0 0.50 INCH OR MORE: 0
MIN 0 OR BELOW: 0 1.00 INCH OR MORE: 0
[HDD (BASE 65) ]
TOTAL THIS MO. 0 CLEAR (SCALE 0-3) 21
DPTR FM NORMAL M PTCLDY (SCALE 4-7) 9
TOTAL FM JUL 1 0 CLOUDY (SCALE 8-10) 0
DPTR FM NORMAL M
[CDD (BASE 65) ]
TOTAL THIS MO. 547
DPTR FM NORMAL M [PRESSURE DATA]
TOTAL FM JAN 1 2944 HIGHEST SLP M ON M
DPTR FM NORMAL M LOWEST SLP M ON M
[REMARKS]
#FINAL-09-21#