000
CXUS56 KPQR 011301
CF6TTD
PRELIMINARY LOCAL CLIMATOLOGICAL DATA (WS FORM: F-6)
STATION: TROUTDALE OR
MONTH: NOVEMBER
YEAR: 2023
LATITUDE: 45 33 N
LONGITUDE: 122 25 W
TEMPERATURE IN F: :PCPN: SNOW: WIND :SUNSHINE: SKY :PK WND
================================================================================
1 2 3 4 5 6A 6B 7 8 9 10 11 12 13 14 15 16 17 18
12Z AVG MX 2MIN
DY MAX MIN AVG DEP HDD CDD WTR SNW DPTH SPD SPD DIR MIN PSBL S-S WX SPD DR
================================================================================
1 54 47 51 0 14 0 0.76 M M 16.9 28 90 M M 9 1 34 90
2 68 49 59 9 6 0 0.11 M M 9.1 29 90 M M 9 1 36 100
3 64 44 54 4 11 0 0.49 M M 8.4 24 90 M M 7 12 29 90
4 67 49 58 8 7 0 0.88 M M 6.1 22 80 M M 9 123 28 80
5 63 46 55 5 10 0 0.68 M M 5.4 16 90 M M 8 12 24 90
6 60 52 56 7 9 0 0.63 M M 9.8 21 200 M M 9 1 31 230
7 59 47 53 4 12 0 0.43 M M 5.5 18 220 M M 8 1 24 230
8 57 39 48 -1 17 0 0.00 M M 1.0 9 250 M M 5 12 12 240
9 53 42 48 -1 17 0 0.22 M M 10.6 24 80 M M 4 1 32 90
10 57 48 53 5 12 0 0.02 M M 3.2 10 210 M M 10 1 13 220
11 57 47 52 4 13 0 0.21 M M 10.3 26 200 M M 8 1 35 180
12 57 46 52 4 13 0 0.17 M M 13.2 24 90 M M 5 1 31 90
13 58 41 50 2 15 0 0.05 M M 0.8 5 20 M M 6 1 7 70
14 58 40 49 2 16 0 T M M 2.9 13 90 M M 2 15 100
15 52 45 49 2 16 0 0.02 M M 4.6 14 80 M M 10 8 19 90
16 53 42 48 1 17 0 0.00 M M 7.6 23 90 M M 5 8 30 90
17 57 46 52 5 13 0 0.00 M M 18.8 26 90 M M 0 33 90
18 54 47 51 5 14 0 0.47 M M 17.8 28 80 M M 5 38 90
19 59 38 49 3 16 0 0.08 M M 6.3 18 220 M M 7 128 22 230
20 57 38 48 2 17 0 0.00 M M 12.7 26 90 M M 2 128 35 90
21 57 49 53 7 12 0 0.03 M M 18.8 30 90 M M 2 40 90
22 56 47 52 6 13 0 0.27 M M 1.0 8 90 M M 10 18 10 90
23 56 34 45 0 20 0 0.00 M M 2.0 8 250 M M 5 18 11 330
24 58 33 46 1 19 0 0.00 M M 1.9 16 90 M M 4 128 20 90
25 55 38 47 2 18 0 0.00 M M 17.1 26 90 M M 0 35 90
26 52 44 48 4 17 0 0.00 M M 23.8 30 90 M M 0 40 90
27 48 42 45 1 20 0 0.00 M M 22.8 31 90 M M 0 38 90
28 47 40 44 0 21 0 0.00 M M 16.8 25 80 M M 0 32 80
29 44 38 41 -3 24 0 0.00 M M 11.2 21 80 M M 7 27 80
30 43 37 40 -4 25 0 0.33 M M 14.5 24 80 M M 9 1 31 90
================================================================================
SM 1680 1295 454 0 5.85 M 300.9 M 165
================================================================================
AV 56.0 43.2 10.0 FASTST M M 6 MAX(MPH)
MISC ----> 31 90 # 40 90
================================================================================
NOTES:
# LAST OF SEVERAL OCCURRENCES
COLUMN 17 PEAK WIND IN M.P.H.
PRELIMINARY LOCAL CLIMATOLOGICAL DATA (WS FORM: F-6) , PAGE 2
STATION: TROUTDALE OR
MONTH: NOVEMBER
YEAR: 2023
LATITUDE: 45 33 N
LONGITUDE: 122 25 W
[TEMPERATURE DATA] [PRECIPITATION DATA] SYMBOLS USED IN COLUMN 16
AVERAGE MONTHLY: 49.6 TOTAL FOR MONTH: 5.85 1 = FOG OR MIST
DPTR FM NORMAL: 2.5 DPTR FM NORMAL: 0.02 2 = FOG REDUCING VISIBILITY
HIGHEST: 68 ON 2 GRTST 24HR 1.37 ON 3- 4 TO 1/4 MILE OR LESS
LOWEST: 33 ON 24 3 = THUNDER
SNOW, ICE PELLETS, HAIL 4 = ICE PELLETS
TOTAL MONTH: M 5 = HAIL
GRTST 24HR M ON M 6 = FREEZING RAIN OR DRIZZLE
GRTST DEPTH: M ON M 7 = DUSTSTORM OR SANDSTORM:
VSBY 1/2 MILE OR LESS
8 = SMOKE OR HAZE
[NO. OF DAYS WITH] [WEATHER - DAYS WITH] 9 = BLOWING SNOW
X = TORNADO
MAX 32 OR BELOW: 0 0.01 INCH OR MORE: 18
MAX 90 OR ABOVE: 0 0.10 INCH OR MORE: 13
MIN 32 OR BELOW: 0 0.50 INCH OR MORE: 4
MIN 0 OR BELOW: 0 1.00 INCH OR MORE: 0
[HDD (BASE 65) ]
TOTAL THIS MO. 454 CLEAR (SCALE 0-3) 8
DPTR FM NORMAL -83 PTCLDY (SCALE 4-7) 13
TOTAL FM JUL 1 731 CLOUDY (SCALE 8-10) 9
DPTR FM NORMAL -212
[CDD (BASE 65) ]
TOTAL THIS MO. 0
DPTR FM NORMAL 0 [PRESSURE DATA]
TOTAL FM JAN 1 800 HIGHEST SLP 30.56 ON 19
DPTR FM NORMAL 373 LOWEST SLP 29.55 ON 6
[REMARKS]
#FINAL-11-23#