000
CXUS55 KPUB 251059
CF6ALS
PRELIMINARY LOCAL CLIMATOLOGICAL DATA (WS FORM: F-6)

                                          STATION:   ALAMOSA CO
                                          MONTH:     JUNE
                                          YEAR:      2018
                                          LATITUDE:   37 27 N
                                          LONGITUDE: 105 52 W

  TEMPERATURE IN F:       :PCPN:    SNOW:  WIND      :SUNSHINE: SKY     :PK WND
================================================================================
1   2   3   4   5  6A  6B    7    8   9   10  11  12  13   14  15   16   17  18
                                     12Z  AVG MX 2MIN
DY MAX MIN AVG DEP HDD CDD  WTR  SNW DPTH SPD SPD DIR MIN PSBL S-S WX    SPD DR
================================================================================

 1  81  40  61   5   4   0 0.00  0.0    0 14.0 31 220   M    M   0        42 220
 2  82  29  56   0   9   0 0.00  0.0    0  6.7 22 100   M    M   0        30 100
 3  64  40  52  -4  13   0 0.56  0.0    0  7.9 29 310   M    M   6 12     39 310
 4  75  40  58   2   7   0 0.00  0.0    0  5.3 23 250   M    M   5 12     29 230
 5  86  39  63   6   2   0 0.00  0.0    0  5.8 22 220   M    M   0        31 210
 6  84  39  62   5   3   0 0.00  0.0    0  8.3 23 220   M    M   0        32 210
 7  84  44  64   7   1   0 0.00  0.0    0  8.6 24 200   M    M   0        31 200
 8  85  40  63   5   2   0 0.00  0.0    0 10.8 26 240   M    M   0        41 260
 9  86  35  61   3   4   0 0.00  0.0    0  8.3 24 230   M    M   0        31 230
10  84  49  67   9   0   2 0.00  0.0    0 13.8 25 200   M    M   1        33 240
11  87  40  64   6   1   0 0.00  0.0    0  7.9 22 170   M    M   0        32 160
12  88  39  64   5   1   0 0.00  0.0    0  7.8 25 360   M    M   0        32 360
13  84  44  64   5   1   0 0.00  0.0    0  9.3 28 150   M    M   0 3      37 160
14  85  51  68   9   0   3 0.00  0.0    0 10.5 26 330   M    M   0        36 330
15  85  50  68   8   0   3 0.00  0.0    0  6.5 17 180   M    M   1        24 230
16  66  53  60   0   5   0 0.06  0.0    0  7.0 30 180   M    M   7 1      44 180
17  77  50  64   4   1   0 0.00  0.0    0 12.8 29 240   M    M   4        39 250
18  81  47  64   4   1   0 0.00  0.0    0 10.2 25 220   M    M   1        36 170
19  83  41  62   1   3   0 0.00  0.0    0 10.1 30 200   M    M   0        40 190
20  84  42  63   2   2   0 0.00  0.0    0  6.6 22 110   M    M   0        32 110
21  86  42  64   3   1   0 0.00  0.0    0  4.8 14 220   M    M   0        21 100
22  88  39  64   3   1   0 0.00  0.0    0  8.4 30 250   M    M   0        41 250
23  85  40  63   1   2   0 0.00  0.0    0  6.0 17 280   M    M   0        28 240
24  87  40  64   2   1   0    T  0.0    0 11.1 36 230   M    M   0 38     47 250
================================================================================
SM 1977 1013        65   8  0.62     0.0 208.5          M       25
================================================================================
AV 82.4 42.2                               8.7 FASTST   M    M   1    MAX(MPH)
                                 MISC ---->  # 36 230               # 47  250
================================================================================
NOTES:
# LAST OF SEVERAL OCCURRENCES

COLUMN 17 PEAK WIND IN M.P.H.

PRELIMINARY LOCAL CLIMATOLOGICAL DATA (WS FORM: F-6) , PAGE 2

                                          STATION:  ALAMOSA CO
                                          MONTH:    JUNE
                                          YEAR:     2018
                                          LATITUDE:   37 27 N
                                          LONGITUDE: 105 52 W

[TEMPERATURE DATA]      [PRECIPITATION DATA]       SYMBOLS USED IN COLUMN 16

AVERAGE MONTHLY: 62.3   TOTAL FOR MONTH:   0.62    1 = FOG OR MIST
DPTR FM NORMAL:   3.5   DPTR FM NORMAL:    0.25    2 = FOG REDUCING VISIBILITY
HIGHEST:    88 ON 22,12 GRTST 24HR  0.56 ON  3- 3      TO 1/4 MILE OR LESS
LOWEST:     29 ON  2                               3 = THUNDER
                        SNOW, ICE PELLETS, HAIL    4 = ICE PELLETS
                        TOTAL MONTH:   0.0 INCH    5 = HAIL
                        GRTST 24HR     0.0         6 = FREEZING RAIN OR DRIZZLE
                        GRTST DEPTH:   0           7 = DUSTSTORM OR SANDSTORM:
                                                       VSBY 1/2 MILE OR LESS
                                                   8 = SMOKE OR HAZE
[NO. OF DAYS WITH]      [WEATHER - DAYS WITH]      9 = BLOWING SNOW
                                                   X = TORNADO
MAX 32 OR BELOW:   0    0.01 INCH OR MORE:   2
MAX 90 OR ABOVE:   0    0.10 INCH OR MORE:   1
MIN 32 OR BELOW:   1    0.50 INCH OR MORE:   1
MIN  0 OR BELOW:   0    1.00 INCH OR MORE:   0

[HDD (BASE 65) ]
TOTAL THIS MO.    65    CLEAR  (SCALE 0-3)  20
DPTR FM NORMAL   -86    PTCLDY (SCALE 4-7)   4
TOTAL FM JUL 1  7199    CLOUDY (SCALE 8-10)  0
DPTR FM NORMAL -1378

[CDD (BASE 65) ]
TOTAL THIS MO.     8
DPTR FM NORMAL     8    [PRESSURE DATA]
TOTAL FM JAN 1     8    HIGHEST SLP M ON M
DPTR FM NORMAL     8    LOWEST  SLP 29.63 ON 16

[REMARKS]
