000
CXUS53 KFSD 011615
CLMHON

CLIMATE REPORT
NATIONAL WEATHER SERVICE SIOUX FALLS SD
1112 AM CDT FRI JUL 01 2022

...THE HURON CLIMATE SUMMARY FOR THE MONTH OF JUNE 2022...

CLIMATE NORMAL PERIOD: 1991 TO 2020
CLIMATE RECORD PERIOD: 1881 TO 2022

WEATHER         OBSERVED          NORMAL  DEPART   LAST YEAR`S
                VALUE   DATE(S)   VALUE   FROM     VALUE DATE(S)
                                          NORMAL
TEMPERATURE (F)
RECORD
 HIGH            109   06/24/1988
                       06/21/1988
                       06/25/1936
 LOW              31   06/05/1894
HIGHEST          105   06/29         MM      MM      101  06/05
                                                          06/16
LOWEST            38   06/03         MM      MM       45  06/21
AVG. MAXIMUM    83.2               80.0     3.2     88.9
AVG. MINIMUM    58.5               56.7     1.8     58.3
MEAN            70.9               68.3     2.6     73.6
DAYS MAX >= 90     6                3.2     2.8       14
DAYS MAX <= 32     0                0.0     0.0        0
DAYS MIN <= 32     0                0.0     0.0        0
DAYS MIN <= 0      0                0.0     0.0        0

PRECIPITATION (INCHES)
RECORD
 MAXIMUM       11.56   1914
 MINIMUM        0.67   1950
TOTALS          1.36               3.89   -2.53     1.12
DAILY AVG.      0.05               0.13   -0.08     0.04
DAYS >= .01       13               11.6     1.4        7
DAYS >= .10        3                6.8    -3.8        4
DAYS >= .50        1                2.8    -1.8        1
DAYS >= 1.00       0                1.0    -1.0        0
GREATEST
 24 HR. TOTAL   0.66   06/13 TO 06/13

DEGREE DAYS
HEATING TOTAL     31                 44     -13        6
 SINCE 7/1      7279               7683    -404       MM
COOLING TOTAL    214                145      69      273
 SINCE 1/1       243                180      63       MM

WIND (MPH)
AVERAGE WIND SPEED              10.1
HIGHEST WIND SPEED/DIRECTION    51/290    DATE  06/20
HIGHEST GUST SPEED/DIRECTION    65/290    DATE  06/20

SKY COVER
POSSIBLE SUNSHINE (PERCENT)   MM
AVERAGE SKY COVER           0.21
NUMBER OF DAYS FAIR           22
NUMBER OF DAYS PC              4
NUMBER OF DAYS CLOUDY          3

AVERAGE RH (PERCENT)     61

WEATHER CONDITIONS. NUMBER OF DAYS WITH
THUNDERSTORM              6     MIXED PRECIP               0
HEAVY RAIN                2     RAIN                       4
LIGHT RAIN               15     FREEZING RAIN              0
LT FREEZING RAIN          0     HAIL                       0
HEAVY SNOW                0     SNOW                       0
LIGHT SNOW                0     SLEET                      0
FOG                       8     FOG W/VIS <= 1/4 MILE      1
HAZE                      0

-  INDICATES NEGATIVE NUMBERS.
R  INDICATES RECORD WAS SET OR TIED.
MM INDICATES DATA IS MISSING.
T  INDICATES TRACE AMOUNT.

$$
