071
CXUS53 KTOP 270810
CF6MHK
PRELIMINARY LOCAL CLIMATOLOGICAL DATA (WS FORM: F-6)

                                          STATION:   MANHATTAN KS
                                          MONTH:     MAY
                                          YEAR:      2024
                                          LATITUDE:   39  9 N
                                          LONGITUDE:  96 40 W

  TEMPERATURE IN F:       :PCPN:    SNOW:  WIND      :SUNSHINE: SKY     :PK WND
================================================================================
1   2   3   4   5  6A  6B    7    8   9   10  11  12  13   14  15   16   17  18
                                     12Z  AVG MX 2MIN
DY MAX MIN AVG DEP HDD CDD  WTR  SNW DPTH SPD SPD DIR MIN PSBL S-S WX    SPD DR
================================================================================

 1  73  54  64   5   1   0 0.21    M    M 10.3 22  80   M    M   6 3      29 150
 2  72  51  62   2   3   0 1.02    M    M  6.0 16 170   M    M   7 123    27 340
 3  77  44  61   1   4   0 0.00    M    M  7.0 18 150   M    M   2 1      24  90
 4  68  50  59  -1   6   0 0.49    M    M  7.0 17  30   M    M   6 138    35 330
 5  66  46  56  -5   9   0 0.00    M    M  7.2 15 150   M    M   5        22 150
 6  74  52  63   2   2   0 0.50    M    M 10.7 35 210   M    M   9 138X   60 200
 7  80  44  62   1   3   0 0.00    M    M  4.9 21 240   M    M   1 1      31 250
 8  80  55  68   6   0   3 0.00    M    M  6.9 17  30   M    M   1        26  30
 9  77  45  61  -1   4   0 0.00    M    M  4.8 14 350   M    M   1        27 340
10  80  47  64   2   1   0 0.00    M    M  3.5 15 280   M    M   2        23 280
11  83  46  65   2   0   0 0.00    M    M  2.7 12 220   M    M   0        16 220
12  78  51  65   2   0   0 0.02    M    M  4.9 17 210   M    M   5        24 210
13  66  52  59  -5   6   0 0.89    M    M  3.8 13  30   M    M   8 18     21 360
14  78  50  64   0   1   0 0.00    M    M  3.5 15  30   M    M   0 18     21  40
15  71  53  62  -2   3   0 0.49    M    M  5.0 14  50   M    M   7 13     18  50
16  79  54  67   2   0   2 0.16    M    M  1.5  9 350   M    M   4 18     13 360
17  84  51  68   3   0   3 0.00    M    M  4.9 14 190   M    M   1 1      22 170
18  89  64  77  11   0  12 0.00    M    M  6.0 14 230   M    M   0        18 230
19  88  63  76  10   0  11 1.66    M    M  7.8 22 220   M    M   3 13     33 170
20  83  60  72   6   0   7 0.00    M    M  5.4 16 170   M    M   4        22 150
21  86  56  71   4   0   6 0.00    M    M 11.5 29 230   M    M   3        49 240
22  78  54  66  -1   0   1 0.05    M    M  1.7 10 260   M    M   2 1      15 280
23  85  52  69   1   0   4 0.00    M    M  9.2 22 170   M    M   2        39 160
24  78  54  66  -2   0   1 0.00    M    M  6.5 16 190   M    M   2        28 310
25  85  50  68   0   0   3 0.95    M    M 10.7 21  50   M    M   1 13     32 180
26  82  62  72   3   0   7 0.79    M    M  5.2 25  90   M    M   3 13     32  80
================================================================================
SM 2040 1360        43  60  7.23    M    158.6          M       85
================================================================================
AV 78.5 52.3                               6.1 FASTST   M    M   3    MAX(MPH)
                                 MISC ---->    35 210                 60 200
================================================================================
NOTES:
# LAST OF SEVERAL OCCURRENCES

COLUMN 17 PEAK WIND IN M.P.H.

PRELIMINARY LOCAL CLIMATOLOGICAL DATA (WS FORM: F-6) , PAGE 2

                                          STATION:   MANHATTAN KS
                                          MONTH:     MAY
                                          YEAR:      2024
                                          LATITUDE:   39  9 N
                                          LONGITUDE:  96 40 W

[TEMPERATURE DATA]      [PRECIPITATION DATA]       SYMBOLS USED IN COLUMN 16

AVERAGE MONTHLY: 65.4   TOTAL FOR MONTH:   7.23    1 = FOG OR MIST
DPTR FM NORMAL:   1.5   DPTR FM NORMAL:    3.41    2 = FOG REDUCING VISIBILITY
HIGHEST:    89 ON 18    GRTST 24HR  1.74 ON 25-26      TO 1/4 MILE OR LESS
LOWEST:     44 ON  7, 3                             3 = THUNDER
                        SNOW, ICE PELLETS, HAIL    4 = ICE PELLETS
                        TOTAL MONTH:  M            5 = HAIL
                        GRTST 24HR    M  ON   M    6 = FREEZING RAIN OR DRIZZLE
                        GRTST DEPTH:  M  ON   M    7 = DUSTSTORM OR SANDSTORM:
                                                       VSBY 1/2 MILE OR LESS
                                                   8 = SMOKE OR HAZE
[NO. OF DAYS WITH]      [WEATHER - DAYS WITH]      9 = BLOWING SNOW
                                                   X = TORNADO
MAX 32 OR BELOW:   0    0.01 INCH OR MORE:  12
MAX 90 OR ABOVE:   0    0.10 INCH OR MORE:  10
MIN 32 OR BELOW:   0    0.50 INCH OR MORE:   6
MIN  0 OR BELOW:   0    1.00 INCH OR MORE:   2

[HDD (BASE 65) ]
TOTAL THIS MO.    43    CLEAR  (SCALE 0-3)  15
DPTR FM NORMAL   -65    PTCLDY (SCALE 4-7)  10
TOTAL FM JUL 1  4328    CLOUDY (SCALE 8-10)  1
DPTR FM NORMAL  -763

[CDD (BASE 65) ]
TOTAL THIS MO.    60
DPTR FM NORMAL   -18    [PRESSURE DATA]
TOTAL FM JAN 1   103    HIGHEST SLP M ON M
DPTR FM NORMAL     2    LOWEST  SLP 29.36 ON  6

[REMARKS]