000
CXUS53 KTOP 190800
CF6MHK
PRELIMINARY LOCAL CLIMATOLOGICAL DATA (WS FORM: F-6)

                                          STATION:   Manhattan KS
                                          MONTH:     APRIL
                                          YEAR:      2018
                                          LATITUDE:   39  9 N
                                          LONGITUDE:  96 40 W

  TEMPERATURE IN F:       :PCPN:    SNOW:  WIND      :SUNSHINE: SKY     :PK WND
================================================================================
1   2   3   4   5  6A  6B    7    8   9   10  11  12  13   14  15   16   17  18
                                     12Z  AVG MX 2MIN
DY MAX MIN AVG DEP HDD CDD  WTR  SNW DPTH SPD SPD DIR MIN PSBL S-S WX    SPD DR
================================================================================

 1  35  25  30 -19  35   0    T    M    M 11.5 23  40   M    M   7 6      31  30
 2  41  26  34 -16  31   0 0.00    M    M  8.1 17 150   M    M  10 18     25 120
 3  45  25  35 -15  30   0    T    M    M 10.3 21 350   M    M   6 18     37 340
 4  54  15  35 -15  30   0 0.00    M    M  6.5 22 170   M    M   0 8      32 160
 5  72  33  53   2  12   0 0.00    M    M  7.3 17  40   M    M   0 8      23  10
 6  48  23  36 -15  29   0    T    M    M 14.9 31  40   M    M   5 8      40  30
 7  45  19  32 -19  33   0 0.00    M    M  4.5 13  20   M    M   1        20  20
 8  48  29  39 -13  26   0    T    M    M 10.3 26 160   M    M   6 18     36 180
 9  50  26  38 -14  27   0 0.00    M    M  5.9 16  30   M    M   6 1      22  20
10  73  19  46  -6  19   0 0.00    M    M  9.2 28 230   M    M   3 18     36 230
11  83  48  66  13   0   1 0.00    M    M 14.0 25 230   M    M   0        36 200
12  89  45  67  14   0   2 0.00    M    M 12.1 25 180   M    M   0        39 170
13  83  41  62   9   3   0 0.00    M    M 17.1 35 210   M    M   2 8      50 210
14  43  29  36 -18  29   0    T    M    M 13.2 20 330   M    M  10 18     37 340
15  37  27  32 -22  33   0 0.00    M    M 10.8 17 340   M    M   9        32 360
16  59  32  46  -8  19   0 0.00    M    M  6.6 13  90   M    M   4 8      21  30
17  76  39  58   4   7   0 0.00    M    M 13.0 23  80   M    M   0 8      33 140
18  59  31  45 -10  20   0 0.00    M    M 10.5 21 340   M    M   5 8      38 330
================================================================================
SM 1040  532       383   3    T     M    185.8          M       74
================================================================================
AV 57.8 29.6                              10.3 FASTST   M    M   4    MAX(MPH)
                                 MISC ---->  # 35 210               # 50  210
================================================================================
NOTES:
# LAST OF SEVERAL OCCURRENCES

COLUMN 17 PEAK WIND IN M.P.H.

PRELIMINARY LOCAL CLIMATOLOGICAL DATA (WS FORM: F-6) , PAGE 2

                                          STATION:  Manhattan KS
                                          MONTH:    APRIL
                                          YEAR:     2018
                                          LATITUDE:   39  9 N
                                          LONGITUDE:  96 40 W

[TEMPERATURE DATA]      [PRECIPITATION DATA]       SYMBOLS USED IN COLUMN 16

AVERAGE MONTHLY: 43.7   TOTAL FOR MONTH:      T    1 = FOG OR MIST
DPTR FM NORMAL:  -8.4   DPTR FM NORMAL:   -1.37    2 = FOG REDUCING VISIBILITY
HIGHEST:    89 ON 12    GRTST 24HR    T  ON 14-14      TO 1/4 MILE OR LESS
LOWEST:     15 ON  4                               3 = THUNDER
                        SNOW, ICE PELLETS, HAIL    4 = ICE PELLETS
                        TOTAL MONTH:    M          5 = HAIL
                        GRTST 24HR    M  ON   M    6 = FREEZING RAIN OR DRIZZLE
                        GRTST DEPTH:  M  ON   M    7 = DUSTSTORM OR SANDSTORM:
                                                       VSBY 1/2 MILE OR LESS
                                                   8 = SMOKE OR HAZE
[NO. OF DAYS WITH]      [WEATHER - DAYS WITH]      9 = BLOWING SNOW
                                                   X = TORNADO
MAX 32 OR BELOW:   0    0.01 INCH OR MORE:   0
MAX 90 OR ABOVE:   0    0.10 INCH OR MORE:   0
MIN 32 OR BELOW:  13    0.50 INCH OR MORE:   0
MIN  0 OR BELOW:   0    1.00 INCH OR MORE:   0

[HDD (BASE 65) ]
TOTAL THIS MO.   383    CLEAR  (SCALE 0-3)   8
DPTR FM NORMAL   143    PTCLDY (SCALE 4-7)   7
TOTAL FM JUL 1  4765    CLOUDY (SCALE 8-10)  3
DPTR FM NORMAL  -311

[CDD (BASE 65) ]
TOTAL THIS MO.     3
DPTR FM NORMAL    -4    [PRESSURE DATA]
TOTAL FM JAN 1     3    HIGHEST SLP M ON M
DPTR FM NORMAL    -6    LOWEST  SLP 29.26 ON 13

[REMARKS]
