000
CXUS53 KILX 011528
CLMPIA

CLIMATE REPORT
NATIONAL WEATHER SERVICE LINCOLN IL
1028 AM CDT SAT MAY 01 2021

...................................

...THE PEORIA IL CLIMATE SUMMARY FOR THE MONTH OF APRIL 2021...

CLIMATE NORMAL PERIOD 1981 TO 2010
CLIMATE RECORD PERIOD 1883 TO 2021

WEATHER         OBSERVED          NORMAL  DEPART   LAST YEAR`S
                VALUE   DATE(S)   VALUE   FROM     VALUE
                                          NORMAL
..............................................................
TEMPERATURE (F)
RECORD
 HIGH             92   04/25/1986
                       04/10/1930
                       04/29/1899
 LOW              14   04/02/2018
                       04/07/1982
                       04/06/1982
HIGHEST           84   04/27         62      22       80
LOWEST            24   04/01         41     -17       27
                       04/02
AVG. MAXIMUM    63.3               63.0     0.3     60.4
AVG. MINIMUM    42.5               41.7     0.8     38.9
MEAN            52.9               52.3     0.6     49.7
DAYS MAX >= 90     0                0.0     0.0        0
DAYS MAX <= 32     0                0.1    -0.1        0
DAYS MIN <= 32     4                4.0     0.0        7
DAYS MIN <= 0      0                0.0     0.0        0

PRECIPITATION (INCHES)
RECORD
 MAXIMUM        8.66   1947
 MINIMUM        0.71   1971
TOTALS          4.79               3.63    1.16     5.29
DAILY AVG.      0.16               0.12    0.04     0.18
DAYS >= .01        9               11.4    -2.4       12
DAYS >= .10        5                7.2    -2.2        8
DAYS >= .50        2                2.4    -0.4        3
DAYS >= 1.00       1                0.7     0.3        3
GREATEST
 24 HR. TOTAL   3.11   04/28 TO 04/29               1.84

SNOWFALL (INCHES)
RECORDS
 TOTAL          13.4   1982
TOTALS           0.9                0.6     0.3      2.9
SINCE 7/1       25.3               24.6     0.7       MM
DAYS >= 1.0        0                0.1    -0.1        1
GREATEST
 SNOW DEPTH        0                                   2
 24 HR TOTAL     0.9   04/20 TO 04/20                2.0

DEGREE DAYS
HEATING TOTAL    366                393     -27      455
 SINCE 7/1      5398               5667    -269     5392
COOLING TOTAL     12                 13      -1        3
 SINCE 1/1        12                 14      -2        3
..............................................................

WIND (MPH)
AVERAGE WIND SPEED              8.2
HIGHEST WIND SPEED/DIRECTION    35/210    DATE  04/07
HIGHEST GUST SPEED/DIRECTION    46/200    DATE  04/07

AVERAGE RH (PERCENT)     61

WEATHER CONDITIONS. NUMBER OF DAYS WITH
THUNDERSTORM              2     MIXED PRECIP               0
HEAVY RAIN                2     RAIN                       5
LIGHT RAIN               10     FREEZING RAIN              0
LT FREEZING RAIN          0     HAIL                       0
HEAVY SNOW                0     SNOW                       1
LIGHT SNOW                1     SLEET                      0
FOG                      10     FOG W/VIS <= 1/4 MILE      0
HAZE                      3

-  INDICATES NEGATIVE NUMBERS.
R  INDICATES RECORD WAS SET OR TIED.
MM INDICATES DATA IS MISSING.
T  INDICATES TRACE AMOUNT.

$$
