000
CXUS51 KRLX 181138
CF6PKB
PRELIMINARY LOCAL CLIMATOLOGICAL DATA (WS FORM: F-6)

                                          STATION:   PARKERSBURG WV
                                          MONTH:     MAY
                                          YEAR:      2021
                                          LATITUDE:   39 20 N
                                          LONGITUDE:  81 26 W

  TEMPERATURE IN F:       :PCPN:    SNOW:  WIND      :SUNSHINE: SKY     :PK WND
================================================================================
1   2   3   4   5  6A  6B    7    8   9   10  11  12  13   14  15   16   17  18
                                     12Z  AVG MX 2MIN
DY MAX MIN AVG DEP HDD CDD  WTR  SNW DPTH SPD SPD DIR MIN PSBL S-S WX    SPD DR
================================================================================

 1  67  32  50 -10  15   0 0.00    M    M  5.0 15 200   M    M   0 1      21 270
 2  81  55  68   8   0   3    T    M    M  8.1 20 210   M    M   1        24 210
 3  75  56  66   6   0   1 0.46    M    M  6.4 17 190   M    M   9 13     23 250
 4  76  61  69   9   0   4 0.82    M    M  5.1 18 220   M    M   7 13     28 210
 5  62  40  51 -10  14   0 0.86    M    M  6.7 20 310   M    M   9 138    27 310
 6  61  34  48 -13  17   0 0.00    M    M  1.2  8 280   M    M   4 1      11 290
 7  61  46  54  -7  11   0 0.28    M    M  5.8 18 300   M    M   8 13     27 280
 8  60  40  50 -11  15   0 0.01    M    M  5.6 15 300   M    M   5 1      20 290
 9  62  42  52 -10  13   0 0.32    M    M  7.8 18 310   M    M  10 18     27 290
10  64  40  52 -10  13   0 0.00    M    M  3.5 13 320   M    M   6        17  10
11  62  38  50 -12  15   0 0.00    M    M  5.4 17 300   M    M   3 1      23 290
12  63  33  48 -14  17   0 0.00    M    M  3.5 13  50   M    M   3        22  10
13  69  34  52 -10  13   0 0.00    M    M  2.7 13  50   M    M   1        19  40
14  71  36  54  -9  11   0 0.00    M    M  1.8 10 320   M    M   2 1      16 330
15  75  36  56  -7   9   0 0.00    M    M  2.0 10 270   M    M   0 12     15 290
16  72  48  60  -3   5   0 0.03    M    M  2.5  9 200   M    M   6 1      13 200
17  68  47  58  -5   7   0    T    M    M  1.2  8 190   M    M   3 1      12 180
================================================================================
SM 1149  718       175   8  2.78    M     74.3          M       77
================================================================================
AV 67.6 42.2                               4.4 FASTST   M    M   5    MAX(MPH)
                                 MISC ---->  # 20 210                 28 210
================================================================================
NOTES:
# LAST OF SEVERAL OCCURRENCES

COLUMN 17 PEAK WIND IN M.P.H.

PRELIMINARY LOCAL CLIMATOLOGICAL DATA (WS FORM: F-6) , PAGE 2

                                          STATION:   PARKERSBURG WV
                                          MONTH:     MAY
                                          YEAR:      2021
                                          LATITUDE:   39 20 N
                                          LONGITUDE:  81 26 W

[TEMPERATURE DATA]      [PRECIPITATION DATA]       SYMBOLS USED IN COLUMN 16

AVERAGE MONTHLY: 54.9   TOTAL FOR MONTH:   2.78    1 = FOG OR MIST
DPTR FM NORMAL:  -6.6   DPTR FM NORMAL:    0.54    2 = FOG REDUCING VISIBILITY
HIGHEST:    81 ON  2    GRTST 24HR  1.67 ON  4- 5      TO 1/4 MILE OR LESS
LOWEST:     32 ON  1                               3 = THUNDER
                        SNOW, ICE PELLETS, HAIL    4 = ICE PELLETS
                        TOTAL MONTH:  M            5 = HAIL
                        GRTST 24HR    M  ON   M    6 = FREEZING RAIN OR DRIZZLE
                        GRTST DEPTH:  M  ON   M    7 = DUSTSTORM OR SANDSTORM:
                                                       VSBY 1/2 MILE OR LESS
                                                   8 = SMOKE OR HAZE
[NO. OF DAYS WITH]      [WEATHER - DAYS WITH]      9 = BLOWING SNOW
                                                   X = TORNADO
MAX 32 OR BELOW:   0    0.01 INCH OR MORE:   7
MAX 90 OR ABOVE:   0    0.10 INCH OR MORE:   5
MIN 32 OR BELOW:   1    0.50 INCH OR MORE:   2
MIN  0 OR BELOW:   0    1.00 INCH OR MORE:   0

[HDD (BASE 65) ]
TOTAL THIS MO.   175    CLEAR  (SCALE 0-3)   5
DPTR FM NORMAL    87    PTCLDY (SCALE 4-7)   8
TOTAL FM JUL 1  4642    CLOUDY (SCALE 8-10)  4
DPTR FM NORMAL  -186

[CDD (BASE 65) ]
TOTAL THIS MO.     8
DPTR FM NORMAL   -22    [PRESSURE DATA]
TOTAL FM JAN 1    22    HIGHEST SLP M ON M
DPTR FM NORMAL   -28    LOWEST  SLP 29.60 ON  3

[REMARKS]
