222
CXUS51 KRLX 021517
CLSPKB

CLIMATE REPORT
NATIONAL WEATHER SERVICE CHARLESTON WV
1017 AM EST TUE MAR 02 2021

...................................

...THE PARKERSBURG WV CLIMATE SUMMARY FOR THE SEASON, FROM
12/1/2020 TO 2/28/2021...

CLIMATE NORMAL PERIOD: 1981 TO 2010
CLIMATE RECORD PERIOD: 1926 TO 2021

WEATHER         OBSERVED          NORMAL  DEPART   LAST YEAR`S
                VALUE   DATE(S)   VALUE   FROM     VALUE
                                          NORMAL
..............................................................
TEMPERATURE (F)
RECORD
 HIGH             79   02/20/2018
                       12/10/1971
                       02/24/2017
 LOW             -27   02/10/1899
HIGHEST           69   02/24                          78
LOWEST             6   02/21                          11
AVG. MAXIMUM    40.7               42.3    -1.6     46.7
AVG. MINIMUM    26.3               25.3     1.0     29.4
MEAN            33.5               33.8    -0.3     38.1
DAYS MAX >= 90     0                0.0     0.0        0
DAYS MAX <= 32    18               17.9     0.1        6
DAYS MAX >= 80     0                                  MM
DAYS MAX >= 100    0                                  MM
DAYS MIN <= 32    75               65.8     9.2       56
DAYS MIN <= 0      0                1.8    -1.8        0
DAYS MIN <= 10     0                                  MM

PRECIPITATION (INCHES)
RECORD
 MAXIMUM       15.87   2019
 MINIMUM        3.22   1977
TOTALS          9.10               8.75    0.35    13.29
DAILY AVG.      0.10               0.10    0.00     0.15
DAYS >= .01       41               39.6     1.4       43
DAYS >= .10       21               20.2     0.8       25
DAYS >= .50        6                5.4     0.6       10
DAYS >= 1.00       3                1.0     2.0        3
GREATEST
 24 HR. TOTAL   1.61                                1.51


DEGREE DAYS
HEATING TOTAL   2775               2806     -31     2423
 SINCE 7/1      3600               3791    -191     3401
COOLING TOTAL      0                  0       0        4
 SINCE 1/1         0                  0       0        4
..............................................................

WIND (MPH)
AVERAGE WIND SPEED              5.8
HIGHEST WIND SPEED/DIRECTION    26/290    DATE  02/23
HIGHEST GUST SPEED/DIRECTION    35/280    DATE  02/23

SKY COVER
POSSIBLE SUNSHINE (PERCENT)   MM
AVERAGE SKY COVER           0.66
NUMBER OF DAYS FAIR           18
NUMBER OF DAYS PC             26
NUMBER OF DAYS CLOUDY         46

AVERAGE RH (PERCENT)     73

WEATHER CONDITIONS. NUMBER OF DAYS WITH
THUNDERSTORM              0     MIXED PRECIP               0
HEAVY RAIN                2     RAIN                       8
LIGHT RAIN               29     FREEZING RAIN              1
LT FREEZING RAIN          3     HAIL                       0
HEAVY SNOW                0     SNOW                       7
LIGHT SNOW               37     SLEET                      0
FOG                      65     FOG W/VIS <= 1/4 MILE      3
HAZE                     32

-  INDICATES NEGATIVE NUMBERS.
R  INDICATES RECORD WAS SET OR TIED.
MM INDICATES DATA IS MISSING.
T  INDICATES TRACE AMOUNT.

$$
