000
CXUS55 KPUB 251059
CF6PUB
PRELIMINARY LOCAL CLIMATOLOGICAL DATA (WS FORM: F-6)

                                          STATION:   PUEBLO CO
                                          MONTH:     JUNE
                                          YEAR:      2018
                                          LATITUDE:   38 16 N
                                          LONGITUDE: 104 31 W

  TEMPERATURE IN F:       :PCPN:    SNOW:  WIND      :SUNSHINE: SKY     :PK WND
================================================================================
1   2   3   4   5  6A  6B    7    8   9   10  11  12  13   14  15   16   17  18
                                     12Z  AVG MX 2MIN
DY MAX MIN AVG DEP HDD CDD  WTR  SNW DPTH SPD SPD DIR MIN PSBL S-S WX    SPD DR
================================================================================

 1  99  51  75  10   0  10 0.00  0.0    0 12.5 30 270   M    M   0        38 260
 2  83  55  69   3   0   4 0.00  0.0    0  9.8 21 110   M    M   0        30 140
 3  71  52  62  -4   3   0 0.13  0.0    0  8.4 29 190   M    M   3 1      39 210
 4  97  47  72   6   0   7 0.00  0.0    0  7.7 22  90   M    M   0        33 100
 5 100  52  76   9   0  11 0.00  0.0    0 10.2 25  30   M    M   0        35  40
 6  99  64  82  15   0  17 0.00  0.0    0  9.0 23 130   M    M   0        30 140
 7  94  62  78  11   0  13    T  0.0    0 11.3 40  30   M    M   0 3      56  30
 8 100  56  78  10   0  13 0.00  0.0    0  6.8 25 100   M    M   0        34  90
 9 101  53  77   9   0  12 0.00  0.0    0  8.9 28 190   M    M   0 8      36 220
10 100  58  79  11   0  14 0.00  0.0    0  8.1 23 280   M    M   0        33 180
11  90  65  78   9   0  13 0.00  0.0    0 13.3 25 110   M    M   0        36 110
12  94  58  76   7   0  11 0.00  0.0    0 10.6 23 120   M    M   0        31 110
13  98  66  82  13   0  17 0.00  0.0    0 11.6 37 180   M    M   0        49 190
14 103  55  79   9   0  14 0.00  0.0    0 10.8 33 310   M    M   0 3      47 300
15 101  61  81  11   0  16 0.00  0.0    0  8.6 24 280   M    M   0 8      33 290
16  90  65  78   8   0  13    T  0.0    0  9.9 38 210   M    M   1 8      50 220
17  95  61  78   7   0  13 0.03  0.0    0  9.3 38  10   M    M   4 3      48  10
18  94  60  77   6   0  12    T  0.0    0  9.2 30 110   M    M   1        39 100
19  93  64  79   8   0  14    T  0.0    0 15.1 46  10   M    M   3 38     60  20
20  89  57  73   1   0   8    T  0.0    0  8.1 29  60   M    M   3        36  70
21  95  60  78   6   0  13 0.00  0.0    0  8.3 20 120   M    M   1        26 150
22  89  64  77   5   0  12 0.00  0.0    0  8.9 32  80   M    M   3        41  70
23  95  58  77   5   0  12 0.00  0.0    0  9.5 31  40   M    M   0        39  20
24  79  52  66  -7   0   1 0.01  0.0    0 16.6 40  20   M    M   4 138    51  10
================================================================================
SM 2249 1396         3 270  0.17     0.0 242.5          M       23
================================================================================
AV 93.7 58.2                              10.1 FASTST   M    M   1    MAX(MPH)
                                 MISC ---->  # 46  10               # 60   20
================================================================================
NOTES:
# LAST OF SEVERAL OCCURRENCES

COLUMN 17 PEAK WIND IN M.P.H.

PRELIMINARY LOCAL CLIMATOLOGICAL DATA (WS FORM: F-6) , PAGE 2

                                          STATION:  PUEBLO CO
                                          MONTH:    JUNE
                                          YEAR:     2018
                                          LATITUDE:   38 16 N
                                          LONGITUDE: 104 31 W

[TEMPERATURE DATA]      [PRECIPITATION DATA]       SYMBOLS USED IN COLUMN 16

AVERAGE MONTHLY: 75.9   TOTAL FOR MONTH:   0.17    1 = FOG OR MIST
DPTR FM NORMAL:   6.8   DPTR FM NORMAL:   -0.90    2 = FOG REDUCING VISIBILITY
HIGHEST:   103 ON 14    GRTST 24HR  0.13 ON  3- 3      TO 1/4 MILE OR LESS
LOWEST:     47 ON  4                               3 = THUNDER
                        SNOW, ICE PELLETS, HAIL    4 = ICE PELLETS
                        TOTAL MONTH:   0.0 INCH    5 = HAIL
                        GRTST 24HR     0.0         6 = FREEZING RAIN OR DRIZZLE
                        GRTST DEPTH:   0           7 = DUSTSTORM OR SANDSTORM:
                                                       VSBY 1/2 MILE OR LESS
                                                   8 = SMOKE OR HAZE
[NO. OF DAYS WITH]      [WEATHER - DAYS WITH]      9 = BLOWING SNOW
                                                   X = TORNADO
MAX 32 OR BELOW:   0    0.01 INCH OR MORE:   3
MAX 90 OR ABOVE:  19    0.10 INCH OR MORE:   1
MIN 32 OR BELOW:   0    0.50 INCH OR MORE:   0
MIN  0 OR BELOW:   0    1.00 INCH OR MORE:   0

[HDD (BASE 65) ]
TOTAL THIS MO.     3    CLEAR  (SCALE 0-3)  21
DPTR FM NORMAL   -19    PTCLDY (SCALE 4-7)   3
TOTAL FM JUL 1  4879    CLOUDY (SCALE 8-10)  0
DPTR FM NORMAL  -756

[CDD (BASE 65) ]
TOTAL THIS MO.   270
DPTR FM NORMAL   148    [PRESSURE DATA]
TOTAL FM JAN 1   407    HIGHEST SLP M ON M
DPTR FM NORMAL   251    LOWEST  SLP 29.63 ON 16

[REMARKS]
