000
CXUS53 KLSX 251600
CF6STL
PRELIMINARY LOCAL CLIMATOLOGICAL DATA (WS FORM: F-6)

                                          STATION:   ST. LOUIS
                                          MONTH:     MAY
                                          YEAR:      2019
                                          LATITUDE:   38 45 N
                                          LONGITUDE:  90 23 W

  TEMPERATURE IN F:       :PCPN:    SNOW:  WIND      :SUNSHINE: SKY     :PK WND
================================================================================
1   2   3   4   5  6A  6B    7    8   9   10  11  12  13   14  15   16   17  18
                                     12Z  AVG MX 2MIN
DY MAX MIN AVG DEP HDD CDD  WTR  SNW DPTH SPD SPD DIR MIN PSBL S-S WX    SPD DR
================================================================================

 1  75  61  68   6   0   3 0.25  0.0    0 10.2 26 270   M    M   8 13     38 250
 2  67  57  62  -1   3   0 1.32  0.0    0  7.3 16 310   M    M  10 13     22 310
 3  62  53  58  -5   7   0 0.03  0.0    0  7.2 14  40   M    M  10 1      19  40
 4  67  51  59  -4   6   0 0.19  0.0    0  7.0 14 340   M    M   8 1      25  40
 5  76  48  62  -2   3   0 0.00  0.0    0  3.4 12 170   M    M   4 1      16 180
 6  77  55  66   2   0   1 0.00  0.0    0  6.8 16 250   M    M   7        22 250
 7  79  60  70   6   0   5 0.10  0.0    0  5.3 14  40   M    M   8 13     23  30
 8  82  61  72   8   0   7 1.07  0.0    0 11.6 30 180   M    M   9 13     42 170
 9  67  50  59  -6   6   0 0.06  0.0    0 10.4 16 310   M    M   9 18     25 290
10  61  48  55 -10  10   0 0.00  0.0    0  6.0 15 320   M    M   7        21 330
11  50  45  48 -17  17   0 0.42  0.0    0  6.7 13  30   M    M   9 1      21  70
12  58  48  53 -13  12   0 0.02  0.0    0  6.7 13 340   M    M   9 1      15 330
13  66  44  55 -11  10   0 0.00  0.0    0  4.9 13 320   M    M   4        18  10
14  74  48  61  -5   4   0    T  0.0    0  7.4 16 160   M    M   4 3      25 150
15  80  58  69   3   0   4 0.12  0.0    0  6.3 14 130   M    M   5 3      19 130
16  91  64  78  11   0  13 0.00  0.0    0 10.0 22 240   M    M   4 18     36 240
17  88  67  78  11   0  13 0.00  0.0    0 10.5 18 250   M    M   7        26 250
18  88  69  79  12   0  14    T  0.0    0 13.9 25 250   M    M   6        38 200
19  78  58  68   0   0   3 0.13  0.0    0 15.2 28 250   M    M   6 18     39 270
20  70  54  62  -6   3   0    T  0.0    0  9.1 28  80   M    M   6 3      42  90
21  70  49  60  -8   5   0 1.79  0.0    0 15.2 30 240   M    M   9 13     38 240
22  87  59  73   5   0   8    T  0.0    0 12.7 20 170   M    M   7 3      33 210
23  82  70  76   7   0  11 0.18  0.0    0  5.2 21 350   M    M   7 13     27 200
24  92  72  82  13   0  17 0.00  0.0    0 12.2 22 220   M    M   5        38 190
================================================================================
SM 1787 1349        86  99  5.68     0.0 211.2          M      168
================================================================================
AV 74.5 56.2                               8.8 FASTST   M    M   7    MAX(MPH)
                                 MISC ---->  # 30 180               # 42  170
================================================================================
NOTES:
# LAST OF SEVERAL OCCURRENCES

COLUMN 17 PEAK WIND IN M.P.H.

PRELIMINARY LOCAL CLIMATOLOGICAL DATA (WS FORM: F-6) , PAGE 2

                                          STATION:  ST. LOUIS
                                          MONTH:    MAY
                                          YEAR:     2019
                                          LATITUDE:   38 45 N
                                          LONGITUDE:  90 23 W

[TEMPERATURE DATA]      [PRECIPITATION DATA]       SYMBOLS USED IN COLUMN 16

AVERAGE MONTHLY: 65.3   TOTAL FOR MONTH:   5.68    1 = FOG OR MIST
DPTR FM NORMAL:  -0.4   DPTR FM NORMAL:    2.10    2 = FOG REDUCING VISIBILITY
HIGHEST:    92 ON 24    GRTST 24HR  2.36 ON 30- 1      TO 1/4 MILE OR LESS
LOWEST:     44 ON 13                               3 = THUNDER
                        SNOW, ICE PELLETS, HAIL    4 = ICE PELLETS
                        TOTAL MONTH:   0.0 INCH    5 = HAIL
                        GRTST 24HR     0.0         6 = FREEZING RAIN OR DRIZZLE
                        GRTST DEPTH:   0           7 = DUSTSTORM OR SANDSTORM:
                                                       VSBY 1/2 MILE OR LESS
                                                   8 = SMOKE OR HAZE
[NO. OF DAYS WITH]      [WEATHER - DAYS WITH]      9 = BLOWING SNOW
                                                   X = TORNADO
MAX 32 OR BELOW:   0    0.01 INCH OR MORE:  13
MAX 90 OR ABOVE:   2    0.10 INCH OR MORE:  10
MIN 32 OR BELOW:   0    0.50 INCH OR MORE:   3
MIN  0 OR BELOW:   0    1.00 INCH OR MORE:   3

[HDD (BASE 65) ]
TOTAL THIS MO.    86    CLEAR  (SCALE 0-3)   0
DPTR FM NORMAL    18    PTCLDY (SCALE 4-7)  15
TOTAL FM JUL 1  4746    CLOUDY (SCALE 8-10)  9
DPTR FM NORMAL   222

[CDD (BASE 65) ]
TOTAL THIS MO.    99
DPTR FM NORMAL    15    [PRESSURE DATA]
TOTAL FM JAN 1   130    HIGHEST SLP M ON M
DPTR FM NORMAL     0    LOWEST  SLP 29.58 ON 21

[REMARKS]
