000
CXUS53 KLSX 201400
CF6STL
PRELIMINARY LOCAL CLIMATOLOGICAL DATA (WS FORM: F-6)

                                          STATION:   ST. LOUIS
                                          MONTH:     OCTOBER
                                          YEAR:      2020
                                          LATITUDE:   38 45 N
                                          LONGITUDE:  90 23 W

  TEMPERATURE IN F:       :PCPN:    SNOW:  WIND      :SUNSHINE: SKY     :PK WND
================================================================================
1   2   3   4   5  6A  6B    7    8   9   10  11  12  13   14  15   16   17  18
                                     12Z  AVG MX 2MIN
DY MAX MIN AVG DEP HDD CDD  WTR  SNW DPTH SPD SPD DIR MIN PSBL S-S WX    SPD DR
================================================================================

 1  68  47  58  -6   7   0 0.00  0.0    0  9.6 22 320   M    M   3        31 280
 2  62  44  53 -11  12   0 0.00  0.0    0  4.4 14 270   M    M   5 8      18 290
 3  58  44  51 -12  14   0 0.06  0.0    0  6.2 10  80   M    M   9        15  80
 4  60  41  51 -12  14   0    T  0.0    0  8.6 21 360   M    M   5 1      27 340
 5  67  38  53  -9  12   0 0.00  0.0    0  5.6 15 140   M    M   0 8      20 130
 6  80  51  66   4   0   1 0.00  0.0    0  6.7 17 260   M    M   2        22 260
 7  89  61  75  13   0  10 0.00  0.0    0  6.3 15 260   M    M   0        21 260
 8  85  59  72  11   0   7 0.00  0.0    0  4.7 12 100   M    M   5        19 100
 9  86  60  73  12   0   8 0.00  0.0    0  8.0 17 200   M    M   3 18     23 220
10  80  61  71  10   0   6 0.00  0.0    0  2.8 10 190   M    M   6        14 180
11  85  61  73  13   0   8 0.00  0.0    0  5.6 16 110   M    M   1 18     21 110
12  75  50  63   3   2   0    T  0.0    0 10.9 28 310   M    M   2        38 310
13  81  46  64   4   1   0 0.00  0.0    0  6.6 22 230   M    M   0 8      29 220
14  87  49  68   9   0   3 0.00  0.0    0 11.1 25 210   M    M   4        37 200
15  71  40  56  -3   9   0    T  0.0    0  8.8 22 330   M    M   7        32 340
16  65  36  51  -8  14   0 0.00  0.0    0  7.7 28 280   M    M   2        38 280
17  71  47  59   1   6   0 0.00  0.0    0 13.5 28 170   M    M   9        38 160
18  67  43  55  -3  10   0 1.07  0.0    0  9.8 20  20   M    M  10 13     26  20
19  51  42  47 -11  18   0 0.32  0.0    0  8.0 16  40   M    M  10 18     23  30
================================================================================
SM 1388  920       119  43  1.45  0.0    144.9          M       83
================================================================================
AV 73.1 48.4                               7.6 FASTST   M    M   4    MAX(MPH)
                                 MISC ---->  # 28 310               # 38 310
================================================================================
NOTES:
# LAST OF SEVERAL OCCURRENCES

COLUMN 17 PEAK WIND IN M.P.H.

PRELIMINARY LOCAL CLIMATOLOGICAL DATA (WS FORM: F-6) , PAGE 2

                                          STATION:   ST. LOUIS
                                          MONTH:     OCTOBER
                                          YEAR:      2020
                                          LATITUDE:   38 45 N
                                          LONGITUDE:  90 23 W

[TEMPERATURE DATA]      [PRECIPITATION DATA]       SYMBOLS USED IN COLUMN 16

AVERAGE MONTHLY: 60.7   TOTAL FOR MONTH:   1.45    1 = FOG OR MIST
DPTR FM NORMAL:   0.0   DPTR FM NORMAL:   -0.59    2 = FOG REDUCING VISIBILITY
HIGHEST:    89 ON  7    GRTST 24HR  1.39 ON 18-19      TO 1/4 MILE OR LESS
LOWEST:     36 ON 16                               3 = THUNDER
                        SNOW, ICE PELLETS, HAIL    4 = ICE PELLETS
                        TOTAL MONTH:   0.0 INCH    5 = HAIL
                        GRTST 24HR  0.0            6 = FREEZING RAIN OR DRIZZLE
                        GRTST DEPTH:  0            7 = DUSTSTORM OR SANDSTORM:
                                                       VSBY 1/2 MILE OR LESS
                                                   8 = SMOKE OR HAZE
[NO. OF DAYS WITH]      [WEATHER - DAYS WITH]      9 = BLOWING SNOW
                                                   X = TORNADO
MAX 32 OR BELOW:   0    0.01 INCH OR MORE:   3
MAX 90 OR ABOVE:   0    0.10 INCH OR MORE:   2
MIN 32 OR BELOW:   0    0.50 INCH OR MORE:   1
MIN  0 OR BELOW:   0    1.00 INCH OR MORE:   1

[HDD (BASE 65) ]
TOTAL THIS MO.   119    CLEAR  (SCALE 0-3)   9
DPTR FM NORMAL     5    PTCLDY (SCALE 4-7)   6
TOTAL FM JUL 1   139    CLOUDY (SCALE 8-10)  4
DPTR FM NORMAL   -16

[CDD (BASE 65) ]
TOTAL THIS MO.    43
DPTR FM NORMAL    10    [PRESSURE DATA]
TOTAL FM JAN 1  1746    HIGHEST SLP M ON M
DPTR FM NORMAL   112    LOWEST  SLP 29.63 ON 14

[REMARKS]
