000
CXUS53 KLSX 261500
CF6STL
PRELIMINARY LOCAL CLIMATOLOGICAL DATA (WS FORM: F-6)

                                          STATION:   ST. LOUIS
                                          MONTH:     JANUARY
                                          YEAR:      2020
                                          LATITUDE:   38 45 N
                                          LONGITUDE:  90 23 W

  TEMPERATURE IN F:       :PCPN:    SNOW:  WIND      :SUNSHINE: SKY     :PK WND
================================================================================
1   2   3   4   5  6A  6B    7    8   9   10  11  12  13   14  15   16   17  18
                                     12Z  AVG MX 2MIN
DY MAX MIN AVG DEP HDD CDD  WTR  SNW DPTH SPD SPD DIR MIN PSBL S-S WX    SPD DR
================================================================================

 1  58  29  44  12  21   0 0.00  0.0    0 10.3 25 220   M    M   1        32 220
 2  57  42  50  18  15   0 0.00  0.0    0  7.1 18 200   M    M   7        27 200
 3  50  37  44  12  21   0 0.00  0.0    0  6.9 14 290   M    M   8 18     19 270
 4  41  30  36   4  29   0    T    T    0  9.6 21 280   M    M   6        30 280
 5  56  27  42  10  23   0 0.00  0.0    0 10.2 26 260   M    M   0        36 240
 6  50  26  38   6  27   0 0.00  0.0    0  4.6 12 120   M    M   6        15 170
 7  48  31  40   8  25   0 0.00  0.0    0 10.5 23 270   M    M   2        30 270
 8  45  29  37   5  28   0 0.00  0.0    0 10.6 22 140   M    M   2        29 140
 9  57  43  50  18  15   0 0.76  0.0    0 13.8 28 200   M    M  10 1      39 190
10  61  47  54  22  11   0 2.16  0.0    0 11.5 25 320   M    M  10 13     33 310
11  47  27  37   5  28   0 1.41  2.5    0 11.6 31 320   M    M  10 134    45 310
12  33  26  30  -2  35   0    T    T    3  8.4 18 150   M    M  10        26 170
13  38  31  35   3  30   0 0.00  0.0    2  8.5 16 130   M    M   9 1      21 130
14  52  32  42  10  23   0 0.00  0.0    0  3.4 13 280   M    M   6 1      16 320
15  58  33  46  14  19   0 0.01  0.0    0  9.0 22 330   M    M   8 1      29 320
16  33  21  27  -5  38   0 0.00  0.0    0  9.6 20 330   M    M   7        28 310
17  34  24  29  -3  36   0 0.79    T    0 12.8 24 110   M    M  10 146    30 110
18  51  23  37   5  28   0 0.74  0.0    0 18.4 35 280   M    M   7 1      46 270
19  23  13  18 -14  47   0    T    T    0 14.7 26 290   M    M   3        35 310
20  24  14  19 -13  46   0    T    T    0  6.2 12 310   M    M   8        15 320
21  33  15  24  -8  41   0 0.00  0.0    0  8.3 17 130   M    M   7 1      23 150
22  37  24  31  -1  34   0 0.07    T    0 11.4 16 150   M    M   9 6      23 150
23  36  32  34   2  31   0 0.49  1.6    T  7.5 13 160   M    M  10 146    17 180
24  36  33  35   3  30   0 0.01    T    1  7.3 16 280   M    M  10 12     22 280
25  35  26  31  -1  34   0    T    T    T 10.5 25 280   M    M   9 1      31 270
================================================================================
SM 1093  715       715   0  6.44  4.1    242.7          M      175
================================================================================
AV 43.7 28.6                               9.7 FASTST   M    M   7    MAX(MPH)
                                 MISC ---->    35 280                 46 270
================================================================================
NOTES:
# LAST OF SEVERAL OCCURRENCES

COLUMN 17 PEAK WIND IN M.P.H.

PRELIMINARY LOCAL CLIMATOLOGICAL DATA (WS FORM: F-6) , PAGE 2

                                          STATION:   ST. LOUIS
                                          MONTH:     JANUARY
                                          YEAR:      2020
                                          LATITUDE:   38 45 N
                                          LONGITUDE:  90 23 W

[TEMPERATURE DATA]      [PRECIPITATION DATA]       SYMBOLS USED IN COLUMN 16

AVERAGE MONTHLY: 36.2   TOTAL FOR MONTH:   6.44    1 = FOG OR MIST
DPTR FM NORMAL:   4.2   DPTR FM NORMAL:    4.48    2 = FOG REDUCING VISIBILITY
HIGHEST:    61 ON 10    GRTST 24HR  2.16 ON 10-10      TO 1/4 MILE OR LESS
LOWEST:     13 ON 19                               3 = THUNDER
                        SNOW, ICE PELLETS, HAIL    4 = ICE PELLETS
                        TOTAL MONTH:   4.1 INCHES  5 = HAIL
                        GRTST 24HR   2.5 ON 11-11  6 = FREEZING RAIN OR DRIZZLE
                        GRTST DEPTH:   3 ON 12     7 = DUSTSTORM OR SANDSTORM:
                                                       VSBY 1/2 MILE OR LESS
                                                   8 = SMOKE OR HAZE
[NO. OF DAYS WITH]      [WEATHER - DAYS WITH]      9 = BLOWING SNOW
                                                   X = TORNADO
MAX 32 OR BELOW:   2    0.01 INCH OR MORE:   9
MAX 90 OR ABOVE:   0    0.10 INCH OR MORE:   6
MIN 32 OR BELOW:  19    0.50 INCH OR MORE:   5
MIN  0 OR BELOW:   0    1.00 INCH OR MORE:   2

[HDD (BASE 65) ]
TOTAL THIS MO.   715    CLEAR  (SCALE 0-3)   5
DPTR FM NORMAL  -118    PTCLDY (SCALE 4-7)   9
TOTAL FM JUL 1  2458    CLOUDY (SCALE 8-10) 11
DPTR FM NORMAL  -140

[CDD (BASE 65) ]
TOTAL THIS MO.     0
DPTR FM NORMAL     0    [PRESSURE DATA]
TOTAL FM JAN 1     0    HIGHEST SLP M ON M
DPTR FM NORMAL     0    LOWEST  SLP 29.63 ON  2

[REMARKS]
