000
CXUS53 KOAX 211000
CF6TQE
PRELIMINARY LOCAL CLIMATOLOGICAL DATA (WS FORM: F-6)

                                          STATION:   TEKAMAH  NE
                                          MONTH:     JUNE
                                          YEAR:      2018
                                          LATITUDE:   41 46 N
                                          LONGITUDE:  96 11 W

  TEMPERATURE IN F:       :PCPN:    SNOW:  WIND      :SUNSHINE: SKY     :PK WND
================================================================================
1   2   3   4   5  6A  6B    7    8   9   10  11  12  13   14  15   16   17  18
                                     12Z  AVG MX 2MIN
DY MAX MIN AVG DEP HDD CDD  WTR  SNW DPTH SPD SPD DIR MIN PSBL S-S WX    SPD DR
================================================================================

 1  96  61  79  11   0  14 0.44    M    M 12.6 53 300   M    M   0 13     67 310
 2  77  61  69   1   0   4 0.59    M    M 17.3 31 320   M    M   2 13     40 320
 3  81  57  69   0   0   4 0.00    M    M 12.9 25 320   M    M   0        33 320
 4  84  52  68  -1   0   3 0.00    M    M 12.0 29 200   M    M   1        36 180
 5  93  60  77   8   0  12 0.00    M    M 10.1 18 180   M    M   0        25 180
 6  97  69  83  13   0  18 0.09    M    M 10.8 25 110   M    M   1 3      32 110
 7  84  66  75   5   0  10    T    M    M  8.3 18 340   M    M   1        24 340
 8  92  64  78   8   0  13 0.00    M    M  7.0 23 180   M    M   1        28 170
 9  91  66  79   9   0  14 0.14    M    M  9.1 38 300   M    M   1 3      53 290
10  87  67  77   6   0  12 0.59    M    M 12.4 24 160   M    M   1 13     31 160
11  88  68  78   7   0  13 0.06    M    M 13.2 31 150   M    M   3 3      41 130
12  85  63  74   3   0   9 0.00    M    M  8.2 18 330   M    M   6 128    23 320
13  82  56  69  -2   0   4 0.04    M    M  7.7 17 110   M    M   1 3      24 110
14  89  66  78   6   0  13 0.00    M    M 16.9 31 150   M    M   1        40 160
15 100  76  88  16   0  23 0.00    M    M 18.6 26 160   M    M   0        35 180
16  99  77  88  16   0  23 0.00    M    M 18.3 30 180   M    M   2 3      40 160
17  92  77  85  13   0  20    T    M    M 12.4 30 170   M    M   2 3      38 160
18  91  69  80   7   0  15 0.46    M    M  7.3 21 280   M    M   5 138    32 340
19  82  69  76   3   0  11 0.67    M    M  7.4 25 340   M    M   7 13     34 340
20  72  60  66  -7   0   1 0.42    M    M 13.7 28 310   M    M   8 1      36 320
================================================================================
SM 1762 1304         0 236  3.50    M    236.2          M       43
================================================================================
AV 88.1 65.2                              11.8 FASTST   M    M   2    MAX(MPH)
                                 MISC ---->  # 53 300               # 67  310
================================================================================
NOTES:
# LAST OF SEVERAL OCCURRENCES

COLUMN 17 PEAK WIND IN M.P.H.

PRELIMINARY LOCAL CLIMATOLOGICAL DATA (WS FORM: F-6) , PAGE 2

                                          STATION:  TEKAMAH  NE
                                          MONTH:    JUNE
                                          YEAR:     2018
                                          LATITUDE:   41 46 N
                                          LONGITUDE:  96 11 W

[TEMPERATURE DATA]      [PRECIPITATION DATA]       SYMBOLS USED IN COLUMN 16

AVERAGE MONTHLY: 76.7   TOTAL FOR MONTH:   3.50    1 = FOG OR MIST
DPTR FM NORMAL:   5.9   DPTR FM NORMAL:    0.17    2 = FOG REDUCING VISIBILITY
HIGHEST:   100 ON 15    GRTST 24HR  0.67 ON 19-19      TO 1/4 MILE OR LESS
LOWEST:     52 ON  4                               3 = THUNDER
                        SNOW, ICE PELLETS, HAIL    4 = ICE PELLETS
                        TOTAL MONTH:    M          5 = HAIL
                        GRTST 24HR    M  ON   M    6 = FREEZING RAIN OR DRIZZLE
                        GRTST DEPTH:  M  ON   M    7 = DUSTSTORM OR SANDSTORM:
                                                       VSBY 1/2 MILE OR LESS
                                                   8 = SMOKE OR HAZE
[NO. OF DAYS WITH]      [WEATHER - DAYS WITH]      9 = BLOWING SNOW
                                                   X = TORNADO
MAX 32 OR BELOW:   0    0.01 INCH OR MORE:  10
MAX 90 OR ABOVE:   9    0.10 INCH OR MORE:   7
MIN 32 OR BELOW:   0    0.50 INCH OR MORE:   3
MIN  0 OR BELOW:   0    1.00 INCH OR MORE:   0

[HDD (BASE 65) ]
TOTAL THIS MO.     0    CLEAR  (SCALE 0-3)  16
DPTR FM NORMAL   -16    PTCLDY (SCALE 4-7)   4
TOTAL FM JUL 1  6465    CLOUDY (SCALE 8-10)  0
DPTR FM NORMAL   -33

[CDD (BASE 65) ]
TOTAL THIS MO.   236
DPTR FM NORMAL   106    [PRESSURE DATA]
TOTAL FM JAN 1   416    HIGHEST SLP M ON M
DPTR FM NORMAL   210    LOWEST  SLP 29.58 ON 11

[REMARKS]
