000
CXHW50 PHFO 011250
CF6HNL
PRELIMINARY LOCAL CLIMATOLOGICAL DATA (WS FORM: F-6)
STATION: HONOLULU HI
MONTH: APRIL
YEAR: 2022
LATITUDE: 21 21 N
LONGITUDE: 157 56 W
TEMPERATURE IN F: :PCPN: SNOW: WIND :SUNSHINE: SKY :PK WND
================================================================================
1 2 3 4 5 6A 6B 7 8 9 10 11 12 13 14 15 16 17 18
12Z AVG MX 2MIN
DY MAX MIN AVG DEP HDD CDD WTR SNW DPTH SPD SPD DIR MIN PSBL S-S WX SPD DR
================================================================================
1 83 71 77 1 0 12 T M M 13.2 23 50 M M 5 33 50
2 84 73 79 3 0 14 T M M 18.2 26 70 M M 5 34 80
3 83 73 78 2 0 13 T M M 17.5 28 50 M M 5 37 60
4 84 73 79 3 0 14 0.00 M M 13.8 26 80 M M 6 33 80
5 83 72 78 2 0 13 0.00 M M 9.8 22 60 M M 7 27 50
6 84 69 77 1 0 12 0.00 M M 10.7 21 70 M M 5 28 90
7 84 72 78 2 0 13 T M M 16.5 28 60 M M 3 39 50
8 83 71 77 1 0 12 0.01 M M 13.3 21 60 M M 5 27 70
9 85 73 79 3 0 14 0.00 M M 12.1 24 80 M M 4 34 80
10 85 74 80 4 0 15 0.00 M M 12.5 23 60 M M 6 28 70
11 86 74 80 4 0 15 0.00 M M 12.0 25 60 M M 5 30 80
12 86 74 80 4 0 15 0.00 M M 12.3 22 80 M M 5 30 80
13 85 73 79 3 0 14 0.00 M M 12.0 22 60 M M 4 29 80
14 85 72 79 2 0 14 0.00 M M 13.8 24 70 M M 4 31 60
15 85 72 79 2 0 14 0.00 M M 13.9 24 70 M M 5 31 70
16 82 73 78 1 0 13 0.01 M M 11.3 23 60 M M 6 8 29 60
17 84 72 78 1 0 13 T M M 13.0 25 80 M M 6 33 50
18 84 70 77 0 0 12 0.00 M M 12.1 22 80 M M 4 30 30
19 82 72 77 0 0 12 T M M 15.0 26 60 M M 4 35 60
20 84 71 78 1 0 13 T M M 14.5 23 60 M M 5 30 60
21 83 70 77 0 0 12 0.01 M M 12.9 21 50 M M 7 30 30
22 86 72 79 2 0 14 T M M 13.5 25 80 M M 6 31 90
23 82 71 77 0 0 12 T M M 13.2 23 50 M M 7 32 40
24 85 74 80 3 0 15 0.00 M M 15.4 24 70 M M 5 31 70
25 84 74 79 2 0 14 0.00 M M 14.8 25 70 M M 4 29 70
26 85 71 78 1 0 13 0.01 M M 12.2 23 50 M M 6 30 70
27 83 72 78 1 0 13 0.00 M M 9.8 21 50 M M 6 30 30
28 86 71 79 2 0 14 0.00 M M 11.3 23 70 M M 4 27 80
29 86 74 80 3 0 15 T M M 13.7 23 50 M M 4 31 70
30 84 72 78 1 0 13 T M M 14.7 23 80 M M 6 32 60
================================================================================
SM 2525 2165 0 402 0.04 M 399.0 M 154
================================================================================
AV 84.2 72.2 13.3 FASTST M M 5 MAX(MPH)
MISC ----> # 28 50 39 50
================================================================================
NOTES:
# LAST OF SEVERAL OCCURRENCES
COLUMN 17 PEAK WIND IN M.P.H.
PRELIMINARY LOCAL CLIMATOLOGICAL DATA (WS FORM: F-6) , PAGE 2
STATION: HONOLULU HI
MONTH: APRIL
YEAR: 2022
LATITUDE: 21 21 N
LONGITUDE: 157 56 W
[TEMPERATURE DATA] [PRECIPITATION DATA] SYMBOLS USED IN COLUMN 16
AVERAGE MONTHLY: 78.2 TOTAL FOR MONTH: 0.04 1 = FOG OR MIST
DPTR FM NORMAL: 1.6 DPTR FM NORMAL: -0.73 2 = FOG REDUCING VISIBILITY
HIGHEST: 86 ON 29,28 GRTST 24HR 0.01 ON 8- 8 TO 1/4 MILE OR LESS
LOWEST: 69 ON 6 3 = THUNDER
SNOW, ICE PELLETS, HAIL 4 = ICE PELLETS
TOTAL MONTH: M 5 = HAIL
GRTST 24HR M ON M 6 = FREEZING RAIN OR DRIZZLE
GRTST DEPTH: M ON M 7 = DUSTSTORM OR SANDSTORM:
VSBY 1/2 MILE OR LESS
8 = SMOKE OR HAZE
[NO. OF DAYS WITH] [WEATHER - DAYS WITH] 9 = BLOWING SNOW
X = TORNADO
MAX 32 OR BELOW: 0 0.01 INCH OR MORE: 4
MAX 90 OR ABOVE: 0 0.10 INCH OR MORE: 0
MIN 32 OR BELOW: 0 0.50 INCH OR MORE: 0
MIN 0 OR BELOW: 0 1.00 INCH OR MORE: 0
[HDD (BASE 65) ]
TOTAL THIS MO. 0 CLEAR (SCALE 0-3) 0
DPTR FM NORMAL 0 PTCLDY (SCALE 4-7) 30
TOTAL FM JUL 1 0 CLOUDY (SCALE 8-10) 0
DPTR FM NORMAL 0
[CDD (BASE 65) ]
TOTAL THIS MO. 402
DPTR FM NORMAL 54 [PRESSURE DATA]
TOTAL FM JAN 1 1300 HIGHEST SLP 30.20 ON 19
DPTR FM NORMAL 139 LOWEST SLP 29.91 ON 28
[REMARKS]
#FINAL-04-22#