000
CXUS52 KMFL 011000
CF6PMP
PRELIMINARY LOCAL CLIMATOLOGICAL DATA (WS FORM: F-6)
STATION: POMPANO BEACH ARPK
MONTH: OCTOBER
YEAR: 2020
LATITUDE: 26 14 N
LONGITUDE: 80 7 W
TEMPERATURE IN F: :PCPN: SNOW: WIND :SUNSHINE: SKY :PK WND
================================================================================
1 2 3 4 5 6A 6B 7 8 9 10 11 12 13 14 15 16 17 18
12Z AVG MX 2MIN
DY MAX MIN AVG DEP HDD CDD WTR SNW DPTH SPD SPD DIR MIN PSBL S-S WX SPD DR
================================================================================
1 87 75 81 0 0 16 0.07 0.0 0 5.2 17 330 M M 5 13 22 330
2 81 75 78 -3 0 13 1.04 0.0 0 5.6 15 40 M M 4 13 19 140
3 83 74 79 -2 0 14 1.37 0.0 0 6.7 20 150 M M 7 18 24 150
4 85 76 81 1 0 16 0.02 0.0 0 12.0 20 160 M M 4 1 27 130
5 84 77 81 1 0 16 0.17 0.0 0 12.7 20 90 M M 4 1 26 120
6 84 73 79 -1 0 14 0.57 0.0 0 12.7 24 140 M M 5 18 32 130
7 86 78 82 2 0 17 0.00 0.0 0 12.9 21 130 M M 2 25 120
8 85 77 81 1 0 16 T 0.0 0 8.7 23 120 M M 2 29 120
9 85 78 82 2 0 17 0.05 0.0 0 11.6 17 140 M M 3 1 24 100
10 M M M M M M 0.45 0.0 0 10.7 21 150 M M 3 13 25 150
11 93 75 84 4 0 19 0.14 0.0 0 4.6 15 150 M M 3 13 19 150
12 90 77 84 5 0 19 0.00 0.0 0 4.3 14 90 M M 3 3 19 40
13 87 74 81 2 0 16 0.00 0.0 0 7.5 16 50 M M 2 20 60
14 88 73 81 2 0 16 0.00 0.0 0 8.9 17 80 M M 1 21 80
15 88 80 84 5 0 19 0.45 0.0 0 7.9 17 110 M M 6 13 21 70
16 85 75 80 1 0 15 0.10 0.0 0 4.1 13 270 M M 5 13 15 280
17 86 76 81 2 0 16 0.17 0.0 0 13.1 23 40 M M 5 1 29 70
18 86 81 84 6 0 19 0.00 0.0 0 14.1 21 70 M M 4 28 70
19 82 74 78 0 0 13 0.07 0.0 0 14.1 29 110 M M 7 13 37 120
20 83 74 79 1 0 14 0.76 0.0 0 14.8 31 90 M M 7 138 42 80
21 80 72 76 -2 0 11 0.01 0.0 0 13.7 29 100 M M 7 1 40 100
22 84 74 79 1 0 14 0.66 0.0 0 11.8 21 90 M M 7 1 28 100
23 84 75 80 2 0 15 0.54 0.0 0 12.5 21 100 M M 7 18 25 110
24 85 74 80 3 0 15 1.56 0.0 0 9.8 20 210 M M 5 13 26 200
25 83 74 79 2 0 14 3.10 0.0 0 8.6 31 130 M M 7 13 42 130
26 86 74 80 3 0 15 0.01 0.0 0 9.9 16 120 M M 4 13 20 130
27 87 81 84 7 0 19 0.00 0.0 0 11.0 16 90 M M 2 20 90
28 86 80 83 7 0 18 0.01 0.0 0 11.5 21 120 M M 4 1 28 120
29 87 80 84 8 0 19 0.00 0.0 0 11.2 20 150 M M 3 25 150
30 87 76 82 6 0 17 0.01 0.0 0 7.0 15 20 M M 4 1 20 30
31 84 76 80 4 0 15 0.44 0.0 0 11.5 21 110 M M 8 13 29 140
================================================================================
SM 2561 2278 0 477 11.77 0.0 310.7 M 140
================================================================================
AV 85.4 75.9 10.0 FASTST M M 5 MAX(MPH)
MISC ----> # 31 90 # 42 80
================================================================================
NOTES:
# LAST OF SEVERAL OCCURRENCES
COLUMN 17 PEAK WIND IN M.P.H.
PRELIMINARY LOCAL CLIMATOLOGICAL DATA (WS FORM: F-6) , PAGE 2
STATION: POMPANO BEACH ARPK
MONTH: OCTOBER
YEAR: 2020
LATITUDE: 26 14 N
LONGITUDE: 80 7 W
[TEMPERATURE DATA] [PRECIPITATION DATA] SYMBOLS USED IN COLUMN 16
AVERAGE MONTHLY: 80.7 TOTAL FOR MONTH: 11.77 1 = FOG OR MIST
DPTR FM NORMAL: 2.1 DPTR FM NORMAL: 5.56 2 = FOG REDUCING VISIBILITY
HIGHEST: 93 ON 11 GRTST 24HR 3.10 ON 25-25 TO 1/4 MILE OR LESS
LOWEST: 72 ON 21 3 = THUNDER
SNOW, ICE PELLETS, HAIL 4 = ICE PELLETS
TOTAL MONTH: 0.0 INCH 5 = HAIL
GRTST 24HR 0.0 6 = FREEZING RAIN OR DRIZZLE
GRTST DEPTH: 0 7 = DUSTSTORM OR SANDSTORM:
VSBY 1/2 MILE OR LESS
8 = SMOKE OR HAZE
[NO. OF DAYS WITH] [WEATHER - DAYS WITH] 9 = BLOWING SNOW
X = TORNADO
MAX 32 OR BELOW: 0 0.01 INCH OR MORE: 23
MAX 90 OR ABOVE: 2 0.10 INCH OR MORE: 15
MIN 32 OR BELOW: 0 0.50 INCH OR MORE: 8
MIN 0 OR BELOW: 0 1.00 INCH OR MORE: 4
[HDD (BASE 65) ]
TOTAL THIS MO. 0 CLEAR (SCALE 0-3) 10
DPTR FM NORMAL 0 PTCLDY (SCALE 4-7) 20
TOTAL FM JUL 1 11 CLOUDY (SCALE 8-10) 1
DPTR FM NORMAL 11
[CDD (BASE 65) ]
TOTAL THIS MO. 477
DPTR FM NORMAL 55 [PRESSURE DATA]
TOTAL FM JAN 1 4169 HIGHEST SLP 30.10 ON 31
DPTR FM NORMAL 448 LOWEST SLP 29.84 ON 25
[REMARKS]
#FINAL-10-20#