000
CXUS53 KMPX 020140
CF6RWF
PRELIMINARY LOCAL CLIMATOLOGICAL DATA (WS FORM: F-6)
STATION: REDWOOD FALLS MN
MONTH: FEBRUARY
YEAR: 2021
LATITUDE: 44 32 N
LONGITUDE: 95 5 W
TEMPERATURE IN F: :PCPN: SNOW: WIND :SUNSHINE: SKY :PK WND
================================================================================
1 2 3 4 5 6A 6B 7 8 9 10 11 12 13 14 15 16 17 18
12Z AVG MX 2MIN
DY MAX MIN AVG DEP HDD CDD WTR SNW DPTH SPD SPD DIR MIN PSBL S-S WX SPD DR
================================================================================
1 25 21 23 7 42 0 0.00 M M 5.5 12 320 M M 10 18 20 310
2 21 19 20 4 45 0 T M M 13.0 21 140 M M 10 12 26 130
3 35 19 27 11 38 0 T M M 14.7 24 150 M M 10 18 30 140
4 32 5 19 3 46 0 0.22 M M 16.0 24 320 M M 9 128 39 310
5 11 1 6 -10 59 0 T M M 16.0 25 290 M M 4 35 300
6 2 -15 -6 -23 71 0 0.00 M M 11.6 24 290 M M 4 8 31 290
7 -4 -17 -10 -27 75 0 0.00 M M 6.4 8 350 M M 4 8 M M
8 -2 -18 -10 -27 75 0 0.01 M M 4.5 12 230 M M 2 18 15 220
9 7 -6 1 -16 64 0 0.00 M M 10.8 20 280 M M 4 8 25 260
10 7 -9 -1 -19 66 0 0.00 M M 4.9 15 290 M M 5 20 320
11 -1 -10 -5 -23 70 0 T M M 6.8 13 340 M M 8 8 22 340
12 -6 -19 -12 -30 77 0 T M M 6.1 15 270 M M 1 8 19 280
13 -3 -17 -10 -29 75 0 0.00 M M 6.9 16 330 M M 3 8 24 350
14 -8 -22 -15 -34 80 0 T M M 9.2 16 310 M M 0 23 340
15 -4 -26 -15 -34 80 0 0.00 M M 2.3 9 160 M M 0 8 12 150
16 2 -21 -9 -29 74 0 0.00 M M 4.0 10 150 M M 1 12 140
17 9 -3 3 -17 62 0 0.01 M M 9.6 16 160 M M 10 18 20 160
18 12 2 7 -13 58 0 0.03 M M 5.5 10 280 M M 7 18 14 290
19 14 -2 6 -15 59 0 0.00 M M 5.8 12 280 M M 3 18 14 290
20 22 -7 8 -13 57 0 0.00 M M 10.7 18 150 M M 3 18 23 140
21 28 13 21 0 44 0 T M M 6.1 14 160 M M 9 128 17 160
22 43 11 27 5 38 0 0.07 M M 14.2 24 300 M M 2 12 33 280
23 41 28 35 13 30 0 0.00 M M 7.7 18 280 M M 5 26 300
24 34 26 30 7 35 0 T M M 9.4 18 310 M M 4 1 27 310
25 37 24 31 8 34 0 0.00 M M 11.1 18 200 M M 2 24 200
26 41 31 36 13 29 0 0.00 M M 18.1 30 200 M M 2 42 210
27 44 28 36 12 29 0 0.00 M M 6.3 15 230 M M 3 1 21 220
28 34 16 25 1 40 0 0.21 M M 12.1 24 320 M M 5 128 37 320
================================================================================
SM 473 52 1552 0 0.55 M 255.3 M 130
================================================================================
AV 16.9 1.9 9.1 FASTST M M 5 MAX(MPH)
MISC ----> 30 200 42 210
================================================================================
NOTES:
# LAST OF SEVERAL OCCURRENCES
COLUMN 17 PEAK WIND IN M.P.H.
PRELIMINARY LOCAL CLIMATOLOGICAL DATA (WS FORM: F-6) , PAGE 2
STATION: REDWOOD FALLS MN
MONTH: FEBRUARY
YEAR: 2021
LATITUDE: 44 32 N
LONGITUDE: 95 5 W
[TEMPERATURE DATA] [PRECIPITATION DATA] SYMBOLS USED IN COLUMN 16
AVERAGE MONTHLY: 9.4 TOTAL FOR MONTH: 0.55 1 = FOG OR MIST
DPTR FM NORMAL: -10.0 DPTR FM NORMAL: 0.01 2 = FOG REDUCING VISIBILITY
HIGHEST: 44 ON 27 GRTST 24HR 0.22 ON 4- 4 TO 1/4 MILE OR LESS
LOWEST: -26 ON 15 3 = THUNDER
SNOW, ICE PELLETS, HAIL 4 = ICE PELLETS
TOTAL MONTH: M 5 = HAIL
GRTST 24HR M ON M 6 = FREEZING RAIN OR DRIZZLE
GRTST DEPTH: M ON M 7 = DUSTSTORM OR SANDSTORM:
VSBY 1/2 MILE OR LESS
8 = SMOKE OR HAZE
[NO. OF DAYS WITH] [WEATHER - DAYS WITH] 9 = BLOWING SNOW
X = TORNADO
MAX 32 OR BELOW: 20 0.01 INCH OR MORE: 6
MAX 90 OR ABOVE: 0 0.10 INCH OR MORE: 2
MIN 32 OR BELOW: 28 0.50 INCH OR MORE: 0
MIN 0 OR BELOW: 14 1.00 INCH OR MORE: 0
[HDD (BASE 65) ]
TOTAL THIS MO. 1552 CLEAR (SCALE 0-3) 11
DPTR FM NORMAL 275 PTCLDY (SCALE 4-7) 11
TOTAL FM JUL 1 5760 CLOUDY (SCALE 8-10) 6
DPTR FM NORMAL -260
[CDD (BASE 65) ]
TOTAL THIS MO. 0
DPTR FM NORMAL 0 [PRESSURE DATA]
TOTAL FM JAN 1 0 HIGHEST SLP 30.84 ON 14
DPTR FM NORMAL 0 LOWEST SLP 29.53 ON 22
[REMARKS]
#FINAL-02-21#
PRECIPITATION IS FROM THE 8 INCH DIAMETER RAIN GAUGE AT THE
REDWOOD FALLS COOP STATION WITH AN OBSERVATION TIME OF
7 AM.