000
CXUS55 KCYS 020006 CCA
CF6BFF
PRELIMINARY LOCAL CLIMATOLOGICAL DATA (WS FORM: F-6)...CORRECTED
STATION: SCOTTSBLUFF NE AIRPORT
MONTH: OCTOBER
YEAR: 2022
LATITUDE: 41 52 N
LONGITUDE: 103 36 W
TEMPERATURE IN F: :PCPN: SNOW: WIND :SUNSHINE: SKY :PK WND
================================================================================
1 2 3 4 5 6A 6B 7 8 9 10 11 12 13 14 15 16 17 18
12Z AVG MX 2MIN
DY MAX MIN AVG DEP HDD CDD WTR SNW DPTH SPD SPD DIR MIN PSBL S-S WX SPD DR
================================================================================
1 76 51 64 8 1 0 0.01 0.0 0 4.0 15 230 M M 2 1 19 220
2 74 46 60 4 5 0 T 0.0 0 5.3 18 130 M M 2 24 300
3 77 46 62 7 3 0 T 0.0 0 5.7 23 340 M M 3 3 31 270
4 70 45 58 3 7 0 0.17 0.0 0 5.9 28 360 M M 3 3 35 360
5 76 42 59 5 6 0 0.00 0.0 0 7.4 14 290 M M 0 20 330
6 71 38 55 1 10 0 0.23 0.0 0 11.8 25 60 M M 3 1 37 50
7 53 36 45 -8 20 0 0.03 0.0 0 6.4 13 80 M M 8 16 70
8 68 30 49 -4 16 0 0.00 0.0 0 4.1 9 300 M M 1 18 13 230
9 76 34 55 3 10 0 0.00 0.0 0 5.4 12 300 M M 0 15 300
10 82 35 59 7 6 0 0.00 0.0 0 4.1 16 270 M M 0 23 270
11 75 36 56 5 9 0 T 0.0 0 12.1 29 330 M M 1 43 300
12 56 33 45 -6 20 0 0.00 0.0 0 11.8 31 340 M M 4 41 340
13 66 39 53 3 12 0 0.00 0.0 0 19.2 39 330 M M 2 55 310
14 76 36 56 6 9 0 0.00 0.0 0 13.9 35 320 M M 0 48 320
15 65 38 52 3 13 0 0.00 0.0 0 9.8 25 340 M M 2 34 340
16 63 30 47 -2 18 0 0.00 0.0 0 8.4 22 320 M M 0 29 300
17 64 27 46 -3 19 0 0.00 0.0 0 5.4 12 320 M M 0 14 160
18 69 30 50 2 15 0 0.00 0.0 0 2.8 9 80 M M 0 12 220
19 80 30 55 7 10 0 0.00 0.0 0 11.9 28 320 M M 0 39 320
20 83 28 56 9 9 0 0.00 0.0 0 6.6 14 300 M M 0 20 310
21 81 37 59 12 6 0 0.00 0.0 0 9.7 26 260 M M 0 37 270
22 83 43 63 17 2 0 0.00 0.0 0 10.3 26 230 M M 0 39 230
23 62 37 50 4 15 0 0.05 0.0 0 13.8 32 290 M M 3 45 290
24 48 27 38 -8 27 0 T 0.0 0 11.1 31 320 M M 3 42 320
25 59 28 44 -1 21 0 T 0.0 0 10.1 24 330 M M 2 32 320
26 55 25 40 -5 25 0 0.00 0.0 0 6.1 15 100 M M 5 1 21 120
27 60 30 45 0 20 0 0.00 0.0 0 7.6 16 20 M M 0 22 340
28 68 22 45 1 20 0 0.00 0.0 0 6.1 17 190 M M 0 29 220
29 68 25 47 3 18 0 0.00 0.0 0 7.4 16 290 M M 0 22 300
30 67 25 46 2 19 0 0.00 0.0 0 3.3 10 190 M M 0 8 15 200
31 69 22 46 3 19 0 0.00 0.0 0 6.0 20 270 M M 0 8 28 270
================================================================================
SM 2140 1051 410 0 0.49 0.0 253.5 M 44
================================================================================
AV 69.0 33.9 8.2 FASTST M M 1 MAX(MPH)
MISC ----> 39 330 55 310
================================================================================
NOTES:
# LAST OF SEVERAL OCCURRENCES
COLUMN 17 PEAK WIND IN M.P.H.
PRELIMINARY LOCAL CLIMATOLOGICAL DATA (WS FORM: F-6) , PAGE 2
STATION: SCOTTSBLUFF NE AIRPORT
MONTH: OCTOBER
YEAR: 2022
LATITUDE: 41 52 N
LONGITUDE: 103 36 W
[TEMPERATURE DATA] [PRECIPITATION DATA] SYMBOLS USED IN COLUMN 16
AVERAGE MONTHLY: 51.5 TOTAL FOR MONTH: 0.49 1 = FOG OR MIST
DPTR FM NORMAL: 2.2 DPTR FM NORMAL: -0.74 2 = FOG REDUCING VISIBILITY
HIGHEST: 83 ON 22,20 GRTST 24HR 0.26 ON 6- 7 TO 1/4 MILE OR LESS
LOWEST: 22 ON 31,28 3 = THUNDER
SNOW, ICE PELLETS, HAIL 4 = ICE PELLETS
TOTAL MONTH: 0.0 INCH 5 = HAIL
GRTST 24HR 0.0 6 = FREEZING RAIN OR DRIZZLE
GRTST DEPTH: 0 7 = DUSTSTORM OR SANDSTORM:
VSBY 1/2 MILE OR LESS
8 = SMOKE OR HAZE
[NO. OF DAYS WITH] [WEATHER - DAYS WITH] 9 = BLOWING SNOW
X = TORNADO
MAX 32 OR BELOW: 0 0.01 INCH OR MORE: 5
MAX 90 OR ABOVE: 0 0.10 INCH OR MORE: 2
MIN 32 OR BELOW: 14 0.50 INCH OR MORE: 0
MIN 0 OR BELOW: 0 1.00 INCH OR MORE: 0
[HDD (BASE 65) ]
TOTAL THIS MO. 410 CLEAR (SCALE 0-3) 28
DPTR FM NORMAL -80 PTCLDY (SCALE 4-7) 3
TOTAL FM JUL 1 465 CLOUDY (SCALE 8-10) 0
DPTR FM NORMAL -166
[CDD (BASE 65) ]
TOTAL THIS MO. 0
DPTR FM NORMAL -2 [PRESSURE DATA]
TOTAL FM JAN 1 1193 HIGHEST SLP 30.56 ON 7
DPTR FM NORMAL 340 LOWEST SLP 29.16 ON 23
[REMARKS]
OCTOBER WAS 5TH CONSECUTIVE DRIER THAN AVERAGE MONTH
#FINAL-10-22#