000
CXUS52 KCHS 010815
CF6CHS
PRELIMINARY LOCAL CLIMATOLOGICAL DATA (WS FORM: F-6)
STATION: NORTH CHARLESTON SC
MONTH: MAY
YEAR: 2022
LATITUDE: 32 54 N
LONGITUDE: 80 2 W
TEMPERATURE IN F: :PCPN: SNOW: WIND :SUNSHINE: SKY :PK WND
================================================================================
1 2 3 4 5 6A 6B 7 8 9 10 11 12 13 14 15 16 17 18
12Z AVG MX 2MIN
DY MAX MIN AVG DEP HDD CDD WTR SNW DPTH SPD SPD DIR MIN PSBL S-S WX SPD DR
================================================================================
1 83 60 72 2 0 7 0.00 0.0 0 8.2 20 150 M M 4 25 180
2 87 65 76 6 0 11 0.00 0.0 0 8.3 18 200 M M 4 13 22 220
3 86 68 77 7 0 12 0.00 0.0 0 10.0 20 190 M M 6 24 160
4 86 68 77 7 0 12 T 0.0 0 8.1 18 170 M M 5 13 21 230
5 92 68 80 9 0 15 0.00 0.0 0 7.5 18 310 M M 3 23 310
6 89 71 80 9 0 15 T 0.0 0 12.2 26 200 M M 4 35 200
7 78 65 72 1 0 7 0.00 0.0 0 11.4 22 250 M M 5 28 240
8 69 55 62 -10 3 0 0.00 0.0 0 11.8 18 20 M M 7 23 30
9 74 51 63 -9 2 0 0.00 0.0 0 10.5 18 30 M M 4 25 340
10 80 46 63 -9 2 0 0.00 0.0 0 10.3 23 340 M M 1 32 360
11 81 56 69 -3 0 4 0.00 0.0 0 11.5 22 330 M M 2 28 320
12 73 64 69 -3 0 4 0.01 0.0 0 10.9 20 360 M M 8 1 26 360
13 77 64 71 -2 0 6 0.10 0.0 0 8.6 16 60 M M 8 13 20 100
14 84 64 74 1 0 9 0.00 0.0 0 4.9 14 180 M M 6 12 16 180
15 87 63 75 2 0 10 0.02 0.0 0 6.5 18 150 M M 6 1 22 160
16 90 69 80 7 0 15 T 0.0 0 11.1 20 200 M M 4 24 190
17 89 68 79 5 0 14 T 0.0 0 8.1 17 20 M M 3 22 60
18 89 61 75 1 0 10 0.00 0.0 0 7.1 20 170 M M 3 12 24 140
19 95 74 85 11 0 20 0.00 0.0 0 12.1 21 200 M M 3 25 240
20 94 72 83 9 0 18 0.00 0.0 0 11.5 24 200 M M 5 29 220
21 87 74 81 7 0 16 0.00 0.0 0 11.6 23 190 M M 8 29 190
22 86 69 78 3 0 13 1.40 0.0 0 6.5 26 300 M M 8 13 33 300
23 87 69 78 3 0 13 T 0.0 0 8.1 23 300 M M 7 28 280
24 88 73 81 6 0 16 0.00 0.0 0 9.1 20 180 M M 6 26 180
25 85 67 76 1 0 11 T 0.0 0 9.0 15 110 M M 7 20 130
26 85 73 79 3 0 14 0.01 0.0 0 12.0 21 160 M M 7 13 26 150
27 82 70 76 0 0 11 1.20 0.0 0 11.5 29 190 M M 6 13 36 210
28 90 70 80 4 0 15 0.00 0.0 0 5.6 16 180 M M 4 1 19 190
29 88 70 79 3 0 14 0.00 0.0 0 6.6 18 140 M M 2 23 140
30 86 70 78 2 0 13 0.00 0.0 0 6.7 18 130 M M 4 13 22 130
31 90 69 80 3 0 15 0.00 0.0 0 6.1 15 140 M M 4 1 19 150
================================================================================
SM 2637 2046 7 340 2.74 0.0 283.4 M 154
================================================================================
AV 85.1 66.0 9.1 FASTST M M 5 MAX(MPH)
MISC ----> 29 190 36 210
================================================================================
NOTES:
# LAST OF SEVERAL OCCURRENCES
COLUMN 17 PEAK WIND IN M.P.H.
PRELIMINARY LOCAL CLIMATOLOGICAL DATA (WS FORM: F-6) , PAGE 2
STATION: NORTH CHARLESTON SC
MONTH: MAY
YEAR: 2022
LATITUDE: 32 54 N
LONGITUDE: 80 2 W
[TEMPERATURE DATA] [PRECIPITATION DATA] SYMBOLS USED IN COLUMN 16
AVERAGE MONTHLY: 75.5 TOTAL FOR MONTH: 2.74 1 = FOG OR MIST
DPTR FM NORMAL: 2.2 DPTR FM NORMAL: -0.58 2 = FOG REDUCING VISIBILITY
HIGHEST: 95 ON 19 GRTST 24HR 1.40 ON 22-22 TO 1/4 MILE OR LESS
LOWEST: 46 ON 10 3 = THUNDER
SNOW, ICE PELLETS, HAIL 4 = ICE PELLETS
TOTAL MONTH: 0.0 INCH 5 = HAIL
GRTST 24HR 0.0 6 = FREEZING RAIN OR DRIZZLE
GRTST DEPTH: 0 7 = DUSTSTORM OR SANDSTORM:
VSBY 1/2 MILE OR LESS
8 = SMOKE OR HAZE
[NO. OF DAYS WITH] [WEATHER - DAYS WITH] 9 = BLOWING SNOW
X = TORNADO
MAX 32 OR BELOW: 0 0.01 INCH OR MORE: 6
MAX 90 OR ABOVE: 6 0.10 INCH OR MORE: 3
MIN 32 OR BELOW: 0 0.50 INCH OR MORE: 2
MIN 0 OR BELOW: 0 1.00 INCH OR MORE: 2
[HDD (BASE 65) ]
TOTAL THIS MO. 7 CLEAR (SCALE 0-3) 7
DPTR FM NORMAL -2 PTCLDY (SCALE 4-7) 21
TOTAL FM JUL 1 1598 CLOUDY (SCALE 8-10) 3
DPTR FM NORMAL -244
[CDD (BASE 65) ]
TOTAL THIS MO. 340
DPTR FM NORMAL 74 [PRESSURE DATA]
TOTAL FM JAN 1 514 HIGHEST SLP 30.29 ON 22
DPTR FM NORMAL 107 LOWEST SLP 29.60 ON 7
[REMARKS]
#FINAL-05-22#