000
CXUS54 KFWD 010730
CF6DTO
PRELIMINARY LOCAL CLIMATOLOGICAL DATA (WS FORM: F-6)
STATION: DENTON
MONTH: JULY
YEAR: 2020
LATITUDE: 33 12 N
LONGITUDE: 97 12 W
TEMPERATURE IN F: :PCPN: SNOW: WIND :SUNSHINE: SKY :PK WND
================================================================================
1 2 3 4 5 6A 6B 7 8 9 10 11 12 13 14 15 16 17 18
12Z AVG MX 2MIN
DY MAX MIN AVG DEP HDD CDD WTR SNW DPTH SPD SPD DIR MIN PSBL S-S WX SPD DR
================================================================================
1 96 79 88 5 0 23 0.00 0.0 0 12.9 21 180 M M 2 27 180
2 96 77 87 4 0 22 0.00 0.0 0 7.5 20 190 M M 2 3 26 320
3 99 73 86 3 0 21 0.00 0.0 0 5.1 24 110 M M 0 33 110
4 95 73 84 1 0 19 0.00 0.0 0 6.7 15 80 M M 0 22 80
5 94 77 86 3 0 21 0.34 0.0 0 5.7 17 290 M M 3 13 24 300
6 88 76 82 -1 0 17 0.01 0.0 0 4.4 16 290 M M 3 3 21 290
7 92 73 83 0 0 18 0.00 0.0 0 5.2 17 170 M M 2 22 170
8 96 76 86 3 0 21 0.00 0.0 0 8.6 18 170 M M 2 24 150
9 96 79 88 4 0 23 0.00 0.0 0 11.5 23 180 M M 1 30 190
10 95 79 87 3 0 22 0.00 0.0 0 7.6 17 150 M M 1 23 140
11 100 78 89 5 0 24 0.00 0.0 0 8.6 16 160 M M 0 21 170
12 99 75 87 3 0 22 T 0.0 0 8.4 33 50 M M 1 3 56 60
13 103 82 93 9 0 28 0.00 0.0 0 10.1 17 170 M M 0 23 180
14 100 80 90 6 0 25 0.00 0.0 0 14.0 22 160 M M 0 33 170
15 97 81 89 5 0 24 0.00 0.0 0 11.1 24 170 M M 0 32 170
16 99 80 90 6 0 25 0.00 0.0 0 8.2 15 170 M M 0 22 180
17 100 77 89 5 0 24 0.00 0.0 0 8.3 17 130 M M 0 24 130
18 95 78 87 3 0 22 0.00 0.0 0 10.7 18 150 M M 0 25 130
19 97 78 88 4 0 23 0.00 0.0 0 8.5 16 130 M M 0 22 150
20 98 77 88 4 0 23 0.00 0.0 0 7.2 18 130 M M 1 25 120
21 93 76 85 0 0 20 0.00 0.0 0 7.8 15 110 M M 2 20 110
22 96 77 87 2 0 22 0.00 0.0 0 7.2 17 90 M M 3 23 90
23 97 78 88 3 0 23 0.00 0.0 0 7.6 15 120 M M 1 20 110
24 98 75 87 2 0 22 0.00 0.0 0 8.0 17 120 M M 1 26 90
25 91 79 85 0 0 20 T 0.0 0 7.9 17 140 M M 6 29 140
26 93 75 84 -1 0 19 T 0.0 0 5.0 13 150 M M 5 16 160
27 92 75 84 -1 0 19 0.00 0.0 0 7.0 12 160 M M 2 8 18 130
28 83 75 79 -6 0 14 1.11 0.0 0 5.7 13 180 M M 4 13 16 170
29 94 77 86 1 0 21 0.03 0.0 0 8.8 17 170 M M 3 23 190
30 99 73 86 1 0 21 0.44 0.0 0 11.8 25 330 M M 1 13 39 20
31 90 70 80 -5 0 15 0.13 0.0 0 7.9 23 310 M M 3 13 42 320
================================================================================
SM 2961 2378 0 663 2.06 0.0 255.0 M 49
================================================================================
AV 95.5 76.7 8.2 FASTST M M 2 MAX(MPH)
MISC ----> # 33 50 # 56 60
================================================================================
NOTES:
# LAST OF SEVERAL OCCURRENCES
COLUMN 17 PEAK WIND IN M.P.H.
PRELIMINARY LOCAL CLIMATOLOGICAL DATA (WS FORM: F-6) , PAGE 2
STATION: DENTON
MONTH: JULY
YEAR: 2020
LATITUDE: 33 12 N
LONGITUDE: 97 12 W
[TEMPERATURE DATA] [PRECIPITATION DATA] SYMBOLS USED IN COLUMN 16
AVERAGE MONTHLY: 86.1 TOTAL FOR MONTH: 2.06 1 = FOG OR MIST
DPTR FM NORMAL: 2.0 DPTR FM NORMAL: -0.43 2 = FOG REDUCING VISIBILITY
HIGHEST: 103 ON 13 GRTST 24HR 1.11 ON 28-28 TO 1/4 MILE OR LESS
LOWEST: 70 ON 31 3 = THUNDER
SNOW, ICE PELLETS, HAIL 4 = ICE PELLETS
TOTAL MONTH: 0.0 INCH 5 = HAIL
GRTST 24HR 0.0 6 = FREEZING RAIN OR DRIZZLE
GRTST DEPTH: 0 7 = DUSTSTORM OR SANDSTORM:
VSBY 1/2 MILE OR LESS
8 = SMOKE OR HAZE
[NO. OF DAYS WITH] [WEATHER - DAYS WITH] 9 = BLOWING SNOW
X = TORNADO
MAX 32 OR BELOW: 0 0.01 INCH OR MORE: 6
MAX 90 OR ABOVE: 29 0.10 INCH OR MORE: 4
MIN 32 OR BELOW: 0 0.50 INCH OR MORE: 1
MIN 0 OR BELOW: 0 1.00 INCH OR MORE: 1
[HDD (BASE 65) ]
TOTAL THIS MO. 0 CLEAR (SCALE 0-3) 27
DPTR FM NORMAL 0 PTCLDY (SCALE 4-7) 4
TOTAL FM JUL 1 0 CLOUDY (SCALE 8-10) 0
DPTR FM NORMAL 0
[CDD (BASE 65) ]
TOTAL THIS MO. 663
DPTR FM NORMAL 73 [PRESSURE DATA]
TOTAL FM JAN 1 1547 HIGHEST SLP M ON M
DPTR FM NORMAL 172 LOWEST SLP 29.74 ON M
[REMARKS]
#FINAL-07-20#