000
CXUS53 KARX 010709
CLMLSE

CLIMATE REPORT
NATIONAL WEATHER SERVICE LA CROSSE WI
209 AM CDT WED SEP 01 2021

...................................

...THE LA CROSSE WI CLIMATE SUMMARY FOR THE MONTH OF AUGUST 2021...

CLIMATE NORMAL PERIOD 1991 TO 2020
CLIMATE RECORD PERIOD 1872 TO 2021

WEATHER         OBSERVED          NORMAL  DEPART   LAST YEAR`S
                VALUE   DATE(S)   VALUE   FROM     VALUE DATE(S)
                                          NORMAL
................................................................
TEMPERATURE (F)
RECORD
 HIGH            105   08/01/1988
 LOW              35   08/30/1915
HIGHEST           92   08/20                          97  08/26
LOWEST            53   08/22                          50  08/04
AVG. MAXIMUM    84.6               83.2     1.4     85.9
AVG. MINIMUM    63.9               62.3     1.6     62.5
MEAN            74.3               72.8     1.5     74.2
DAYS MAX >= 90     7                4.2     2.8       10
DAYS MAX <= 32     0                0.0     0.0        0
DAYS MIN <= 32     0                0.0     0.0        0
DAYS MIN <= 0      0                0.0     0.0        0

PRECIPITATION (INCHES)
RECORD
 MAXIMUM       13.75   2007
TOTALS         11.78               3.90    7.88     3.90
DAYS >= .01       12                9.4     2.6        9
DAYS >= .10        8                6.4     1.6        4
DAYS >= .50        4                2.9     1.1        3
DAYS >= 1.00       3                1.0     2.0        1
GREATEST
 24 HR. TOTAL   5.74   08/07 TO 08/08               1.98  08/31 TO 08/31

SNOWFALL (INCHES)
RECORDS
 TOTAL           0.0   2020
 SNOW DEPTH        0   08/31/2020
TOTALS           0.0                0.0     0.0      0.0
SINCE 7/1        0.0                0.0     0.0       MM
SNOWDEPTH AVG.     0                                   0
DAYS >= TRACE      0                0.0     0.0        0
DAYS >= 1.0        0                0.0     0.0        0
GREATEST
 SNOW DEPTH        0                                   0  MM

DEGREE DAYS
HEATING TOTAL      0                  8      -8        2
 SINCE 7/1         0                  5      -5        2
COOLING TOTAL    294                248      46      295
 SINCE 1/1      1082                831     251      977
................................................................

WIND (MPH)
AVERAGE WIND SPEED              6.5
HIGHEST WIND SPEED/DIRECTION    29/240    DATE  08/08
HIGHEST GUST SPEED/DIRECTION    41/250    DATE  08/29

AVERAGE RH (PERCENT)     71

WEATHER CONDITIONS. NUMBER OF DAYS WITH
THUNDERSTORM              8     MIXED PRECIP               0
HEAVY RAIN                6     RAIN                       6
LIGHT RAIN               14     FREEZING RAIN              0
LT FREEZING RAIN          0     HAIL                       0
HEAVY SNOW                0     SNOW                       0
LIGHT SNOW                0     SLEET                      0
FOG                      18     FOG W/VIS <= 1/4 MILE      4
HAZE                     10

-  INDICATES NEGATIVE NUMBERS.
R  INDICATES RECORD WAS SET OR TIED.
MM INDICATES DATA IS MISSING.
T  INDICATES TRACE AMOUNT.

$$
