000
CXUS55 KTWC 110636
CF6TUS
PRELIMINARY LOCAL CLIMATOLOGICAL DATA (WS FORM: F-6)
STATION: TUCSON AZ
MONTH: NOVEMBER
YEAR: 2020
LATITUDE: 32 7 N
LONGITUDE: 110 56 W
TEMPERATURE IN F: :PCPN: SNOW: WIND :SUNSHINE: SKY :PK WND
================================================================================
1 2 3 4 5 6A 6B 7 8 9 10 11 12 13 14 15 16 17 18
12Z AVG MX 2MIN
DY MAX MIN AVG DEP HDD CDD WTR SNW DPTH SPD SPD DIR MIN PSBL S-S WX SPD DR
================================================================================
1 90 58 74 9 0 9 0.00 0.0 M 10.4 24 120 M M 0 32 120
2 90 70 80 15 0 15 0.00 0.0 M 14.7 28 120 M M 0 37 140
3 93 61 77 12 0 12 0.00 0.0 M 6.2 16 120 M M 1 22 120
4 91 61 76 12 0 11 0.00 0.0 M 5.7 13 340 M M 0 17 340
5 94 57 76 12 0 11 0.00 0.0 M 11.1 28 120 M M 0 8 37 120
6 92 72 82 19 0 17 0.00 0.0 M 9.3 22 220 M M M 32 200
7 84 59 72 9 0 7 0.00 0.0 M 15.8 38 220 M M 4 38 50 200
8 71 48 60 -3 5 0 0.00 0.0 M 9.9 23 260 M M 2 34 260
9 56 43 50 -12 15 0 0.15 0.0 M 7.4 20 180 M M M 1 27 170
10 62 37 50 -12 15 0 0.00 0.0 M 5.2 13 330 M M M 19 340
11 71 38 55 -7 10 0 0.00 0.0 M 5.6 12 350 M M M 16 350
12 73 43 58 -3 7 0 0.00 0.0 M 4.7 12 150 M M M 15 170
13 74 46 60 -1 5 0 0.00 0.0 M 5.6 16 150 M M M 21 160
14 74 42 58 -2 7 0 0.00 0.0 M 5.5 14 280 M M M 21 270
15 82 40 61 1 4 0 0.00 0.0 M 5.5 14 340 M M M 18 340
16 89 47 68 8 0 3 0.00 0.0 M 9.1 21 120 M M 0 27 130
17 92 54 73 14 0 8 0.00 0.0 M 5.4 14 140 M M 0 24 250
18 91 59 75 16 0 10 0.00 0.0 M 7.2 16 130 M M 0 20 150
19 88 59 74 16 0 9 0.00 0.0 M 7.1 14 350 M M 0 22 350
20 88 57 73 15 0 8 0.00 0.0 M 6.1 13 140 M M 0 17 170
21 84 57 71 13 0 6 0.00 0.0 M 5.5 13 130 M M 0 16 150
22 88 54 71 14 0 6 0.00 0.0 M 6.8 14 170 M M 0 20 180
23 80 50 65 8 0 0 0.00 0.0 M 7.8 22 260 M M 0 32 210
24 69 46 58 2 7 0 0.00 0.0 M 5.5 15 280 M M 0 22 270
25 73 42 58 2 7 0 0.00 0.0 M 6.0 16 150 M M 0 20 150
26 73 43 58 2 7 0 0.00 0.0 M 6.5 12 300 M M 0 18 300
27 60 40 50 -6 15 0 0.00 0.0 M 3.9 13 340 M M 0 16 340
28 68 32 50 -5 15 0 0.00 0.0 M 5.1 17 140 M M 0 8 23 140
29 73 35 54 -1 11 0 0.00 0.0 M 7.5 14 130 M M 0 20 130
30 72 50 61 7 4 0 0.00 0.0 M 13.5 30 120 M M 0 41 130
================================================================================
SM 2385 1500 134 132 0.15 0.0 225.6 M 7
================================================================================
AV 79.5 50.0 7.5 FASTST M M 0 MAX(MPH)
MISC ----> 38 220 50 200
================================================================================
NOTES:
# LAST OF SEVERAL OCCURRENCES
COLUMN 17 PEAK WIND IN M.P.H.
PRELIMINARY LOCAL CLIMATOLOGICAL DATA (WS FORM: F-6) , PAGE 2
STATION: TUCSON AZ
MONTH: NOVEMBER
YEAR: 2020
LATITUDE: 32 7 N
LONGITUDE: 110 56 W
[TEMPERATURE DATA] [PRECIPITATION DATA] SYMBOLS USED IN COLUMN 16
AVERAGE MONTHLY: 64.8 TOTAL FOR MONTH: 0.15 1 = FOG OR MIST
DPTR FM NORMAL: 5.0 DPTR FM NORMAL: -0.42 2 = FOG REDUCING VISIBILITY
HIGHEST: 94 ON 5 GRTST 24HR 0.15 ON 9- 9 TO 1/4 MILE OR LESS
LOWEST: 32 ON 28 3 = THUNDER
SNOW, ICE PELLETS, HAIL 4 = ICE PELLETS
TOTAL MONTH: 0.0 INCH 5 = HAIL
GRTST 24HR 0.0 6 = FREEZING RAIN OR DRIZZLE
GRTST DEPTH: M ON M 7 = DUSTSTORM OR SANDSTORM:
VSBY 1/2 MILE OR LESS
8 = SMOKE OR HAZE
[NO. OF DAYS WITH] [WEATHER - DAYS WITH] 9 = BLOWING SNOW
X = TORNADO
MAX 32 OR BELOW: 0 0.01 INCH OR MORE: 1
MAX 90 OR ABOVE: 8 0.10 INCH OR MORE: 1
MIN 32 OR BELOW: 1 0.50 INCH OR MORE: 0
MIN 0 OR BELOW: 0 1.00 INCH OR MORE: 0
[HDD (BASE 65) ]
TOTAL THIS MO. 134 CLEAR (SCALE 0-3) 21
DPTR FM NORMAL -48 PTCLDY (SCALE 4-7) 1
TOTAL FM JUL 1 177 CLOUDY (SCALE 8-10) 8
DPTR FM NORMAL -31
[CDD (BASE 65) ]
TOTAL THIS MO. 132
DPTR FM NORMAL 105 [PRESSURE DATA]
TOTAL FM JAN 1 4147 HIGHEST SLP 30.21 ON 28
DPTR FM NORMAL 1001 LOWEST SLP 29.54 ON 7
[REMARKS]
#FINAL-11-20#