000
CXUS55 KTWC 032351
CF6TUS
PRELIMINARY LOCAL CLIMATOLOGICAL DATA (WS FORM: F-6)
STATION: TUCSON AZ
MONTH: MAY
YEAR: 2020
LATITUDE: 32 7 N
LONGITUDE: 110 56 W
TEMPERATURE IN F: :PCPN: SNOW: WIND :SUNSHINE: SKY :PK WND
================================================================================
1 2 3 4 5 6A 6B 7 8 9 10 11 12 13 14 15 16 17 18
12Z AVG MX 2MIN
DY MAX MIN AVG DEP HDD CDD WTR SNW DPTH SPD SPD DIR MIN PSBL S-S WX SPD DR
================================================================================
1 100 66 83 11 0 18 0.00 0.0 M 9.9 23 260 M M 0 32 180
2 98 68 83 11 0 18 0.00 0.0 M 9.2 22 200 M M 0 31 190
3 96 66 81 9 0 16 0.00 0.0 M 7.0 20 270 M M 0 30 280
4 95 62 79 7 0 14 0.00 0.0 M 6.9 18 340 M M 0 26 340
5 101 61 81 8 0 16 0.00 0.0 M 5.7 13 280 M M 0 8 18 300
6 106 64 85 12 0 20 0.00 0.0 M 6.9 18 280 M M 0 27 290
7 102 68 85 12 0 20 0.00 0.0 M 8.0 20 280 M M 0 28 290
8 100 68 84 10 0 19 0.00 0.0 M 7.3 20 290 M M 0 29 290
9 98 68 83 9 0 18 0.00 0.0 M 7.3 24 170 M M 0 28 170
10 94 74 84 10 0 19 0.01 0.0 M 7.5 25 250 M M 1 3 34 250
11 96 68 82 8 0 17 0.00 0.0 M 7.5 20 210 M M 0 27 220
12 93 65 79 4 0 14 0.00 0.0 M 7.4 18 270 M M 0 30 240
13 91 61 76 1 0 11 0.00 0.0 M 6.9 21 290 M M 0 30 290
14 88 60 74 -1 0 9 0.00 0.0 M 5.5 15 270 M M 0 23 260
15 93 62 78 2 0 13 0.00 0.0 M 5.6 17 280 M M 0 23 290
16 95 63 79 3 0 14 0.00 0.0 M 5.6 14 270 M M 0 19 280
17 98 64 81 5 0 16 0.00 0.0 M 4.3 20 230 M M 0 27 230
18 97 65 81 4 0 16 0.00 0.0 M 9.6 22 220 M M M 30 210
19 93 64 79 2 0 14 0.00 0.0 M 10.9 25 210 M M M 34 260
20 86 56 71 -6 0 6 0.00 0.0 M 5.6 17 330 M M M 24 20
21 89 53 71 -7 0 6 0.00 0.0 M 6.2 14 340 M M M 19 340
22 93 59 76 -2 0 11 0.00 0.0 M 6.8 21 200 M M M 29 180
23 92 56 74 -4 0 9 0.00 0.0 M 9.5 22 280 M M M 32 240
24 89 61 75 -3 0 10 0.00 0.0 M 7.2 18 310 M M M 27 280
25 93 63 78 -1 0 13 0.00 0.0 M 5.7 13 340 M M 0 21 290
26 98 62 80 1 0 15 0.00 0.0 M 7.1 15 330 M M 0 20 320
27 103 66 85 6 0 20 0.00 0.0 M 7.3 17 350 M M M 27 340
28 105 69 87 7 0 22 0.00 0.0 M 8.2 20 360 M M 0 28 320
29 108 72 90 10 0 25 T 0.0 M 6.8 28 200 M M 0 38 39 180
30 105 77 91 11 0 26 T 0.0 M 8.9 45 200 M M 1 69 180
31 104 76 90 9 0 25 T 0.0 M 9.0 25 220 M M 0 3 40 210
================================================================================
SM 2999 2007 0 490 0.01 0.0 227.3 M 2
================================================================================
AV 96.7 64.7 7.3 FASTST M M 0 MAX(MPH)
MISC ----> 45 200 69 180
================================================================================
NOTES:
# LAST OF SEVERAL OCCURRENCES
COLUMN 17 PEAK WIND IN M.P.H.
PRELIMINARY LOCAL CLIMATOLOGICAL DATA (WS FORM: F-6) , PAGE 2
STATION: TUCSON AZ
MONTH: MAY
YEAR: 2020
LATITUDE: 32 7 N
LONGITUDE: 110 56 W
[TEMPERATURE DATA] [PRECIPITATION DATA] SYMBOLS USED IN COLUMN 16
AVERAGE MONTHLY: 80.7 TOTAL FOR MONTH: 0.01 1 = FOG OR MIST
DPTR FM NORMAL: 4.7 DPTR FM NORMAL: -0.22 2 = FOG REDUCING VISIBILITY
HIGHEST: 108 ON 29 GRTST 24HR 0.01 ON 10-10 TO 1/4 MILE OR LESS
LOWEST: 53 ON 21 3 = THUNDER
SNOW, ICE PELLETS, HAIL 4 = ICE PELLETS
TOTAL MONTH: 0.0 INCH 5 = HAIL
GRTST 24HR 0.0 6 = FREEZING RAIN OR DRIZZLE
GRTST DEPTH: M ON M 7 = DUSTSTORM OR SANDSTORM:
VSBY 1/2 MILE OR LESS
8 = SMOKE OR HAZE
[NO. OF DAYS WITH] [WEATHER - DAYS WITH] 9 = BLOWING SNOW
X = TORNADO
MAX 32 OR BELOW: 0 0.01 INCH OR MORE: 1
MAX 90 OR ABOVE: 27 0.10 INCH OR MORE: 0
MIN 32 OR BELOW: 0 0.50 INCH OR MORE: 0
MIN 0 OR BELOW: 0 1.00 INCH OR MORE: 0
[HDD (BASE 65) ]
TOTAL THIS MO. 0 CLEAR (SCALE 0-3) 23
DPTR FM NORMAL -5 PTCLDY (SCALE 4-7) 0
TOTAL FM JUL 1 1258 CLOUDY (SCALE 8-10) 8
DPTR FM NORMAL -251
[CDD (BASE 65) ]
TOTAL THIS MO. 490
DPTR FM NORMAL 142 [PRESSURE DATA]
TOTAL FM JAN 1 669 HIGHEST SLP 29.92 ON 20
DPTR FM NORMAL 167 LOWEST SLP 29.66 ON 23
[REMARKS]
#FINAL-05-20#