000
CXUS53 KARX 011020
CLMLSE

CLIMATE REPORT
NATIONAL WEATHER SERVICE
520 AM CDT SAT MAY 01 2021

...................................

...THE LA CROSSE WI CLIMATE SUMMARY FOR THE MONTH OF APRIL 2021...

CLIMATE NORMAL PERIOD 1981 TO 2010
CLIMATE RECORD PERIOD 1872 TO 2021

WEATHER         OBSERVED          NORMAL  DEPART   LAST YEAR`S
                VALUE   DATE(S)   VALUE   FROM     VALUE DATE(S)
                                          NORMAL
................................................................
TEMPERATURE (F)
RECORD
 HIGH             93   04/22/1980
                       04/29/1910
 LOW               7   04/06/1982
                       04/01/1924
HIGHEST           82   04/06                          73  04/27
LOWEST            21   04/01                          22  04/15
AVG. MAXIMUM    60.4               59.3     1.1     57.8
AVG. MINIMUM    40.2               37.9     2.3     36.2
MEAN              MM               48.6      MM     47.0
DAYS MAX >= 90     0                0.0     0.0        0
DAYS MAX <= 32     0                0.0     0.0        0
DAYS MIN <= 32     8                7.7     0.3        9
DAYS MIN <= 0      0                0.0     0.0        0

PRECIPITATION (INCHES)
RECORD
 MAXIMUM        7.31   1973
TOTALS          1.32               3.34   -2.02     1.63
DAYS >= .01        7               11.2    -4.2        9
DAYS >= .10        4                6.5    -2.5        4
DAYS >= .50        1                2.2    -1.2        2
DAYS >= 1.00       0                0.9    -0.9        0
GREATEST
 24 HR. TOTAL   0.53   04/27 TO 04/27               0.61  04/12 TO 04/12

SNOWFALL (INCHES)
RECORDS
 TOTAL          19.0   2018
 SNOW DEPTH       16   04/10/1973
TOTALS             T                1.7    -1.7      2.5
SINCE 7/1       33.0               43.3   -10.3       MM
SNOWDEPTH AVG.     0                                   0
DAYS >= TRACE      1                1.0     0.0        5
DAYS >= 1.0        0                1.0    -1.0        1
GREATEST
 SNOW DEPTH        0                                   2  04/13

DEGREE DAYS
HEATING TOTAL    448                499     -51      531
 SINCE 7/1      6438               6952    -514     6445
COOLING TOTAL     16                  7       9        0
 SINCE 1/1        16                  7       9        0
................................................................

WIND (MPH)
AVERAGE WIND SPEED              9.2
HIGHEST WIND SPEED/DIRECTION    28/320    DATE  04/18
                                28/300          04/29
HIGHEST GUST SPEED/DIRECTION    38/300    DATE  04/29

AVERAGE RH (PERCENT)     59

WEATHER CONDITIONS. NUMBER OF DAYS WITH
THUNDERSTORM              2     MIXED PRECIP               0
HEAVY RAIN                1     RAIN                       1
LIGHT RAIN               13     FREEZING RAIN              0
LT FREEZING RAIN          0     HAIL                       0
HEAVY SNOW                0     SNOW                       0
LIGHT SNOW                1     SLEET                      0
FOG                       9     FOG W/VIS <= 1/4 MILE      1
HAZE                      3

-  INDICATES NEGATIVE NUMBERS.
R  INDICATES RECORD WAS SET OR TIED.
MM INDICATES DATA IS MISSING.
T  INDICATES TRACE AMOUNT.

$$
