000
CXUS53 KARX 010855
CLMLSE


CLIMATE REPORT
NATIONAL WEATHER SERVICE LA CROSSE WI
348 AM CDT THU AUG 1 2019

...................................

...THE LA CROSSE WI CLIMATE SUMMARY FOR THE MONTH OF JULY 2019...

CLIMATE NORMAL PERIOD 1981 TO 2010
CLIMATE RECORD PERIOD 1873 TO 2019

WEATHER         OBSERVED          NORMAL  DEPART  LAST YEAR`S
                 VALUE   DATE(S)  VALUE   FROM    VALUE  DATE(S)
                                          NORMAL
................................................................
TEMPERATURE (F)
RECORD
 HIGH             108   07/13/1995
                        07/14/1936
 LOW               44   07/04/1967
HIGHEST            97   07/19        MM      MM       95  07/12
                                                          07/04
LOWEST             54   07/31        MM      MM       56  07/28
AVG. MAXIMUM     87.3              84.1     3.2     85.8
AVG. MINIMUM     66.9              63.2     3.7     65.0
MEAN             77.1              73.7     3.4     75.4
DAYS MAX >= 90      8               5.5     2.5        5
DAYS MAX <= 32      0               0.0     0.0        0
DAYS MIN <= 32      0               0.0     0.0        0
DAYS MIN <= 0       0               0.0     0.0        0

PRECIPITATION (INCHES)
RECORD
 MAXIMUM        11.03   1883
 MINIMUM         0.16   1967
TOTALS           6.55              4.26    2.29     2.40
DAILY AVG.       0.21              0.14    0.07     0.08
DAYS >= .01        10              10.4    -0.4        7
DAYS >= .10         9               6.7     2.3        4
DAYS >= .50         5               2.8     2.2        3
DAYS >= 1.00        2               1.1     0.9        0
GREATEST
 24 HR. TOTAL    2.05   07/18 TO 07/18

SNOWFALL (INCHES)
RECORDS
 TOTAL             MM   MM
TOTALS            0.0               0.0     0.0      0.0
SINCE 7/1         0.0               0.0     0.0      0.0
SNOWDEPTH AVG.      0                MM      MM        0
DAYS >= TRACE       0               0.0     0.0        0
DAYS >= 1.0         0               0.0     0.0        0
GREATEST
 SNOW DEPTH         0   MM                             0  MM
 24 HR TOTAL      0.0   07/31 TO 07/31

DEGREE_DAYS
HEATING TOTAL       0                 5      -5        0
 SINCE 7/1          0                 5      -5        0
COOLING TOTAL     383               273     110      331
 SINCE 1/1        571               487      84      760
.................................................................

WIND (MPH)
AVERAGE WIND SPEED              7.3
HIGHEST WIND SPEED/DIRECTION    37/320    DATE  07/20
HIGHEST GUST SPEED/DIRECTION    52/310    DATE  07/20

SKY COVER
POSSIBLE SUNSHINE (PERCENT)   MM
AVERAGE SKY COVER           0.30
NUMBER OF DAYS FAIR           19
NUMBER OF DAYS PC             12
NUMBER OF DAYS CLOUDY          0

AVERAGE RH (PERCENT)     67

WEATHER CONDITIONS. NUMBER OF DAYS WITH
THUNDERSTORM              9     MIXED PRECIP               0
HEAVY RAIN                7     RAIN                       6
LT RAIN                  14     FREEZING RAIN              0
LT FREEZING RAIN          0     HAIL                       0
HEAVY SNOW                0     SNOW                       0
LIGHT SNOW                0     SLEET                      0
FOG                      11     FOG W/VIS <= 1/4 MILE      1
HAZE                      3

-  INDICATES NEGATIVE NUMBERS.
R  INDICATES RECORD WAS SET OR TIED.
MM INDICATES DATA IS MISSING.
T  INDICATES TRACE AMOUNT.

$$

BOYNE
