000
CXUS53 KARX 020110
CLMLSE


CLIMATE REPORT
NATIONAL WEATHER SERVICE LA CROSSE WI
648 PM CST SUN DEC 1 2019

...Below normal temperatures and above normal precipitation
during November in La Crosse, Wisconsin...

The average temperature for the month was 32.4 degrees. This was 3.5
degrees below normal. The average high temperature was 38.4 degrees
and the average low was 26.4 degrees. The highest temperature was 50
degrees on the 25th, and the lowest temperature was 6 degrees on the
12th.

La Crosse received 2.74 inches of precipitation during the month of
November. This was 0.73 inches above normal. The greatest 24-hour
precipitation total was 0.86 inches which occurred on the 21st.
Total snowfall for the month was 6.5 inches. The greatest 24-hour
snowfall total was 4.5 inches which occurred on the 6th.

...Records...

On November 6th, 4.5 inches of snow was reported. This broke the
previous record of 2.0 inches set back in 1896.

...Discussion...

The first half of the month was unseasonably cold (tied for 2nd coldest
with 1951 - only 1991 was colder), while the last half of the month averaged
4.2 degrees above normal. There were 7 days where the daily
average temperature was 10 degrees or more below the normal. This
cold stretch lasted from the 1st to the 15th. There were 6 days with
high temperatures at or below 32 degrees.

It was wetter than normal for the month of November in La Crosse.
The wettest stretch occurred at the end the month, with a total of
1.33 inches of liquid accumulating over a 7 day period. There were 3
days of measurable snowfall and 15 days of measurable precipitation.

...................................

...THE LA CROSSE WI CLIMATE SUMMARY FOR THE MONTH OF NOVEMBER 2019...

CLIMATE NORMAL PERIOD 1981 TO 2010
CLIMATE RECORD PERIOD 1873 TO 2019

WEATHER         OBSERVED          NORMAL  DEPART  LAST YEAR`S
                 VALUE   DATE(S)  VALUE   FROM    VALUE  DATE(S)
                                          NORMAL
................................................................
TEMPERATURE (F)
RECORD
 HIGH              80   11/01/1933
 LOW              -21   11/29/1875
HIGHEST            50   11/25        MM      MM       56  11/01
LOWEST              6   11/12        MM      MM        9  11/18
AVG. MAXIMUM     38.4              43.8    -5.4     36.7
AVG. MINIMUM     26.4              28.1    -1.7     25.4
MEAN             32.4              35.9    -3.5     31.0
DAYS MAX >= 90      0               0.0     0.0        0
DAYS MAX <= 32      6               4.5     1.5       14
DAYS MIN <= 32     23              19.6     3.4       25
DAYS MIN <= 0       0               0.1    -0.1        0

PRECIPITATION (INCHES)
RECORD
 MAXIMUM         7.24   1876
 MINIMUM            T   1976
TOTALS           2.74              2.01    0.73     2.72
DAILY AVG.       0.09              0.07    0.02     0.09
DAYS >= .01        15               9.0     6.0       11
DAYS >= .10         6               4.7     1.3        4
DAYS >= .50         1               1.2    -0.2        1
DAYS >= 1.00        0               0.3    -0.3        1
GREATEST
 24 HR. TOTAL    0.86   11/21 TO 11/21

SNOWFALL (INCHES)
RECORDS
 TOTAL           30.3   1991
TOTALS            6.5               4.1     2.4      1.9
SINCE 7/1         6.5               4.3     2.2      2.0
SNOWDEPTH AVG.      1                MM      MM        0
DAYS >= TRACE      13               3.1     9.9       15
DAYS >= 1.0         2               1.2     0.8        0
GREATEST
 SNOW DEPTH         4   11/07                          1  11/30
                                                          11/29
                                                          11/19
 24 HR TOTAL      4.5   11/06 TO 11/06

DEGREE_DAYS
HEATING TOTAL     971               872      99     1012
 SINCE 7/1       1484              1500     -16     1630
COOLING TOTAL       0                 0       0        0
 SINCE 1/1        950               782     168     1188
.................................................................

WIND (MPH)
AVERAGE WIND SPEED              8.8
HIGHEST WIND SPEED/DIRECTION    31/330    DATE  11/27
HIGHEST GUST SPEED/DIRECTION    43/330    DATE  11/27

SKY COVER
POSSIBLE SUNSHINE (PERCENT)   MM
AVERAGE SKY COVER           0.70
NUMBER OF DAYS FAIR            5
NUMBER OF DAYS PC             10
NUMBER OF DAYS CLOUDY         15

AVERAGE RH (PERCENT)     70

WEATHER CONDITIONS. NUMBER OF DAYS WITH
THUNDERSTORM              1     MIXED PRECIP               0
HEAVY RAIN                2     RAIN                       3
LT RAIN                  15     FREEZING RAIN              0
LT FREEZING RAIN          0     HAIL                       0
HEAVY SNOW                0     SNOW                       1
LIGHT SNOW               13     SLEET                      0
FOG                      14     FOG W/VIS <= 1/4 MILE      1
HAZE                      7

-  INDICATES NEGATIVE NUMBERS.
R  INDICATES RECORD WAS SET OR TIED.
MM INDICATES DATA IS MISSING.
T  INDICATES TRACE AMOUNT.

$$

Boyne
