000
CXUS53 KARX 011020
CLMRST

CLIMATE REPORT
NATIONAL WEATHER SERVICE
520 AM CDT SAT MAY 01 2021

...................................

...THE ROCHESTER MN CLIMATE SUMMARY FOR THE MONTH OF APRIL 2021...

CLIMATE NORMAL PERIOD 1981 TO 2010
CLIMATE RECORD PERIOD 1886 TO 2021

WEATHER         OBSERVED          NORMAL  DEPART   LAST YEAR`S
                VALUE   DATE(S)   VALUE   FROM     VALUE DATE(S)
                                          NORMAL
................................................................
TEMPERATURE (F)
RECORD
 HIGH             92   04/24/2009
 LOW               5   04/06/1982
HIGHEST           81   04/04                          76  04/22
LOWEST            16   04/01                           8  04/15
AVG. MAXIMUM    56.8               57.0    -0.2     54.0
AVG. MINIMUM    35.9               36.4    -0.5     31.5
MEAN            46.3               46.7    -0.4     42.8
DAYS MAX >= 90     0                0.0     0.0        0
DAYS MAX <= 32     0                1.0    -1.0        3
DAYS MIN <= 32    11                8.6     2.4       17
DAYS MIN <= 0      0                0.0     0.0        0

PRECIPITATION (INCHES)
RECORD
 MAXIMUM        7.30   2001
TOTALS          0.81               3.24   -2.43     1.82
DAYS >= .01        7               11.2    -4.2       11
DAYS >= .10        3                6.8    -3.8        5
DAYS >= .50        0                2.1    -2.1        1
DAYS >= 1.00       0                0.6    -0.6        0
GREATEST
 24 HR. TOTAL   0.41   04/09 TO 04/09               0.79  04/12 TO 04/12

SNOWFALL (INCHES)
RECORDS
 TOTAL          17.0   2018
 SNOW DEPTH       11   04/27/1988
TOTALS             T                3.3    -3.3      8.5
SINCE 7/1       41.7               51.9   -10.2       MM
SNOWDEPTH AVG.     0                                   1
DAYS >= TRACE      3                2.0     1.0        5
DAYS >= 1.0        0                1.0    -1.0        1
GREATEST
 SNOW DEPTH        0                                   8  04/13

DEGREE DAYS
HEATING TOTAL    554                553       1      661
 SINCE 7/1      7303               7425    -122     7569
COOLING TOTAL      3                  4      -1        0
 SINCE 1/1         3                  4      -1        0
................................................................

WIND (MPH)
AVERAGE WIND SPEED              11.9
HIGHEST WIND SPEED/DIRECTION    35/170    DATE  04/05
HIGHEST GUST SPEED/DIRECTION    45/170    DATE  04/05

AVERAGE RH (PERCENT)     63

WEATHER CONDITIONS. NUMBER OF DAYS WITH
THUNDERSTORM              3     MIXED PRECIP               2
HEAVY RAIN                1     RAIN                       2
LIGHT RAIN               14     FREEZING RAIN              0
LT FREEZING RAIN          0     HAIL                       0
HEAVY SNOW                0     SNOW                       0
LIGHT SNOW                2     SLEET                      0
FOG                      12     FOG W/VIS <= 1/4 MILE      1
HAZE                      1

-  INDICATES NEGATIVE NUMBERS.
R  INDICATES RECORD WAS SET OR TIED.
MM INDICATES DATA IS MISSING.
T  INDICATES TRACE AMOUNT.

$$
