000
CXUS53 KARX 011213
CLMRST


CLIMATE REPORT
NATIONAL WEATHER SERVICE LA CROSSE WI
609 AM CST SAT FEB 1 2020

...................................

...THE ROCHESTER MN CLIMATE SUMMARY FOR THE MONTH OF JANUARY 2020...

CLIMATE NORMAL PERIOD 1981 TO 2010
CLIMATE RECORD PERIOD 1886 TO 2020

WEATHER         OBSERVED          NORMAL  DEPART  LAST YEAR`S
                 VALUE   DATE(S)  VALUE   FROM    VALUE  DATE(S)
                                          NORMAL
................................................................
TEMPERATURE (F)
RECORD
 HIGH              58   01/25/1944
 LOW              -42   01/07/1887
HIGHEST            40   01/09        MM      MM       44  01/05
LOWEST            -10   01/16        MM      MM      -30  01/31
AVG. MAXIMUM     25.6              23.6     2.0     19.7
AVG. MINIMUM     12.1               7.7     4.4      4.4
MEAN             18.9              15.7     3.2     12.1
DAYS MAX >= 90      0               0.0     0.0        0
DAYS MAX <= 32     26              22.4     3.6       25
DAYS MIN <= 32     31              30.5     0.5       31
DAYS MIN <= 0       8               9.4    -1.4       11

PRECIPITATION (INCHES)
RECORD
 MAXIMUM         4.40   1886
 MINIMUM         0.07   1961
TOTALS           1.01              0.86    0.15     1.23
DAILY AVG.       0.03              0.03    0.00     0.04
DAYS >= .01        13               8.4     4.6       11
DAYS >= .10         3               2.7     0.3        4
DAYS >= .50         0               0.2    -0.2        1
DAYS >= 1.00        0               0.0     0.0        0
GREATEST
 24 HR. TOTAL    0.28   01/17 TO 01/17           01/18 TO 01/18

SNOWFALL (INCHES)
RECORDS
 TOTAL           30.2   1996
 24 HR TOTAL      8.5   01/21/2005 TO 01/21/2005
TOTALS           12.4              12.0     0.4     18.5
SINCE 7/1        32.9              31.4     1.5     33.8
SNOWDEPTH AVG.      4                 6      -2        4
DAYS >= TRACE      19               8.6    10.4       13
DAYS >= 1.0         4               3.6     0.4        5
GREATEST
 SNOW DEPTH         9   01/26                         13
                        01/25
                        01/24
 24 HR TOTAL      4.2   01/17 TO 01/17               8.1

DEGREE_DAYS
HEATING TOTAL    1420              1530    -110     1634
 SINCE 7/1       4611              4608       3     4860
COOLING TOTAL       0                 0       0        0
 SINCE 1/1          0                 0       0        0
.................................................................

WIND (MPH)
AVERAGE WIND SPEED              12.6
HIGHEST WIND SPEED/DIRECTION    41/290    DATE  01/18
HIGHEST GUST SPEED/DIRECTION    53/290    DATE  01/18

SKY COVER
POSSIBLE SUNSHINE (PERCENT)   MM
AVERAGE SKY COVER           0.70
NUMBER OF DAYS FAIR            7
NUMBER OF DAYS PC              8
NUMBER OF DAYS CLOUDY         16

AVERAGE RH (PERCENT)     81

WEATHER CONDITIONS. NUMBER OF DAYS WITH
THUNDERSTORM              0     MIXED PRECIP               0
HEAVY RAIN                0     RAIN                       0
LT RAIN                   1     FREEZING RAIN              0
LT FREEZING RAIN          4     HAIL                       0
HEAVY SNOW                2     SNOW                       5
LIGHT SNOW               19     SLEET                      0
FOG                      20     FOG W/VIS <= 1/4 MILE      5
HAZE                     14

-  INDICATES NEGATIVE NUMBERS.
R  INDICATES RECORD WAS SET OR TIED.
MM INDICATES DATA IS MISSING.
T  INDICATES TRACE AMOUNT.

$$

Boyne
