467
CXUS51 KBGM 030221 CCB
CLMBGM

CLIMATE REPORT...CORRECTED
NATIONAL WEATHER SERVICE BINGHAMTON, NY
1020 PM EDT FRI APR 02 2021

...................................

...THE BINGHAMTON NY CLIMATE SUMMARY FOR THE MONTH OF MARCH 2021...

CLIMATE NORMAL PERIOD 1981 TO 2010
CLIMATE RECORD PERIOD 1951 TO 2021

WEATHER         OBSERVED          NORMAL  DEPART   LAST YEAR`S
                VALUE   DATE(S)   VALUE   FROM     VALUE DATE(S)
                                          NORMAL
................................................................
TEMPERATURE (F)
RECORD
 HIGH             82   03/31/1998
                       03/30/1998
 LOW              -7   03/19/1993
HIGHEST           71   03/25         41      30       67  03/09
LOWEST             8   03/02         25     -17       15  03/01
AVG. MAXIMUM    45.5               41.1     4.4     46.2
AVG. MINIMUM    26.1               24.6     1.5     30.1
MEAN            35.8               32.8     3.0     38.1
DAYS MAX >= 90     0                0.0     0.0        0
DAYS MAX <= 32     7                6.7     0.3        1
DAYS MIN <= 32    21               23.7    -2.7       17
DAYS MIN <= 0      0                0.2    -0.2        0

PRECIPITATION (INCHES)
RECORD
 MAXIMUM        6.33   2008
 MINIMUM        0.69   1981
TOTALS          1.98               2.99   -1.01     2.35
DAILY AVG.      0.06               0.10   -0.04     0.08
DAYS >= .01       12               14.6    -2.6       16
DAYS >= .10        5                7.3    -2.3       10
DAYS >= .50        2                1.9     0.1        0
DAYS >= 1.00       0                0.3    -0.3        0
GREATEST
 24 HR. TOTAL   0.78   03/18 TO 03/18

SNOWFALL (INCHES)
RECORDS
 TOTAL          46.5   2001
 24 HR TOTAL    31.3   03/14/2017 TO 03/15/2017
 SNOW DEPTH       35   03/15/1993
TOTALS           2.5               15.1   -12.6      3.2
SINCE 7/1      100.2               79.0    21.2       MM
SNOWDEPTH AVG.     2                                   0
DAYS >= TRACE     12               10.4     1.6       11
DAYS >= 1.0        1                3.8    -2.8        1
GREATEST
 SNOW DEPTH        8   03/01                           2  03/24
                                                          03/01
                                                          03/23
 24 HR TOTAL     1.2   03/01 TO 03/02

DEGREE DAYS
HEATING TOTAL    896                997    -101      821
 SINCE 7/1      5736               6196    -460     5733
COOLING TOTAL      0                  0       0        0
 SINCE 1/1         0                  0       0        0
................................................................

WIND (MPH)
AVERAGE WIND SPEED              10.2
RESULTANT WIND SPEED/DIRECTION   4/290
HIGHEST WIND SPEED/DIRECTION    35/280    DATE  03/26
HIGHEST GUST SPEED/DIRECTION    46/260    DATE  03/26

SKY COVER
POSSIBLE SUNSHINE (PERCENT)   MM
AVERAGE SKY COVER           0.45
NUMBER OF DAYS FAIR           13
NUMBER OF DAYS PC             11
NUMBER OF DAYS CLOUDY          7

AVERAGE RH (PERCENT)     61

WEATHER CONDITIONS. NUMBER OF DAYS WITH
THUNDERSTORM              0     MIXED PRECIP               0
HEAVY RAIN                0     RAIN                       4
LIGHT RAIN                8     FREEZING RAIN              0
LT FREEZING RAIN          0     HAIL                       0
HEAVY SNOW                2     SNOW                       3
LIGHT SNOW               11     SLEET                      0
FOG                      14     FOG W/VIS <= 1/4 MILE      3
HAZE                      3

-  INDICATES NEGATIVE NUMBERS.
R  INDICATES RECORD WAS SET OR TIED.
MM INDICATES DATA IS MISSING.
T  INDICATES TRACE AMOUNT.

&&
6TH LEAST MARCH SNOWFALL TOTAL
$$
