000
CXUS54 KFWD 010731
CF6ILE
PRELIMINARY LOCAL CLIMATOLOGICAL DATA (WS FORM: F-6)
STATION: KILLEEN SKYLARK
MONTH: MAY
YEAR: 2023
LATITUDE: 31 4 N
LONGITUDE: 97 41 W
TEMPERATURE IN F: :PCPN: SNOW: WIND :SUNSHINE: SKY :PK WND
================================================================================
1 2 3 4 5 6A 6B 7 8 9 10 11 12 13 14 15 16 17 18
12Z AVG MX 2MIN
DY MAX MIN AVG DEP HDD CDD WTR SNW DPTH SPD SPD DIR MIN PSBL S-S WX SPD DR
================================================================================
1 77 57 67 -2 0 2 0.00 M M 8.7 14 70 M M 0 17 70
2 81 58 70 1 0 5 0.00 M M 4.5 10 110 M M 3 M M
3 84 61 73 3 0 8 0.00 M M 5.4 12 130 M M 1 16 140
4 82 65 74 4 0 9 0.00 M M 9.4 16 160 M M 4 23 150
5 94 65 80 10 0 15 1.23 M M 12.5 23 40 M M 3 138 45 30
6 M M M M M M 0.00 M M 11.8 16 150 M M 3 23 180
7 M M M M M M 0.00 M M 10.8 23 170 M M 4 33 170
8 M M M M M M 0.01 M M 10.0 21 140 M M 3 138 38 160
9 M M M M M M 0.02 M M 8.1 15 100 M M 4 8 M M
10 M M M M M M 0.43 M M 5.1 12 50 M M 8 18 M M
11 M M M M M M 0.00 M M 10.7 16 150 M M 5 24 150
12 M M M M M M 0.06 M M 12.1 20 270 M M 6 8 44 260
13 73 66 70 -2 0 5 0.53 M M 4.2 13 270 M M 6 138 28 270
14 83 65 74 2 0 9 0.00 M M 3.1 6 220 M M 5 1 M M
15 86 65 76 3 0 11 0.30 M M 3.7 14 220 M M 4 1238 33 190
16 79 65 72 -1 0 7 0.00 M M 4.2 9 340 M M 4 M M
17 87 61 74 1 0 9 0.00 M M 3.3 9 340 M M 1 M M
18 90 64 77 3 0 12 0.00 M M 6.1 13 140 M M 0 17 120
19 73 73 73 -1 0 8 0.00 M M 5.8 6 170 M M 0 M M
20 M M M M M M M M M M M M M M M M M
21 M M M M M M M M M M M M M M M M M
22 85 58 72 -3 0 7 0.00 M M 5.8 9 120 M M 2 M M
23 90 63 77 2 0 12 0.22 M M 6.3 18 330 M M 2 13 29 330
24 82 64 73 -2 0 8 0.56 M M 5.6 22 310 M M 3 13 41 280
25 84 64 74 -2 0 9 0.00 M M 4.7 10 100 M M 1 M M
26 85 64 75 -1 0 10 0.00 M M 4.4 12 110 M M 1 8 M M
27 87 63 75 -1 0 10 0.05 M M 3.7 10 330 M M 2 1 18 230
28 87 66 77 1 0 12 0.00 M M 7.2 14 160 M M 0 1 21 130
29 86 68 77 0 0 12 0.00 M M 5.7 12 180 M M 0 M M
30 90 65 78 1 0 13 0.00 M M 5.5 14 90 M M 1 M M
31 89 66 78 1 0 13 0.00 M M 7.1 13 140 M M 1 21 140
================================================================================
SM 1854 1406 0 206 3.41 M 195.4 M 77
================================================================================
AV 84.3 63.9 6.7 FASTST M M 3 MAX(MPH)
MISC ----> 23 40 45 30
================================================================================
NOTES:
# LAST OF SEVERAL OCCURRENCES
COLUMN 17 PEAK WIND IN M.P.H.
PRELIMINARY LOCAL CLIMATOLOGICAL DATA (WS FORM: F-6) , PAGE 2
STATION: KILLEEN SKYLARK
MONTH: MAY
YEAR: 2023
LATITUDE: 31 4 N
LONGITUDE: 97 41 W
[TEMPERATURE DATA] [PRECIPITATION DATA] SYMBOLS USED IN COLUMN 16
AVERAGE MONTHLY: 74.1 TOTAL FOR MONTH: 3.41 1 = FOG OR MIST
DPTR FM NORMAL: 1.0 DPTR FM NORMAL: -0.61 2 = FOG REDUCING VISIBILITY
HIGHEST: 94 ON 5 GRTST 24HR 1.23 ON 5- 5 TO 1/4 MILE OR LESS
LOWEST: 57 ON 1 3 = THUNDER
SNOW, ICE PELLETS, HAIL 4 = ICE PELLETS
TOTAL MONTH: M 5 = HAIL
GRTST 24HR M ON M 6 = FREEZING RAIN OR DRIZZLE
GRTST DEPTH: M ON M 7 = DUSTSTORM OR SANDSTORM:
VSBY 1/2 MILE OR LESS
8 = SMOKE OR HAZE
[NO. OF DAYS WITH] [WEATHER - DAYS WITH] 9 = BLOWING SNOW
X = TORNADO
MAX 32 OR BELOW: 0 0.01 INCH OR MORE: 10
MAX 90 OR ABOVE: 4 0.10 INCH OR MORE: 6
MIN 32 OR BELOW: 0 0.50 INCH OR MORE: 3
MIN 0 OR BELOW: 0 1.00 INCH OR MORE: 1
[HDD (BASE 65) ]
TOTAL THIS MO. 0 CLEAR (SCALE 0-3) 17
DPTR FM NORMAL -10 PTCLDY (SCALE 4-7) 12
TOTAL FM JUL 1 1680 CLOUDY (SCALE 8-10) 2
DPTR FM NORMAL -484
[CDD (BASE 65) ]
TOTAL THIS MO. 206
DPTR FM NORMAL -55 [PRESSURE DATA]
TOTAL FM JAN 1 423 HIGHEST SLP 30.20 ON 20
DPTR FM NORMAL 33 LOWEST SLP 29.81 ON 17
[REMARKS]
#FINAL-05-23#