000
CXUS55 KTBW 221000
CF6SRQ
PRELIMINARY LOCAL CLIMATOLOGICAL DATA (WS FORM: F-6)

                                          STATION:   Sarasota Bradenton
                                          MONTH:     MAY
                                          YEAR:      2018
                                          LATITUDE:   27 23 N
                                          LONGITUDE:  82 33 W

  TEMPERATURE IN F:       :PCPN:    SNOW:  WIND      :SUNSHINE: SKY     :PK WND
================================================================================
1   2   3   4   5  6A  6B    7    8   9   10  11  12  13   14  15   16   17  18
                                     12Z  AVG MX 2MIN
DY MAX MIN AVG DEP HDD CDD  WTR  SNW DPTH SPD SPD DIR MIN PSBL S-S WX    SPD DR
================================================================================

 1  89  64  77   3   0  12 0.00  0.0    0 10.3 22  90   M    M   2        27  90
 2  90  61  76   2   0  11 0.00  0.0    0 10.6 21  80   M    M   2        28  80
 3  91  63  77   3   0  12 0.00  0.0    0 10.4 21  90   M    M   1        27  90
 4  91  66  79   5   0  14 0.00  0.0    0  9.4 22 240   M    M   1        26 250
 5  91  65  78   4   0  13 0.12  0.0    0  9.1 22 310   M    M   4 1      26 320
 6  84  70  77   2   0  12    T  0.0    0  5.8 17 290   M    M   7 8      20 300
 7  90  66  78   3   0  13 0.00  0.0    0  7.0 20 320   M    M   1 1      25 320
 8  91  64  78   3   0  13 0.00  0.0    0  7.9 18 340   M    M   1        22 330
 9  92  63  78   3   0  13 0.00  0.0    0  8.4 17 110   M    M   1        25 100
10  88  63  76   1   0  11 0.00  0.0    0  6.5 14  90   M    M   0        17  80
11  92  66  79   3   0  14 0.00  0.0    0  5.0 15  80   M    M   0        21 260
12  84  69  77   1   0  12 0.00  0.0    0  5.8 14  50   M    M   6        18  60
13  83  66  75  -1   0  10 1.58  0.0    0  6.8 21  80   M    M   5 1      24  80
14  82  70  76   0   0  11 0.60  0.0    0  7.3 15 160   M    M   9 13     18 120
15  85  70  78   2   0  13 0.24  0.0    0 13.0 24 210   M    M   3 13     30 180
16  85  70  78   2   0  13 0.15  0.0    0 13.7 25 190   M    M   3 13     32 170
17  84  70  77   0   0  12 0.01  0.0    0 10.9 22 230   M    M   5 3      29 220
18  84  69  77   0   0  12 0.00  0.0    0  7.5 15 210   M    M   1        18 200
19  85  70  78   1   0  13 0.30  0.0    0  6.4 20 100   M    M   3 13     25  90
20  81  70  76  -1   0  11 0.40  0.0    0  8.3 21 130   M    M   8 138    25 130
21  84  71  78   1   0  13 0.83  0.0    0  7.4 24 130   M    M   8 13X    28 130
================================================================================
SM 1826 1406         0 258  4.23     0.0 177.5          M       71
================================================================================
AV 87.0 67.0                               8.5 FASTST   M    M   3    MAX(MPH)
                                 MISC ---->  # 25 190               # 32  170
================================================================================
NOTES:
# LAST OF SEVERAL OCCURRENCES

COLUMN 17 PEAK WIND IN M.P.H.

PRELIMINARY LOCAL CLIMATOLOGICAL DATA (WS FORM: F-6) , PAGE 2

                                          STATION:  Sarasota Bradenton
                                          MONTH:    MAY
                                          YEAR:     2018
                                          LATITUDE:   27 23 N
                                          LONGITUDE:  82 33 W

[TEMPERATURE DATA]      [PRECIPITATION DATA]       SYMBOLS USED IN COLUMN 16

AVERAGE MONTHLY: 77.0   TOTAL FOR MONTH:   4.23    1 = FOG OR MIST
DPTR FM NORMAL:   1.4   DPTR FM NORMAL:    2.92    2 = FOG REDUCING VISIBILITY
HIGHEST:    92 ON 11, 9 GRTST 24HR  1.58 ON 13-13      TO 1/4 MILE OR LESS
LOWEST:     61 ON  2                               3 = THUNDER
                        SNOW, ICE PELLETS, HAIL    4 = ICE PELLETS
                        TOTAL MONTH:   0.0 INCH    5 = HAIL
                        GRTST 24HR     0.0         6 = FREEZING RAIN OR DRIZZLE
                        GRTST DEPTH:   0           7 = DUSTSTORM OR SANDSTORM:
                                                       VSBY 1/2 MILE OR LESS
                                                   8 = SMOKE OR HAZE
[NO. OF DAYS WITH]      [WEATHER - DAYS WITH]      9 = BLOWING SNOW
                                                   X = TORNADO
MAX 32 OR BELOW:   0    0.01 INCH OR MORE:   9
MAX 90 OR ABOVE:   8    0.10 INCH OR MORE:   8
MIN 32 OR BELOW:   0    0.50 INCH OR MORE:   3
MIN  0 OR BELOW:   0    1.00 INCH OR MORE:   1

[HDD (BASE 65) ]
TOTAL THIS MO.     0    CLEAR  (SCALE 0-3)  13
DPTR FM NORMAL     0    PTCLDY (SCALE 4-7)   6
TOTAL FM JUL 1   389    CLOUDY (SCALE 8-10)  2
DPTR FM NORMAL   -88

[CDD (BASE 65) ]
TOTAL THIS MO.   258
DPTR FM NORMAL    37    [PRESSURE DATA]
TOTAL FM JAN 1   813    HIGHEST SLP M ON M
DPTR FM NORMAL   195    LOWEST  SLP 29.86 ON 14

[REMARKS]
