000
CXUS52 KFFC 011110
CF6FTY
PRELIMINARY LOCAL CLIMATOLOGICAL DATA (WS FORM: F-6)
STATION: FULTON COUNTY AIRPORT
MONTH: FEBRUARY
YEAR: 2022
LATITUDE: 33 46 N
LONGITUDE: 84 31 W
TEMPERATURE IN F: :PCPN: SNOW: WIND :SUNSHINE: SKY :PK WND
================================================================================
1 2 3 4 5 6A 6B 7 8 9 10 11 12 13 14 15 16 17 18
12Z AVG MX 2MIN
DY MAX MIN AVG DEP HDD CDD WTR SNW DPTH SPD SPD DIR MIN PSBL S-S WX SPD DR
================================================================================
1 61 27 44 -1 21 0 0.00 M M 5.7 14 90 M M 0 22 100
2 57 45 51 6 14 0 0.15 M M 7.7 16 120 M M 6 1 24 130
3 65 46 56 11 9 0 1.70 M M 5.5 21 290 M M 10 13 29 300
4 63 34 49 4 16 0 0.74 M M 9.3 18 300 M M 10 1 29 300
5 44 28 36 -10 29 0 0.00 M M 8.0 18 320 M M 2 29 320
6 51 27 39 -7 26 0 0.00 M M 6.7 17 60 M M 3 23 70
7 50 39 45 -1 20 0 0.00 M M 4.1 13 310 M M 4 18 300
8 55 33 44 -2 21 0 0.00 M M 4.9 17 330 M M 0 24 330
9 62 28 45 -1 20 0 0.00 M M 3.1 17 260 M M 0 24 280
10 67 31 49 3 16 0 0.00 M M 3.6 16 270 M M 0 23 270
11 68 33 51 4 14 0 0.00 M M 3.6 15 200 M M 0 25 220
12 70 34 52 5 13 0 0.00 M M 4.3 15 330 M M 1 23 330
13 48 36 42 -5 23 0 T M M 10.2 23 290 M M 3 32 290
14 57 30 44 -3 21 0 0.00 M M 4.1 16 290 M M 0 26 290
15 63 28 46 -2 19 0 0.00 M M 3.7 13 140 M M 0 18 90
16 70 44 57 9 8 0 0.00 M M 6.2 17 150 M M 4 25 130
17 71 57 64 16 1 0 0.84 M M 10.5 21 300 M M 9 13 33 280
18 63 32 48 0 17 0 0.14 M M 10.3 20 320 M M 6 1 29 280
19 56 30 43 -5 22 0 0.00 M M 6.7 20 320 M M 0 27 320
20 61 27 44 -5 21 0 0.00 M M 3.0 14 110 M M 1 19 90
21 58 41 50 1 15 0 0.55 M M 4.0 15 150 M M 7 1 22 150
22 71 53 62 13 3 0 0.17 M M 5.1 15 180 M M 6 1 24 230
23 77 55 66 17 0 1 0.37 M M 4.5 14 320 M M 5 1 22 200
24 78 55 67 17 0 2 0.00 M M 4.4 12 190 M M 6 12 19 220
25 66 44 55 5 10 0 0.05 M M 7.7 20 310 M M 4 1 30 300
26 62 37 50 0 15 0 0.00 M M 5.3 13 310 M M 6 19 310
27 52 45 49 -1 16 0 0.48 M M 4.2 13 320 M M 10 1 18 310
28 64 43 54 4 11 0 0.00 M M 2.4 10 350 M M 4 15 40
================================================================================
SM 1730 1062 421 3 5.19 M 158.8 M 107
================================================================================
AV 61.8 37.9 5.7 FASTST M M 4 MAX(MPH)
MISC ----> 23 290 33 280
================================================================================
NOTES:
# LAST OF SEVERAL OCCURRENCES
COLUMN 17 PEAK WIND IN M.P.H.
PRELIMINARY LOCAL CLIMATOLOGICAL DATA (WS FORM: F-6) , PAGE 2
STATION: FULTON COUNTY AIRPORT
MONTH: FEBRUARY
YEAR: 2022
LATITUDE: 33 46 N
LONGITUDE: 84 31 W
[TEMPERATURE DATA] [PRECIPITATION DATA] SYMBOLS USED IN COLUMN 16
AVERAGE MONTHLY: 49.9 TOTAL FOR MONTH: 5.19 1 = FOG OR MIST
DPTR FM NORMAL: 2.4 DPTR FM NORMAL: 0.85 2 = FOG REDUCING VISIBILITY
HIGHEST: 78 ON 24 GRTST 24HR 2.36 ON 3- 4 TO 1/4 MILE OR LESS
LOWEST: 27 ON 20, 6 3 = THUNDER
SNOW, ICE PELLETS, HAIL 4 = ICE PELLETS
TOTAL MONTH: M 5 = HAIL
GRTST 24HR M ON M 6 = FREEZING RAIN OR DRIZZLE
GRTST DEPTH: M ON M 7 = DUSTSTORM OR SANDSTORM:
VSBY 1/2 MILE OR LESS
8 = SMOKE OR HAZE
[NO. OF DAYS WITH] [WEATHER - DAYS WITH] 9 = BLOWING SNOW
X = TORNADO
MAX 32 OR BELOW: 0 0.01 INCH OR MORE: 10
MAX 90 OR ABOVE: 0 0.10 INCH OR MORE: 9
MIN 32 OR BELOW: 10 0.50 INCH OR MORE: 4
MIN 0 OR BELOW: 0 1.00 INCH OR MORE: 1
[HDD (BASE 65) ]
TOTAL THIS MO. 421 CLEAR (SCALE 0-3) 13
DPTR FM NORMAL -70 PTCLDY (SCALE 4-7) 11
TOTAL FM JUL 1 1964 CLOUDY (SCALE 8-10) 4
DPTR FM NORMAL -304
[CDD (BASE 65) ]
TOTAL THIS MO. 3
DPTR FM NORMAL 2 [PRESSURE DATA]
TOTAL FM JAN 1 8 HIGHEST SLP 30.55 ON 15
DPTR FM NORMAL 8 LOWEST SLP 29.81 ON 17
[REMARKS]
#FINAL-02-22#