000
CXUS52 KFFC 011110
CF6FTY
PRELIMINARY LOCAL CLIMATOLOGICAL DATA (WS FORM: F-6)
STATION: FULTON COUNTY AIRPORT
MONTH: JANUARY
YEAR: 2021
LATITUDE: 33 46 N
LONGITUDE: 84 31 W
TEMPERATURE IN F: :PCPN: SNOW: WIND :SUNSHINE: SKY :PK WND
================================================================================
1 2 3 4 5 6A 6B 7 8 9 10 11 12 13 14 15 16 17 18
12Z AVG MX 2MIN
DY MAX MIN AVG DEP HDD CDD WTR SNW DPTH SPD SPD DIR MIN PSBL S-S WX SPD DR
================================================================================
1 67 57 62 19 3 0 1.34 M M 6.4 13 160 M M 10 1 17 140
2 65 51 58 15 7 0 T M M 3.2 9 150 M M 6 12 12 160
3 53 34 44 1 21 0 0.00 M M 8.0 16 280 M M 5 24 280
4 58 32 45 2 20 0 0.00 M M 3.2 12 280 M M 1 1 15 270
5 56 39 48 5 17 0 0.00 M M 5.9 17 310 M M 2 23 290
6 55 32 44 1 21 0 0.00 M M 1.3 8 270 M M 0 12 290
7 47 32 40 -3 25 0 0.19 M M 6.7 18 80 M M 5 1 24 70
8 42 37 40 -3 25 0 0.09 M M 8.2 17 300 M M 10 1 25 310
9 38 30 34 -9 31 0 0.00 M M 11.8 20 320 M M 9 27 300
10 48 26 37 -6 28 0 0.00 M M 1.9 9 350 M M 0 15 360
11 45 37 41 -2 24 0 0.25 M M 4.0 12 40 M M 9 18 14 40
12 43 34 39 -4 26 0 0.00 0.0 M 6.4 14 290 M M 9 1 18 290
13 51 29 40 -3 25 0 0.00 0.0 M 3.5 13 300 M M 3 13 17 260
14 56 26 41 -2 24 0 0.00 M M 2.7 13 210 M M 0 1 17 210
15 55 34 45 2 20 0 0.00 M M 7.0 21 280 M M 4 26 280
16 45 29 37 -6 28 0 0.00 M M 7.0 22 300 M M 6 31 320
17 52 32 42 -1 23 0 0.00 M M 5.8 15 230 M M 6 21 210
18 55 31 43 0 22 0 0.00 M M 6.2 20 280 M M 0 26 280
19 61 27 44 1 21 0 T M M 4.0 15 230 M M 5 20 260
20 54 43 49 6 16 0 0.00 M M 7.5 17 300 M M 3 23 300
21 50 42 46 3 19 0 0.11 M M 4.0 9 300 M M 9 1 13 240
22 59 42 51 8 14 0 0.02 M M 2.3 13 340 M M 5 16 340
23 62 34 48 5 17 0 0.00 M M 3.6 13 320 M M 1 17 320
24 62 37 50 7 15 0 T M M 4.7 15 150 M M 6 1 22 180
25 67 47 57 13 8 0 0.03 M M 3.9 16 200 M M 9 1 24 200
26 69 48 59 15 6 0 0.65 M M 4.9 20 210 M M 8 13 27 210
27 59 42 51 7 14 0 1.11 M M 6.8 29 290 M M 8 1 40 280
28 45 33 39 -5 26 0 0.00 M M 12.5 24 330 M M 4 31 310
29 52 28 40 -4 25 0 0.00 M M 3.5 12 340 M M 0 16 340
30 51 27 39 -5 26 0 0.00 M M 4.4 16 110 M M 4 20 120
31 48 41 45 1 20 0 0.39 M M 5.5 23 300 M M 10 1 35 290
================================================================================
SM 1670 1113 617 0 4.18 0.0 166.8 M 157
================================================================================
AV 53.9 35.9 5.4 FASTST M M 5 MAX(MPH)
MISC ----> 29 290 40 280
================================================================================
NOTES:
# LAST OF SEVERAL OCCURRENCES
COLUMN 17 PEAK WIND IN M.P.H.
PRELIMINARY LOCAL CLIMATOLOGICAL DATA (WS FORM: F-6) , PAGE 2
STATION: FULTON COUNTY AIRPORT
MONTH: JANUARY
YEAR: 2021
LATITUDE: 33 46 N
LONGITUDE: 84 31 W
[TEMPERATURE DATA] [PRECIPITATION DATA] SYMBOLS USED IN COLUMN 16
AVERAGE MONTHLY: 44.9 TOTAL FOR MONTH: 4.18 1 = FOG OR MIST
DPTR FM NORMAL: 1.7 DPTR FM NORMAL: -0.09 2 = FOG REDUCING VISIBILITY
HIGHEST: 69 ON 26 GRTST 24HR 1.34 ON 1- 1 TO 1/4 MILE OR LESS
LOWEST: 26 ON 14,10 3 = THUNDER
SNOW, ICE PELLETS, HAIL 4 = ICE PELLETS
TOTAL MONTH: 0.0 INCH 5 = HAIL
GRTST 24HR 0.0 6 = FREEZING RAIN OR DRIZZLE
GRTST DEPTH: M ON M 7 = DUSTSTORM OR SANDSTORM:
VSBY 1/2 MILE OR LESS
8 = SMOKE OR HAZE
[NO. OF DAYS WITH] [WEATHER - DAYS WITH] 9 = BLOWING SNOW
X = TORNADO
MAX 32 OR BELOW: 0 0.01 INCH OR MORE: 10
MAX 90 OR ABOVE: 0 0.10 INCH OR MORE: 7
MIN 32 OR BELOW: 13 0.50 INCH OR MORE: 3
MIN 0 OR BELOW: 0 1.00 INCH OR MORE: 2
[HDD (BASE 65) ]
TOTAL THIS MO. 617 CLEAR (SCALE 0-3) 10
DPTR FM NORMAL -62 PTCLDY (SCALE 4-7) 12
TOTAL FM JUL 1 1583 CLOUDY (SCALE 8-10) 9
DPTR FM NORMAL -230
[CDD (BASE 65) ]
TOTAL THIS MO. 0
DPTR FM NORMAL 0 [PRESSURE DATA]
TOTAL FM JAN 1 0 HIGHEST SLP 30.46 ON 28
DPTR FM NORMAL 0 LOWEST SLP 29.66 ON 15
[REMARKS]
#FINAL-01-21#