000
CXUS52 KFFC 011010
CF6GVL
PRELIMINARY LOCAL CLIMATOLOGICAL DATA (WS FORM: F-6)
STATION: GAINESVILLE
MONTH: JULY
YEAR: 2022
LATITUDE: 34 16 N
LONGITUDE: 83 50 W
TEMPERATURE IN F: :PCPN: SNOW: WIND :SUNSHINE: SKY :PK WND
================================================================================
1 2 3 4 5 6A 6B 7 8 9 10 11 12 13 14 15 16 17 18
12Z AVG MX 2MIN
DY MAX MIN AVG DEP HDD CDD WTR SNW DPTH SPD SPD DIR MIN PSBL S-S WX SPD DR
================================================================================
1 87 72 80 2 0 15 0.50 M M 4.1 14 100 M M 6 13 18 90
2 92 71 82 4 0 17 0.00 M M 3.7 12 20 M M 5 16 40
3 91 71 81 3 0 16 1.85 M M 6.5 16 150 M M 2 13 26 350
4 92 70 81 3 0 16 0.00 M M 4.7 13 90 M M 1 20 80
5 93 74 84 6 0 19 0.00 M M 4.3 9 190 M M 4 14 190
6 95 73 84 6 0 19 0.04 M M 6.2 17 100 M M 2 13 28 60
7 91 73 82 3 0 17 1.17 M M 5.6 31 10 M M 4 13 45 10
8 96 71 84 5 0 19 0.15 M M 6.1 29 330 M M 2 13 42 330
9 89 71 80 1 0 15 0.61 M M 6.6 18 250 M M 3 13 25 260
10 87 71 79 0 0 14 0.06 M M 6.1 25 50 M M 6 3 35 50
11 81 68 75 -4 0 10 0.00 M M 6.4 13 80 M M 10 1 19 70
12 89 70 80 1 0 15 0.00 M M 3.5 9 260 M M 4 15 160
13 87 71 79 0 0 14 0.29 M M 4.9 15 260 M M 3 13 22 250
14 89 71 80 1 0 15 0.00 M M 4.1 9 140 M M 1 1 14 340
15 91 68 80 1 0 15 0.00 M M 3.8 16 40 M M 3 1 24 40
16 89 70 80 1 0 15 0.00 M M 2.5 8 120 M M 1 1 12 160
17 89 71 80 1 0 15 T M M 3.8 10 260 M M 2 17 190
18 91 71 81 2 0 16 0.16 0.0 M 5.8 21 310 M M 3 1 30 310
19 86 71 79 0 0 14 0.86 0.0 M 7.1 20 290 M M 4 1238 29 280
20 90 71 81 2 0 16 0.09 0.0 M 7.3 16 240 M M 6 13 26 220
21 85 68 77 -2 0 12 0.65 M M 8.8 20 10 M M 4 13 26 20
22 89 71 80 1 0 15 0.00 M M 4.5 10 80 M M 2 16 100
23 92 72 82 3 0 17 0.00 M M 3.6 10 250 M M 0 14 260
24 90 73 82 3 0 17 0.00 M M 5.1 16 150 M M 1 3 27 150
25 88 73 81 2 0 16 0.00 M M 4.6 14 260 M M 2 3 18 240
26 90 74 82 3 0 17 0.00 M M 5.7 16 260 M M 1 21 260
27 90 74 82 3 0 17 0.00 M M 6.3 15 240 M M 1 22 280
28 92 73 83 4 0 18 0.00 M M 6.4 15 260 M M 1 21 300
29 91 76 84 5 0 19 0.00 M M 6.4 17 320 M M 1 3 26 310
30 91 74 83 4 0 18 T M M 4.8 15 200 M M 3 3 24 190
31 88 71 80 1 0 15 0.09 M M 6.1 17 250 M M 6 13 29 260
================================================================================
SM 2781 2218 0 493 6.52 0.0 165.4 M 94
================================================================================
AV 89.7 71.5 5.3 FASTST M M 3 MAX(MPH)
MISC ----> 31 10 45 10
================================================================================
NOTES:
# LAST OF SEVERAL OCCURRENCES
COLUMN 17 PEAK WIND IN M.P.H.
PRELIMINARY LOCAL CLIMATOLOGICAL DATA (WS FORM: F-6) , PAGE 2
STATION: GAINESVILLE
MONTH: JULY
YEAR: 2022
LATITUDE: 34 16 N
LONGITUDE: 83 50 W
[TEMPERATURE DATA] [PRECIPITATION DATA] SYMBOLS USED IN COLUMN 16
AVERAGE MONTHLY: 80.6 TOTAL FOR MONTH: 6.52 1 = FOG OR MIST
DPTR FM NORMAL: 1.8 DPTR FM NORMAL: 2.10 2 = FOG REDUCING VISIBILITY
HIGHEST: 96 ON 8 GRTST 24HR 1.85 ON 3- 3 TO 1/4 MILE OR LESS
LOWEST: 68 ON 21,15 3 = THUNDER
SNOW, ICE PELLETS, HAIL 4 = ICE PELLETS
TOTAL MONTH: 0.0 INCH 5 = HAIL
GRTST 24HR 0.0 6 = FREEZING RAIN OR DRIZZLE
GRTST DEPTH: M ON M 7 = DUSTSTORM OR SANDSTORM:
VSBY 1/2 MILE OR LESS
8 = SMOKE OR HAZE
[NO. OF DAYS WITH] [WEATHER - DAYS WITH] 9 = BLOWING SNOW
X = TORNADO
MAX 32 OR BELOW: 0 0.01 INCH OR MORE: 13
MAX 90 OR ABOVE: 17 0.10 INCH OR MORE: 9
MIN 32 OR BELOW: 0 0.50 INCH OR MORE: 6
MIN 0 OR BELOW: 0 1.00 INCH OR MORE: 2
[HDD (BASE 65) ]
TOTAL THIS MO. 0 CLEAR (SCALE 0-3) 19
DPTR FM NORMAL 0 PTCLDY (SCALE 4-7) 11
TOTAL FM JUL 1 0 CLOUDY (SCALE 8-10) 1
DPTR FM NORMAL 0
[CDD (BASE 65) ]
TOTAL THIS MO. 493
DPTR FM NORMAL 65 [PRESSURE DATA]
TOTAL FM JAN 1 1184 HIGHEST SLP 30.22 ON 31
DPTR FM NORMAL 235 LOWEST SLP 29.86 ON 21
[REMARKS]
#FINAL-07-22#