000
CXUS53 KMKX 010810
CF6RAC
PRELIMINARY LOCAL CLIMATOLOGICAL DATA (WS FORM: F-6)
STATION: RACINE WI
MONTH: JUNE
YEAR: 2022
LATITUDE: 42 45 N
LONGITUDE: 87 49 W
TEMPERATURE IN F: :PCPN: SNOW: WIND :SUNSHINE: SKY :PK WND
================================================================================
1 2 3 4 5 6A 6B 7 8 9 10 11 12 13 14 15 16 17 18
12Z AVG MX 2MIN
DY MAX MIN AVG DEP HDD CDD WTR SNW DPTH SPD SPD DIR MIN PSBL S-S WX SPD DR
================================================================================
1 73 54 64 2 1 0 0.00 M M 6.4 14 310 M M 3 19 280
2 75 51 63 1 2 0 T M M 6.2 14 160 M M 2 21 320
3 78 49 64 2 1 0 0.00 M M 8.5 23 280 M M 0 34 250
4 67 46 57 -6 8 0 0.09 M M 3.3 10 180 M M 6 15 210
5 68 54 61 -2 4 0 0.11 M M 8.0 15 90 M M 7 20 80
6 71 53 62 -2 3 0 0.34 M M 8.0 17 20 M M 9 18 24 350
7 65 52 59 -5 6 0 0.00 M M 7.9 16 20 M M 5 1 25 360
8 60 49 55 -9 10 0 0.48 M M 6.4 26 80 M M 8 12 34 80
9 77 47 62 -2 3 0 0.00 M M 7.5 17 280 M M 3 128 25 290
10 76 58 67 2 0 2 0.04 M M 8.5 21 230 M M 2 30 220
11 72 57 65 0 0 0 T M M 6.3 14 230 M M 6 1 20 230
12 63 53 58 -8 7 0 0.00 M M 10.5 18 30 M M 4 1 24 10
13 73 53 63 -3 2 0 0.02 M M 6.5 28 330 M M 3 138 43 350
14 97 64 81 15 0 16 0.00 M M 9.7 20 200 M M 2 12 28 200
15 94 73 84 18 0 19 0.25 M M 10.4 24 220 M M 1 13 37 210
16 91 69 80 13 0 15 T M M 10.1 29 270 M M 1 3 45 260
17 84 58 71 4 0 6 0.00 0.0 0 9.7 21 40 M M 0 31 20
18 66 52 59 -8 6 0 0.00 0.0 0 8.7 18 20 M M 0 23 30
19 76 50 63 -5 2 0 0.00 M M 6.5 16 160 M M 0 22 170
20 90 65 78 10 0 13 0.00 M M 9.1 18 170 M M 0 24 170
21 100 73 87 19 0 22 0.00 M M 12.6 23 210 M M 0 35 250
22 87 65 76 7 0 11 0.00 M M 8.2 15 330 M M 0 22 310
23 78 60 69 0 0 4 0.00 M M 6.9 14 150 M M 0 18 130
24 86 65 76 7 0 11 0.00 M M 8.7 17 170 M M 0 22 170
25 73 66 70 1 0 5 0.05 M M 6.3 21 150 M M 6 28 150
26 80 62 71 1 0 6 0.00 M M 9.7 22 310 M M 1 18 35 320
27 77 57 67 -3 0 2 0.00 M M 7.9 17 280 M M 0 25 330
28 87 57 72 2 0 7 0.00 M M 9.2 22 10 M M 2 35 10
29 79 63 71 1 0 6 0.00 M M 7.1 16 30 M M 2 22 30
30 93 68 81 11 0 16 0.00 M M 13.0 23 210 M M 0 34 230
================================================================================
SM 2356 1743 55 161 1.38 0.0 247.8 M 73
================================================================================
AV 78.5 58.1 8.3 FASTST M M 2 MAX(MPH)
MISC ----> 29 270 45 260
================================================================================
NOTES:
# LAST OF SEVERAL OCCURRENCES
COLUMN 17 PEAK WIND IN M.P.H.
PRELIMINARY LOCAL CLIMATOLOGICAL DATA (WS FORM: F-6) , PAGE 2
STATION: RACINE WI
MONTH: JUNE
YEAR: 2022
LATITUDE: 42 45 N
LONGITUDE: 87 49 W
[TEMPERATURE DATA] [PRECIPITATION DATA] SYMBOLS USED IN COLUMN 16
AVERAGE MONTHLY: 68.3 TOTAL FOR MONTH: 1.38 1 = FOG OR MIST
DPTR FM NORMAL: 1.9 DPTR FM NORMAL: -2.61 2 = FOG REDUCING VISIBILITY
HIGHEST: 100 ON 21 GRTST 24HR 0.48 ON 8- 8 TO 1/4 MILE OR LESS
LOWEST: 46 ON 4 3 = THUNDER
SNOW, ICE PELLETS, HAIL 4 = ICE PELLETS
TOTAL MONTH: 0.0 INCH 5 = HAIL
GRTST 24HR 0.0 6 = FREEZING RAIN OR DRIZZLE
GRTST DEPTH: 0 7 = DUSTSTORM OR SANDSTORM:
VSBY 1/2 MILE OR LESS
8 = SMOKE OR HAZE
[NO. OF DAYS WITH] [WEATHER - DAYS WITH] 9 = BLOWING SNOW
X = TORNADO
MAX 32 OR BELOW: 0 0.01 INCH OR MORE: 8
MAX 90 OR ABOVE: 6 0.10 INCH OR MORE: 4
MIN 32 OR BELOW: 0 0.50 INCH OR MORE: 0
MIN 0 OR BELOW: 0 1.00 INCH OR MORE: 0
[HDD (BASE 65) ]
TOTAL THIS MO. 55 CLEAR (SCALE 0-3) 22
DPTR FM NORMAL -17 PTCLDY (SCALE 4-7) 7
TOTAL FM JUL 1 6265 CLOUDY (SCALE 8-10) 1
DPTR FM NORMAL -419
[CDD (BASE 65) ]
TOTAL THIS MO. 161
DPTR FM NORMAL 45 [PRESSURE DATA]
TOTAL FM JAN 1 205 HIGHEST SLP M ON M
DPTR FM NORMAL 64 LOWEST SLP 29.68 ON 6
[REMARKS]
#FINAL-06-22#