000
CXUS56 KPDT 011810
CF6HRI
PRELIMINARY LOCAL CLIMATOLOGICAL DATA (WS FORM: F-6)
STATION: HERMISTON OR
MONTH: MARCH
YEAR: 2022
LATITUDE: 45 49 N
LONGITUDE: 119 16 W
TEMPERATURE IN F: :PCPN: SNOW: WIND :SUNSHINE: SKY :PK WND
================================================================================
1 2 3 4 5 6A 6B 7 8 9 10 11 12 13 14 15 16 17 18
12Z AVG MX 2MIN
DY MAX MIN AVG DEP HDD CDD WTR SNW DPTH SPD SPD DIR MIN PSBL S-S WX SPD DR
================================================================================
1 69 50 60 17 5 0 0.03 M M 5.6 15 270 M M 6 20 270
2 56 48 52 9 13 0 0.24 M M 2.7 8 270 M M 10 1 10 270
3 57 41 49 6 16 0 0.16 M M 12.6 20 250 M M 7 1 28 240
4 54 28 41 -2 24 0 0.00 M M 2.9 13 230 M M 1 18 230
5 56 28 42 -2 23 0 0.00 M M 3.3 9 340 M M 4 1 12 350
6 56 24 40 -4 25 0 0.00 M M 5.1 13 50 M M 2 17 60
7 65 27 46 2 19 0 0.00 M M 7.4 17 290 M M 0 26 270
8 49 35 42 -2 23 0 0.13 M M 8.6 22 250 M M 9 31 240
9 47 21 34 -11 31 0 0.00 M M 6.6 16 20 M M 5 1 25 40
10 49 17 33 -12 32 0 0.00 M M 3.4 12 190 M M 1 16 170
11 56 30 43 -2 22 0 0.00 M M 3.2 8 180 M M 3 10 160
12 71 37 54 8 11 0 T M M 5.7 22 280 M M 2 32 270
13 59 42 51 5 14 0 0.06 M M 13.9 28 230 M M 7 38 210
14 60 43 52 6 13 0 0.20 M M 6.1 14 290 M M 8 1 21 240
15 62 43 53 7 12 0 T M M 13.1 28 270 M M 5 1 38 290
16 59 39 49 2 16 0 0.00 M M 12.1 22 260 M M 4 30 240
17 59 30 45 -2 20 0 T M M 5.6 17 270 M M 3 24 260
18 61 42 52 5 13 0 T M M 4.2 10 240 M M 3 14 250
19 59 37 48 1 17 0 T M M 12.1 33 250 M M 2 1 45 250
20 56 32 44 -4 21 0 0.00 M M 10.8 18 260 M M 2 27 230
21 56 42 49 1 16 0 0.06 M M 3.6 13 230 M M 10 17 240
22 69 47 58 10 7 0 0.00 M M 4.2 10 50 M M 4 13 60
23 70 39 55 7 10 0 0.00 M M 8.5 28 230 M M 2 1 37 230
24 64 32 48 0 17 0 0.00 M M 6.3 14 80 M M 0 19 70
25 64 37 51 3 14 0 0.00 M M 2.9 7 140 M M 0 11 270
26 70 40 55 6 10 0 0.00 M M 2.7 9 20 M M 1 8 11 20
27 67 41 54 5 11 0 0.00 M M 2.2 8 150 M M 0 10 160
28 71 46 59 10 6 0 0.01 M M 5.6 17 10 M M 3 23 10
29 68 48 58 9 7 0 0.00 M M 7.0 16 220 M M 4 25 220
30 60 43 52 3 13 0 0.00 M M 18.2 30 250 M M 1 40 250
31 59 39 49 -1 16 0 0.00 M M 9.7 16 230 M M 3 23 230
================================================================================
SM 1878 1148 497 0 0.89 M 215.9 M 112
================================================================================
AV 60.6 37.0 7.0 FASTST M M 4 MAX(MPH)
MISC ----> 33 250 45 250
================================================================================
NOTES:
# LAST OF SEVERAL OCCURRENCES
COLUMN 17 PEAK WIND IN M.P.H.
PRELIMINARY LOCAL CLIMATOLOGICAL DATA (WS FORM: F-6) , PAGE 2
STATION: HERMISTON OR
MONTH: MARCH
YEAR: 2022
LATITUDE: 45 49 N
LONGITUDE: 119 16 W
[TEMPERATURE DATA] [PRECIPITATION DATA] SYMBOLS USED IN COLUMN 16
AVERAGE MONTHLY: 48.8 TOTAL FOR MONTH: 0.89 1 = FOG OR MIST
DPTR FM NORMAL: 2.4 DPTR FM NORMAL: 0.12 2 = FOG REDUCING VISIBILITY
HIGHEST: 71 ON 28,12 GRTST 24HR 0.34 ON 2- 3 TO 1/4 MILE OR LESS
LOWEST: 17 ON 10 3 = THUNDER
SNOW, ICE PELLETS, HAIL 4 = ICE PELLETS
TOTAL MONTH: M 5 = HAIL
GRTST 24HR M ON M 6 = FREEZING RAIN OR DRIZZLE
GRTST DEPTH: M ON M 7 = DUSTSTORM OR SANDSTORM:
VSBY 1/2 MILE OR LESS
8 = SMOKE OR HAZE
[NO. OF DAYS WITH] [WEATHER - DAYS WITH] 9 = BLOWING SNOW
X = TORNADO
MAX 32 OR BELOW: 0 0.01 INCH OR MORE: 8
MAX 90 OR ABOVE: 0 0.10 INCH OR MORE: 4
MIN 32 OR BELOW: 10 0.50 INCH OR MORE: 0
MIN 0 OR BELOW: 0 1.00 INCH OR MORE: 0
[HDD (BASE 65) ]
TOTAL THIS MO. 497 CLEAR (SCALE 0-3) 17
DPTR FM NORMAL -80 PTCLDY (SCALE 4-7) 10
TOTAL FM JUL 1 4083 CLOUDY (SCALE 8-10) 4
DPTR FM NORMAL -216
[CDD (BASE 65) ]
TOTAL THIS MO. 0
DPTR FM NORMAL 0 [PRESSURE DATA]
TOTAL FM JAN 1 0 HIGHEST SLP 30.49 ON 6
DPTR FM NORMAL 0 LOWEST SLP 29.59 ON 27
[REMARKS]
#FINAL-03-22#