000
CXUS54 KFWD 010830
CF6T35
PRELIMINARY LOCAL CLIMATOLOGICAL DATA (WS FORM: F-6)
STATION: CAMERON
MONTH: FEBRUARY
YEAR: 2022
LATITUDE: 30 52 N
LONGITUDE: 96 58 W
TEMPERATURE IN F: :PCPN: SNOW: WIND :SUNSHINE: SKY :PK WND
================================================================================
1 2 3 4 5 6A 6B 7 8 9 10 11 12 13 14 15 16 17 18
12Z AVG MX 2MIN
DY MAX MIN AVG DEP HDD CDD WTR SNW DPTH SPD SPD DIR MIN PSBL S-S WX SPD DR
================================================================================
1 68 54 61 M 4 0 0.00 M M 2.4 7 110 M M 8 1 M M
2 59 35 47 M 18 0 0.99 M M 9.0 22 340 M M 8 1 30 340
3 36 22 29 M 36 0 0.83 M M 19.0 23 340 M M 10 32 360
4 37 20 29 M 36 0 0.00 M M 15.2 22 350 M M 4 30 350
5 50 23 37 M 28 0 0.00 M M 2.5 7 170 M M 0 M M
6 58 26 42 M 23 0 0.00 M M 3.7 9 190 M M 0 M M
7 60 33 47 M 18 0 0.00 M M 6.6 14 340 M M 0 21 350
8 65 30 48 M 17 0 0.00 M M 5.2 10 260 M M 0 M M
9 70 41 56 M 9 0 0.00 M M 5.8 13 210 M M 0 17 210
10 73 40 57 M 8 0 0.00 M M 4.7 10 210 M M 0 M M
11 75 45 60 M 5 0 0.00 M M 10.8 18 230 M M 0 25 230
12 57 32 45 M 20 0 0.03 M M 10.9 22 10 M M 5 35 10
13 65 28 47 M 18 0 0.00 M M 4.7 10 200 M M 0 M M
14 69 40 55 M 10 0 0.00 M M 9.2 15 200 M M 0 21 190
15 74 38 56 M 9 0 0.00 M M 10.7 24 180 M M 3 30 180
16 74 61 68 M 0 3 0.00 M M 14.8 23 180 M M 10 31 170
17 70 34 52 M 13 0 0.00 M M 17.6 28 340 M M 7 37 340
18 55 31 43 M 22 0 0.00 M M 8.5 15 360 M M 0 21 360
19 66 30 48 M 17 0 0.00 M M 2.5 7 180 M M 0 M M
20 71 37 54 M 11 0 0.00 M M 7.9 16 180 M M 2 22 210
21 84 60 72 M 0 7 0.00 M M 13.2 23 180 M M 7 1 35 180
22 81 46 64 M 1 0 0.00 M M 13.9 22 180 M M 4 31 190
23 46 28 37 M 28 0 M M M 15.4 20 360 M M 10 1 28 360
24 33 28 31 M 34 0 0.01 M M 10.7 16 10 M M 10 1 23 10
25 37 29 33 M 32 0 M M M 12.2 20 360 M M 10 29 350
26 40 35 38 M 27 0 0.27 M M 8.2 10 360 M M 10 1 17 360
27 57 36 47 M 18 0 0.00 M M 9.9 17 360 M M 3 1 24 360
28 65 30 48 M 17 0 0.00 M M 1.5 6 290 M M 0 M M
================================================================================
SM 1695 992 479 10 2.13 M 256.9 M 111
================================================================================
AV 60.5 35.4 9.2 FASTST M M 4 MAX(MPH)
MISC ----> 28 340 37 340
================================================================================
NOTES:
# LAST OF SEVERAL OCCURRENCES
COLUMN 17 PEAK WIND IN M.P.H.
PRELIMINARY LOCAL CLIMATOLOGICAL DATA (WS FORM: F-6) , PAGE 2
STATION: CAMERON
MONTH: FEBRUARY
YEAR: 2022
LATITUDE: 30 52 N
LONGITUDE: 96 58 W
[TEMPERATURE DATA] [PRECIPITATION DATA] SYMBOLS USED IN COLUMN 16
AVERAGE MONTHLY: 48.0 TOTAL FOR MONTH: 2.13 1 = FOG OR MIST
DPTR FM NORMAL: 0.0 DPTR FM NORMAL: 2.13 2 = FOG REDUCING VISIBILITY
HIGHEST: 84 ON 21 GRTST 24HR 0.99 ON 2- 2 TO 1/4 MILE OR LESS
LOWEST: 20 ON 4 3 = THUNDER
SNOW, ICE PELLETS, HAIL 4 = ICE PELLETS
TOTAL MONTH: M 5 = HAIL
GRTST 24HR M ON M 6 = FREEZING RAIN OR DRIZZLE
GRTST DEPTH: M ON M 7 = DUSTSTORM OR SANDSTORM:
VSBY 1/2 MILE OR LESS
8 = SMOKE OR HAZE
[NO. OF DAYS WITH] [WEATHER - DAYS WITH] 9 = BLOWING SNOW
X = TORNADO
MAX 32 OR BELOW: 0 0.01 INCH OR MORE: 5
MAX 90 OR ABOVE: 0 0.10 INCH OR MORE: 3
MIN 32 OR BELOW: 13 0.50 INCH OR MORE: 2
MIN 0 OR BELOW: 0 1.00 INCH OR MORE: 0
[HDD (BASE 65) ]
TOTAL THIS MO. 479 CLEAR (SCALE 0-3) 15
DPTR FM NORMAL M PTCLDY (SCALE 4-7) 6
TOTAL FM JUL 1 1330 CLOUDY (SCALE 8-10) 7
DPTR FM NORMAL M
[CDD (BASE 65) ]
TOTAL THIS MO. 10
DPTR FM NORMAL M [PRESSURE DATA]
TOTAL FM JAN 1 10 HIGHEST SLP M ON M
DPTR FM NORMAL M LOWEST SLP M ON M
[REMARKS]
#FINAL-02-22#