000
CXUS54 KFWD 251720
CF6T35
PRELIMINARY LOCAL CLIMATOLOGICAL DATA (WS FORM: F-6)
STATION: CAMERON
MONTH: MARCH
YEAR: 2021
LATITUDE: 30 52 N
LONGITUDE: 96 58 W
TEMPERATURE IN F: :PCPN: SNOW: WIND :SUNSHINE: SKY :PK WND
================================================================================
1 2 3 4 5 6A 6B 7 8 9 10 11 12 13 14 15 16 17 18
12Z AVG MX 2MIN
DY MAX MIN AVG DEP HDD CDD WTR SNW DPTH SPD SPD DIR MIN PSBL S-S WX SPD DR
================================================================================
1 57 46 52 M 13 0 0.37 M M 12.6 17 360 M M 10 1 28 350
2 63 40 52 M 13 0 0.00 M M 5.6 12 360 M M 2 18 40
3 70 36 53 M 12 0 0.00 M M 3.6 7 160 M M 0 M M
4 71 42 57 M 8 0 0.00 M M 5.6 12 170 M M 0 17 160
5 78 53 66 M 0 1 0.00 M M 11.4 21 330 M M 5 33 330
6 67 45 56 M 9 0 0.00 M M 6.8 14 10 M M 2 21 10
7 69 38 54 M 11 0 0.00 M M 4.2 9 100 M M 0 17 120
8 73 39 56 M 9 0 0.00 M M 5.5 12 160 M M 3 17 200
9 75 58 67 M 0 2 0.00 M M 12.2 20 170 M M 7 28 160
10 80 60 70 M 0 5 0.00 M M 13.9 24 190 M M 7 32 190
11 81 68 75 M 0 10 0.00 M M 11.7 22 190 M M 8 30 190
12 81 68 75 M 0 10 0.02 M M 9.7 15 180 M M 9 26 180
13 79 65 72 M 0 7 0.00 M M 12.0 18 170 M M 8 32 160
14 70 50 60 M 5 0 0.09 M M 6.0 20 160 M M 7 28 160
15 M 44 M M M M 0.00 M M 1.9 5 230 M M 0 M M
16 M M M M M M M M M M M M M M M M M
17 M M M M M M M M M M M M M M M M M
18 M M M M M M 0.00 M M M M M M M M M M
19 64 48 56 M 9 0 0.00 M M 8.7 15 10 M M 0 20 10
20 67 39 53 M 12 0 0.00 M M 1.7 6 70 M M 0 1 M M
21 62 42 52 M 13 0 0.00 M M 4.1 7 180 M M 0 M M
22 66 54 60 M 5 0 M M M 5.4 15 140 M M 8 18 140
23 76 53 65 M 0 0 0.00 M M 4.8 8 310 M M 1 18 M M
24 72 47 60 M 5 0 0.00 M M 6.5 13 110 M M 6 1 21 130
25 73 53 63 M 2 0 0.12 M M 7.0 15 310 M M 4 3 31 310
26 82 47 65 M 0 0 0.00 M M 6.0 12 160 M M 0 18 170
27 82 65 74 M 0 9 0.00 M M 3.2 9 190 M M 6 18 M M
28 73 52 63 M 2 0 0.00 M M 10.6 18 30 M M 1 24 360
29 76 42 59 M 6 0 0.00 M M 5.9 15 160 M M 2 20 160
30 82 62 72 M 0 7 0.00 M M 9.4 20 200 M M 9 28 200
31 73 47 60 M 5 0 0.00 M M 11.3 21 30 M M 6 30 30
================================================================================
SM 1962 1403 139 51 0.60 M 207.3 M 111
================================================================================
AV 72.7 50.1 7.4 FASTST M M 4 MAX(MPH)
MISC ----> 24 190 33 330
================================================================================
NOTES:
# LAST OF SEVERAL OCCURRENCES
COLUMN 17 PEAK WIND IN M.P.H.
PRELIMINARY LOCAL CLIMATOLOGICAL DATA (WS FORM: F-6) , PAGE 2
STATION: CAMERON
MONTH: MARCH
YEAR: 2021
LATITUDE: 30 52 N
LONGITUDE: 96 58 W
[TEMPERATURE DATA] [PRECIPITATION DATA] SYMBOLS USED IN COLUMN 16
AVERAGE MONTHLY: 61.4 TOTAL FOR MONTH: 0.60 1 = FOG OR MIST
DPTR FM NORMAL: 0.0 DPTR FM NORMAL: M 2 = FOG REDUCING VISIBILITY
HIGHEST: 82 ON 27,26 GRTST 24HR 0.37 ON 1- 1 TO 1/4 MILE OR LESS
LOWEST: 36 ON 3 3 = THUNDER
SNOW, ICE PELLETS, HAIL 4 = ICE PELLETS
TOTAL MONTH: M 5 = HAIL
GRTST 24HR M ON M 6 = FREEZING RAIN OR DRIZZLE
GRTST DEPTH: M ON M 7 = DUSTSTORM OR SANDSTORM:
VSBY 1/2 MILE OR LESS
8 = SMOKE OR HAZE
[NO. OF DAYS WITH] [WEATHER - DAYS WITH] 9 = BLOWING SNOW
X = TORNADO
MAX 32 OR BELOW: 0 0.01 INCH OR MORE: 4
MAX 90 OR ABOVE: 0 0.10 INCH OR MORE: 2
MIN 32 OR BELOW: 0 0.50 INCH OR MORE: 0
MIN 0 OR BELOW: 0 1.00 INCH OR MORE: 0
[HDD (BASE 65) ]
TOTAL THIS MO. 139 CLEAR (SCALE 0-3) 14
DPTR FM NORMAL M PTCLDY (SCALE 4-7) 11
TOTAL FM JUL 1 1728 CLOUDY (SCALE 8-10) 6
DPTR FM NORMAL M
[CDD (BASE 65) ]
TOTAL THIS MO. 51
DPTR FM NORMAL M [PRESSURE DATA]
TOTAL FM JAN 1 61 HIGHEST SLP M ON M
DPTR FM NORMAL M LOWEST SLP M ON M
[REMARKS]
#FINAL-03-21#