705
CXUS53 KMPX 251000
CF6MPX
PRELIMINARY LOCAL CLIMATOLOGICAL DATA (WS FORM: F-6)

                                          STATION:   CHANHASSEN MN
                                          MONTH:     AUGUST
                                          YEAR:      2019
                                          LATITUDE:   44 50 N
                                          LONGITUDE:  93 34 W

  TEMPERATURE IN F:       :PCPN:    SNOW:  WIND      :SUNSHINE: SKY     :PK WND
================================================================================
1   2   3   4   5  6A  6B    7    8   9   10  11  12  13   14  15   16   17  18
                                     12Z  AVG MX 2MIN
DY MAX MIN AVG DEP HDD CDD  WTR  SNW DPTH SPD SPD DIR MIN PSBL S-S WX    SPD DR
================================================================================

 1  82  59  71  -1   0   6 0.00  0.0    0   M   M   M   M    M   M         M  M
 2  82  63  73   1   0   8 0.00  0.0    0   M   M   M   M    M   M         M  M
 3  85  66  76   4   0  11 0.00  0.0    0   M   M   M   M    M   M         M  M
 4  85  63  74   3   0   9 0.00  0.0    0   M   M   M   M    M   M         M  M
 5  84  67  76   5   0  11 0.98  0.0    0   M   M   M   M    M   M         M  M
 6  83  61  72   1   0   7 0.00  0.0    0   M   M   M   M    M   M         M  M
 7  83  64  74   3   0   9 0.00  0.0    0   M   M   M   M    M   M         M  M
 8  76  55  66  -5   0   1 0.00  0.0    0   M   M   M   M    M   M         M  M
 9  77  53  65  -6   0   0 0.00  0.0    0   M   M   M   M    M   M         M  M
10  70  63  67  -4   0   2 0.67  0.0    0   M   M   M   M    M   M         M  M
11  77  64  71   0   0   6 0.00  0.0    0   M   M   M   M    M   M         M  M
12  77  62  70  -1   0   5    T  0.0    0   M   M   M   M    M   M         M  M
13  79  60  70  -1   0   5 0.31  0.0    0   M   M   M   M    M   M         M  M
14  76  59  68  -3   0   3    T  0.0    0   M   M   M   M    M   M         M  M
15  77  55  66  -4   0   1 0.03  0.0    0   M   M   M   M    M   M         M  M
16  78  61  70   0   0   5 0.36  0.0    0   M   M   M   M    M   M         M  M
17  80  59  70   0   0   5 0.48  0.0    0   M   M   M   M    M   M         M  M
18  72  54  63  -7   2   0 1.96  0.0    0   M   M   M   M    M   M         M  M
19  78  52  65  -5   0   0 0.00  0.0    0   M   M   M   M    M   M         M  M
20  80  62  71   1   0   6 0.67  0.0    0   M   M   M   M    M   M         M  M
21  75  58  67  -3   0   2 0.00  0.0    0   M   M   M   M    M   M         M  M
22  72  54  63  -6   2   0 0.00  0.0    0   M   M   M   M    M   M         M  M
23  75  54  65  -4   0   0 0.00  0.0    0   M   M   M   M    M   M         M  M
24  73  59  66  -3   0   1 0.00  0.0    0   M   M   M   M    M   M         M  M
================================================================================
SM 1876 1427         4 103  5.46     0.0     M          M        M
================================================================================
AV 78.2 59.5                                 M FASTST   M    M   3    MAX(MPH)
                                 MISC ---->     M   M                  M    M
================================================================================
NOTES:
# LAST OF SEVERAL OCCURRENCES

COLUMN 17 PEAK WIND IN M.P.H.

PRELIMINARY LOCAL CLIMATOLOGICAL DATA (WS FORM: F-6) , PAGE 2

                                          STATION:  CHANHASSEN MN
                                          MONTH:    AUGUST
                                          YEAR:     2019
                                          LATITUDE:   44 50 N
                                          LONGITUDE:  93 34 W

[TEMPERATURE DATA]      [PRECIPITATION DATA]       SYMBOLS USED IN COLUMN 16

AVERAGE MONTHLY: 68.8   TOTAL FOR MONTH:   5.46    1 = FOG OR MIST
DPTR FM NORMAL:  -1.8   DPTR FM NORMAL:    2.27    2 = FOG REDUCING VISIBILITY
HIGHEST:    85 ON  4, 3 GRTST 24HR  1.96 ON 18-18      TO 1/4 MILE OR LESS
LOWEST:     52 ON 19                               3 = THUNDER
                        SNOW, ICE PELLETS, HAIL    4 = ICE PELLETS
                        TOTAL MONTH:   0.0 INCH    5 = HAIL
                        GRTST 24HR     0.0         6 = FREEZING RAIN OR DRIZZLE
                        GRTST DEPTH:   0           7 = DUSTSTORM OR SANDSTORM:
                                                       VSBY 1/2 MILE OR LESS
                                                   8 = SMOKE OR HAZE
[NO. OF DAYS WITH]      [WEATHER - DAYS WITH]      9 = BLOWING SNOW
                                                   X = TORNADO
MAX 32 OR BELOW:   0    0.01 INCH OR MORE:   8
MAX 90 OR ABOVE:   0    0.10 INCH OR MORE:   7
MIN 32 OR BELOW:   0    0.50 INCH OR MORE:   4
MIN  0 OR BELOW:   0    1.00 INCH OR MORE:   1

[HDD (BASE 65) ]
TOTAL THIS MO.     4    CLEAR  (SCALE 0-3)   0
DPTR FM NORMAL     3    PTCLDY (SCALE 4-7)   0
TOTAL FM JUL 1     5    CLOUDY (SCALE 8-10)  0
DPTR FM NORMAL    -4

[CDD (BASE 65) ]
TOTAL THIS MO.   103
DPTR FM NORMAL   -39    [PRESSURE DATA]
TOTAL FM JAN 1   443    HIGHEST SLP M ON M
DPTR FM NORMAL   -84    LOWEST  SLP M ON M

[REMARKS]
