000
CXUS56 KSTO 150921
CF6MYV
PRELIMINARY LOCAL CLIMATOLOGICAL DATA (WS FORM: F-6)
STATION: MARYSVILLE
MONTH: AUGUST
YEAR: 2022
LATITUDE: 39 6 N
LONGITUDE: 121-34 E
TEMPERATURE IN F: :PCPN: SNOW: WIND :SUNSHINE: SKY :PK WND
================================================================================
1 2 3 4 5 6A 6B 7 8 9 10 11 12 13 14 15 16 17 18
12Z AVG MX 2MIN
DY MAX MIN AVG DEP HDD CDD WTR SNW DPTH SPD SPD DIR MIN PSBL S-S WX SPD DR
================================================================================
1 81 66 74 -4 0 9 T M M 4.9 12 160 M M 0 14 150
2 104 64 84 6 0 19 0.00 M M 4.7 14 160 M M 0 17 150
3 104 68 86 8 0 21 0.00 0.0 M 5.3 13 160 M M 0 16 150
4 104 71 88 10 0 23 0.00 M M 9.5 17 150 M M 0 23 160
5 90 68 79 1 0 14 0.00 0.0 M 11.4 21 150 M M 1 26 150
6 95 62 79 1 0 14 0.00 0.0 M 7.8 14 190 M M 0 16 160
7 96 61 79 1 0 14 0.00 M M 7.8 14 160 M M 0 18 160
8 96 58 77 -1 0 12 0.00 0.0 M 7.7 14 150 M M 0 18 150
9 94 64 79 1 0 14 0.00 M M 11.2 20 160 M M 0 24 160
10 93 60 77 -1 0 12 0.00 M M 7.4 14 160 M M 0 17 160
11 96 57 77 -1 0 12 0.00 0.0 M 6.2 14 150 M M 0 18 150
12 96 58 77 0 0 12 0.00 0.0 M 6.2 13 160 M M 0 17 150
13 99 57 78 1 0 13 0.00 0.0 M 4.4 12 150 M M 0 14 140
14 102 57 80 3 0 15 0.00 M M 4.1 9 310 M M 0 8 13 310
15 104 58 81 4 0 16 0.00 M M 2.6 10 80 M M 0 8 15 230
16 107 61 84 7 0 19 0.00 0.0 0 3.6 10 90 M M 0 8 13 90
17 102 65 84 7 0 19 0.00 0.0 0 3.4 15 210 M M 0 18 210
18 106 66 86 9 0 21 0.00 M M 5.0 12 150 M M 0 15 150
19 102 61 82 5 0 17 0.00 M M 4.9 12 170 M M 0 15 140
20 106 61 84 7 0 19 0.00 M M 3.9 9 150 M M 0 12 150
21 98 66 82 5 0 17 0.00 M M 9.9 16 160 M M 0 20 150
22 99 57 78 2 0 13 0.00 M M 5.0 10 160 M M 0 14 180
23 103 63 83 7 0 18 0.00 M M 3.5 8 160 M M 0 11 320
24 102 64 83 7 0 18 0.00 M M 6.6 13 150 M M 0 16 160
25 97 60 79 3 0 14 0.00 M M 8.2 14 160 M M 0 17 130
26 98 57 78 2 0 13 0.00 M M 4.6 12 150 M M 0 16 220
27 95 57 76 0 0 11 0.00 M M 6.6 12 170 M M 0 18 190
28 95 47 71 -5 0 6 0.00 M M 5.8 10 190 M M 0 14 240
29 98 59 79 3 0 14 0.00 M M 4.6 12 160 M M 0 8 16 150
30 99 61 80 4 0 15 0.00 M M 5.1 10 140 M M 0 8 13 150
31 102 58 80 5 0 15 0.00 M M 2.8 8 320 M M 0 12 290
================================================================================
SM 3063 1892 0 469 T 0.0 184.7 M 1
================================================================================
AV 98.8 61.0 6.0 FASTST M M 0 MAX(MPH)
MISC ----> 21 150 26 150
================================================================================
NOTES:
# LAST OF SEVERAL OCCURRENCES
COLUMN 17 PEAK WIND IN M.P.H.
PRELIMINARY LOCAL CLIMATOLOGICAL DATA (WS FORM: F-6) , PAGE 2
STATION: MARYSVILLE
MONTH: AUGUST
YEAR: 2022
LATITUDE: 39 6 N
LONGITUDE: 121-34 E
[TEMPERATURE DATA] [PRECIPITATION DATA] SYMBOLS USED IN COLUMN 16
AVERAGE MONTHLY: 79.9 TOTAL FOR MONTH: T 1 = FOG OR MIST
DPTR FM NORMAL: 2.9 DPTR FM NORMAL: -0.05 2 = FOG REDUCING VISIBILITY
HIGHEST: 107 ON 16 GRTST 24HR T ON 31- 1 TO 1/4 MILE OR LESS
LOWEST: 47 ON 28 3 = THUNDER
SNOW, ICE PELLETS, HAIL 4 = ICE PELLETS
TOTAL MONTH: 0.0 INCH 5 = HAIL
GRTST 24HR 0.0 6 = FREEZING RAIN OR DRIZZLE
GRTST DEPTH: 0 7 = DUSTSTORM OR SANDSTORM:
VSBY 1/2 MILE OR LESS
8 = SMOKE OR HAZE
[NO. OF DAYS WITH] [WEATHER - DAYS WITH] 9 = BLOWING SNOW
X = TORNADO
MAX 32 OR BELOW: 0 0.01 INCH OR MORE: 0
MAX 90 OR ABOVE: 30 0.10 INCH OR MORE: 0
MIN 32 OR BELOW: 0 0.50 INCH OR MORE: 0
MIN 0 OR BELOW: 0 1.00 INCH OR MORE: 0
[HDD (BASE 65) ]
TOTAL THIS MO. 0 CLEAR (SCALE 0-3) 31
DPTR FM NORMAL 0 PTCLDY (SCALE 4-7) 0
TOTAL FM JUL 1 0 CLOUDY (SCALE 8-10) 0
DPTR FM NORMAL 0
[CDD (BASE 65) ]
TOTAL THIS MO. 469
DPTR FM NORMAL 97 [PRESSURE DATA]
TOTAL FM JAN 1 1491 HIGHEST SLP 30.06 ON 10
DPTR FM NORMAL 290 LOWEST SLP 29.67 ON 19
[REMARKS]
#FINAL-08-22#