163
CXUS56 KPDT 230510
CF6PSC
PRELIMINARY LOCAL CLIMATOLOGICAL DATA (WS FORM: F-6)
STATION: PASCO WA
MONTH: FEBRUARY
YEAR: 2021
LATITUDE: 46 16 N
LONGITUDE: 119 7 W
TEMPERATURE IN F: :PCPN: SNOW: WIND :SUNSHINE: SKY :PK WND
================================================================================
1 2 3 4 5 6A 6B 7 8 9 10 11 12 13 14 15 16 17 18
12Z AVG MX 2MIN
DY MAX MIN AVG DEP HDD CDD WTR SNW DPTH SPD SPD DIR MIN PSBL S-S WX SPD DR
================================================================================
1 64 43 54 17 11 0 T M M 8.1 23 150 M M 6 29 150
2 56 36 46 9 19 0 0.04 M M 9.2 30 230 M M 6 39 230
3 49 32 41 4 24 0 0.01 M M 4.9 12 300 M M 6 15 290
4 54 31 43 6 22 0 0.00 M M 11.1 32 240 M M 3 46 240
5 64 40 52 15 13 0 0.00 M M 13.8 33 230 M M 2 47 240
6 55 42 49 11 16 0 0.00 M M 19.9 38 230 M M 2 50 230
7 53 27 40 2 25 0 T M M 7.9 23 230 M M 5 29 210
8 45 24 35 -3 30 0 0.00 M M 4.6 12 310 M M 7 15 360
9 39 20 30 -8 35 0 0.00 M M 8.3 13 350 M M 7 M M
10 39 12 26 -12 39 0 0.00 M M 5.3 14 360 M M 5 18 360
11 32 15 24 -14 41 0 0.01 M M 13.8 24 320 M M 8 1 30 330
12 21 17 19 -19 46 0 0.10 M M 10.9 22 350 M M 10 1 29 360
13 25 19 22 -16 43 0 0.11 M M 8.6 16 310 M M 10 1 21 10
14 26 17 22 -16 43 0 0.18 M M 3.3 8 300 M M 10 1 9 300
15 29 22 26 -13 39 0 0.20 M M 3.2 10 200 M M 10 1 14 200
16 32 14 23 -16 42 0 0.00 M M 3.5 9 360 M M 6 1 11 350
17 33 6 20 -19 45 0 T M M 4.0 14 360 M M 6 128 16 360
18 31 17 24 -15 41 0 T M M 4.9 10 340 M M 10 12 13 330
19 39 22 31 -8 34 0 0.00 M M 4.4 13 310 M M 6 18 15 300
20 41 20 31 -9 34 0 0.00 M M 3.8 22 230 M M 6 18 29 230
21 50 40 45 5 20 0 T M M 19.2 36 220 M M 5 49 230
22 62 45 54 14 11 0 0.00 M M 25.4 40 220 M M 2 53 240
23 57 36 47 7 18 0 0.00 M M 14.9 30 210 M M 3 39 210
24 51 29 40 0 25 0 0.00 M M 4.7 12 120 M M 1 15 310
25 58 32 45 4 20 0 T M M 19.8 39 240 M M 4 8 51 240
26 55 37 46 5 19 0 T M M 17.3 36 230 M M 5 48 230
27 53 31 42 1 23 0 0.00 M M 5.4 14 200 M M 3 19 220
28 60 36 48 6 17 0 0.00 M M 9.5 17 200 M M 2 24 200
================================================================================
SM 1273 762 795 0 0.65 M 269.7 M 156
================================================================================
AV 45.5 27.2 9.6 FASTST M M 6 MAX(MPH)
MISC ----> 40 220 53 240
================================================================================
NOTES:
# LAST OF SEVERAL OCCURRENCES
COLUMN 17 PEAK WIND IN M.P.H.
PRELIMINARY LOCAL CLIMATOLOGICAL DATA (WS FORM: F-6) , PAGE 2
STATION: PASCO WA
MONTH: FEBRUARY
YEAR: 2021
LATITUDE: 46 16 N
LONGITUDE: 119 7 W
[TEMPERATURE DATA] [PRECIPITATION DATA] SYMBOLS USED IN COLUMN 16
AVERAGE MONTHLY: 36.3 TOTAL FOR MONTH: 0.65 1 = FOG OR MIST
DPTR FM NORMAL: -2.5 DPTR FM NORMAL: -0.21 2 = FOG REDUCING VISIBILITY
HIGHEST: 64 ON 5, 1 GRTST 24HR 0.38 ON 14-15 TO 1/4 MILE OR LESS
LOWEST: 6 ON 17 3 = THUNDER
SNOW, ICE PELLETS, HAIL 4 = ICE PELLETS
TOTAL MONTH: M 5 = HAIL
GRTST 24HR M ON M 6 = FREEZING RAIN OR DRIZZLE
GRTST DEPTH: M ON M 7 = DUSTSTORM OR SANDSTORM:
VSBY 1/2 MILE OR LESS
8 = SMOKE OR HAZE
[NO. OF DAYS WITH] [WEATHER - DAYS WITH] 9 = BLOWING SNOW
X = TORNADO
MAX 32 OR BELOW: 7 0.01 INCH OR MORE: 7
MAX 90 OR ABOVE: 0 0.10 INCH OR MORE: 4
MIN 32 OR BELOW: 19 0.50 INCH OR MORE: 0
MIN 0 OR BELOW: 0 1.00 INCH OR MORE: 0
[HDD (BASE 65) ]
TOTAL THIS MO. 795 CLEAR (SCALE 0-3) 7
DPTR FM NORMAL 40 PTCLDY (SCALE 4-7) 16
TOTAL FM JUL 1 3538 CLOUDY (SCALE 8-10) 5
DPTR FM NORMAL -338
[CDD (BASE 65) ]
TOTAL THIS MO. 0
DPTR FM NORMAL 0 [PRESSURE DATA]
TOTAL FM JAN 1 0 HIGHEST SLP 30.59 ON 24
DPTR FM NORMAL 0 LOWEST SLP 29.67 ON 1
[REMARKS]
#FINAL-02-21#