000
CXUS55 KPIH 012112
CF6RXE
PRELIMINARY LOCAL CLIMATOLOGICAL DATA (WS FORM: F-6)
STATION: REXBURG
MONTH: MARCH
YEAR: 2024
LATITUDE: 43 49 N
LONGITUDE: 111 48 W
TEMPERATURE IN F: :PCPN: SNOW: WIND :SUNSHINE: SKY :PK WND
================================================================================
1 2 3 4 5 6A 6B 7 8 9 10 11 12 13 14 15 16 17 18
12Z AVG MX 2MIN
DY MAX MIN AVG DEP HDD CDD WTR SNW DPTH SPD SPD DIR MIN PSBL S-S WX SPD DR
================================================================================
1 40 32 36 7 29 0 0.16 M M 13.1 22 190 M M 9 1 33 190
2 34 22 28 -1 37 0 0.62 M M 12.8 29 200 M M 8 1238 42 210
3 28 12 20 -10 45 0 0.03 M M 4.9 18 210 M M 3 1 28 210
4 24 10 17 -13 48 0 0.04 M M 8.7 22 230 M M 7 18 33 220
5 33 13 23 -8 42 0 0.03 M M 13.9 28 200 M M 7 1 40 210
6 33 24 29 -2 36 0 0.01 M M 8.6 21 210 M M 9 16 29 210
7 29 15 22 -10 43 0 0.00 M M 5.3 10 200 M M 5 13 230
8 28 8 18 -14 47 0 T M M 2.3 8 200 M M 6 18 11 190
9 33 3 18 -14 47 0 0.00 M M 4.6 8 40 M M 0 12 70
10 44 11 28 -5 37 0 0.00 M M 4.3 9 60 M M 0 14 180
11 38 21 30 -3 35 0 0.00 M M 8.2 17 240 M M 4 22 230
12 41 32 37 3 28 0 0.02 M M 10.7 21 230 M M 10 1 35 230
13 33 23 28 -6 37 0 T M M 7.4 16 210 M M 7 1 21 200
14 46 20 33 -2 32 0 0.00 M M 7.0 16 20 M M 0 25 30
15 50 22 36 1 29 0 0.00 M M 6.4 13 40 M M 0 18 10
16 54 23 39 4 26 0 0.00 M M 2.8 8 150 M M 0 12 60
17 58 26 42 6 23 0 0.00 M M 3.6 10 30 M M 0 15 30
18 57 26 42 6 23 0 0.00 M M 3.8 9 100 M M 0 14 100
19 57 26 42 6 23 0 0.00 M M 4.4 12 230 M M 0 16 260
20 59 27 43 6 22 0 0.00 M M 6.9 15 240 M M 0 21 240
21 55 35 45 8 20 0 0.13 M M 10.7 30 230 M M 3 43 220
22 54 29 42 4 23 0 0.00 M M 3.9 13 180 M M 3 18 170
23 57 33 45 7 20 0 T M M 10.4 26 270 M M 6 3 40 240
24 45 29 37 -1 28 0 0.02 M M 8.5 18 30 M M 7 1 25 30
25 42 25 34 -4 31 0 0.08 M M 5.0 14 180 M M 8 12 21 160
26 43 21 32 -7 33 0 0.04 M M 6.4 16 230 M M 8 128 24 240
27 46 28 37 -2 28 0 T M M 11.5 23 230 M M 7 33 210
28 47 34 41 2 24 0 0.06 M M 15.8 26 200 M M 7 1 41 190
29 47 28 38 -2 27 0 0.00 M M 7.4 14 210 M M 4 21 190
30 47 27 37 -3 28 0 0.03 M M 4.5 13 180 M M 7 18 180
31 44 34 39 -1 26 0 0.26 M M 8.6 17 20 M M 9 26 30
================================================================================
SM 1346 719 977 0 1.53 M 232.4 M 144
================================================================================
AV 43.4 23.2 7.5 FASTST M M 5 MAX(MPH)
MISC ----> 30 230 43 220
================================================================================
NOTES:
# LAST OF SEVERAL OCCURRENCES
COLUMN 17 PEAK WIND IN M.P.H.
PRELIMINARY LOCAL CLIMATOLOGICAL DATA (WS FORM: F-6) , PAGE 2
STATION: REXBURG
MONTH: MARCH
YEAR: 2024
LATITUDE: 43 49 N
LONGITUDE: 111 48 W
[TEMPERATURE DATA] [PRECIPITATION DATA] SYMBOLS USED IN COLUMN 16
AVERAGE MONTHLY: 33.3 TOTAL FOR MONTH: 1.53 1 = FOG OR MIST
DPTR FM NORMAL: -1.8 DPTR FM NORMAL: 0.64 2 = FOG REDUCING VISIBILITY
HIGHEST: 59 ON 20 GRTST 24HR 0.67 ON 1- 2 TO 1/4 MILE OR LESS
LOWEST: 3 ON 9 3 = THUNDER
SNOW, ICE PELLETS, HAIL 4 = ICE PELLETS
TOTAL MONTH: M 5 = HAIL
GRTST 24HR M ON M 6 = FREEZING RAIN OR DRIZZLE
GRTST DEPTH: M ON M 7 = DUSTSTORM OR SANDSTORM:
VSBY 1/2 MILE OR LESS
8 = SMOKE OR HAZE
[NO. OF DAYS WITH] [WEATHER - DAYS WITH] 9 = BLOWING SNOW
X = TORNADO
MAX 32 OR BELOW: 4 0.01 INCH OR MORE: 14
MAX 90 OR ABOVE: 0 0.10 INCH OR MORE: 4
MIN 32 OR BELOW: 27 0.50 INCH OR MORE: 1
MIN 0 OR BELOW: 0 1.00 INCH OR MORE: 0
[HDD (BASE 65) ]
TOTAL THIS MO. 977 CLEAR (SCALE 0-3) 10
DPTR FM NORMAL 48 PTCLDY (SCALE 4-7) 17
TOTAL FM JUL 1 5895 CLOUDY (SCALE 8-10) 4
DPTR FM NORMAL -818
[CDD (BASE 65) ]
TOTAL THIS MO. 0
DPTR FM NORMAL 0 [PRESSURE DATA]
TOTAL FM JAN 1 0 HIGHEST SLP 30.54 ON 8
DPTR FM NORMAL 0 LOWEST SLP 29.40 ON 2
[REMARKS]
#FINAL-03-24#