000
CXUS54 KEPZ 011030
CF6TCS
PRELIMINARY LOCAL CLIMATOLOGICAL DATA (WS FORM: F-6)
STATION: TRUTH OR CONSEQUENCES
MONTH: APRIL
YEAR: 2023
LATITUDE: 33 13 N
LONGITUDE: 107 16 W
TEMPERATURE IN F: :PCPN: SNOW: WIND :SUNSHINE: SKY :PK WND
================================================================================
1 2 3 4 5 6A 6B 7 8 9 10 11 12 13 14 15 16 17 18
12Z AVG MX 2MIN
DY MAX MIN AVG DEP HDD CDD WTR SNW DPTH SPD SPD DIR MIN PSBL S-S WX SPD DR
================================================================================
1 74 37 56 -2 9 0 0.00 M M 9.8 25 190 M M 0 39 190
2 80 41 61 3 4 0 0.00 M M 10.1 21 290 M M 0 30 260
3 78 39 59 1 6 0 0.00 M M 16.4 36 240 M M 0 50 240
4 61 36 49 -10 16 0 0.00 M M 23.4 41 240 M M 0 58 230
5 58 30 44 -15 21 0 0.00 M M 9.5 20 330 M M 0 29 320
6 69 33 51 -8 14 0 0.00 M M 7.8 20 160 M M 0 28 140
7 69 37 53 -6 12 0 0.00 M M 6.6 15 140 M M 0 24 100
8 76 40 58 -2 7 0 0.00 M M 9.6 24 170 M M 0 34 170
9 80 49 65 5 0 0 0.00 M M 7.9 14 90 M M 0 23 40
10 81 46 64 4 1 0 0.00 M M 6.9 16 40 M M 0 23 30
11 83 50 67 7 0 2 0.00 M M 7.6 20 200 M M 0 27 160
12 83 46 65 5 0 0 0.00 M M 7.9 22 160 M M 1 31 200
13 80 56 68 7 0 3 0.00 M M 11.4 28 220 M M 0 38 230
14 73 48 61 0 4 0 0.00 M M 13.6 28 250 M M 0 38 260
15 73 47 60 -1 5 0 0.00 M M 8.7 20 310 M M 0 25 300
16 78 43 61 0 4 0 0.00 M M 8.9 23 170 M M 0 33 180
17 84 46 65 4 0 0 0.00 M M 10.9 28 170 M M 0 38 170
18 82 49 66 4 0 1 0.00 M M 10.6 25 280 M M 0 34 280
19 79 49 64 2 1 0 0.00 M M 13.4 33 270 M M 0 47 200
20 72 45 59 -3 6 0 0.00 M M 8.6 17 320 M M 0 30 310
21 77 43 60 -2 5 0 0.00 M M 8.7 21 180 M M 0 29 180
22 79 47 63 0 2 0 0.00 M M 7.8 25 330 M M 2 40 320
23 76 42 59 -4 6 0 0.00 M M 11.6 23 20 M M 2 33 10
24 81 49 65 2 0 0 0.00 M M 9.4 23 250 M M 1 33 320
25 82 51 67 4 0 2 0.00 M M 14.4 33 310 M M 0 51 300
26 75 47 61 -3 4 0 0.00 M M 7.2 20 50 M M 1 31 60
27 81 42 62 -2 3 0 0.00 M M 8.4 21 180 M M 0 8 29 170
28 73 50 62 -2 3 0 0.00 M M 13.0 31 30 M M 0 8 41 320
29 78 40 59 -5 6 0 0.00 M M 7.2 15 180 M M 0 23 200
30 89 50 70 5 0 5 0.00 M M 7.6 25 310 M M 0 41 300
================================================================================
SM 2304 1328 139 13 0.00 M 304.9 M 7
================================================================================
AV 76.8 44.3 10.2 FASTST M M 0 MAX(MPH)
MISC ----> 41 240 58 230
================================================================================
NOTES:
# LAST OF SEVERAL OCCURRENCES
COLUMN 17 PEAK WIND IN M.P.H.
PRELIMINARY LOCAL CLIMATOLOGICAL DATA (WS FORM: F-6) , PAGE 2
STATION: TRUTH OR CONSEQUENCES
MONTH: APRIL
YEAR: 2023
LATITUDE: 33 13 N
LONGITUDE: 107 16 W
[TEMPERATURE DATA] [PRECIPITATION DATA] SYMBOLS USED IN COLUMN 16
AVERAGE MONTHLY: 60.5 TOTAL FOR MONTH: 0.00 1 = FOG OR MIST
DPTR FM NORMAL: -0.7 DPTR FM NORMAL: -0.27 2 = FOG REDUCING VISIBILITY
HIGHEST: 89 ON 30 GRTST 24HR T ON 28-28 TO 1/4 MILE OR LESS
LOWEST: 30 ON 5 3 = THUNDER
SNOW, ICE PELLETS, HAIL 4 = ICE PELLETS
TOTAL MONTH: M 5 = HAIL
GRTST 24HR M ON M 6 = FREEZING RAIN OR DRIZZLE
GRTST DEPTH: M ON M 7 = DUSTSTORM OR SANDSTORM:
VSBY 1/2 MILE OR LESS
8 = SMOKE OR HAZE
[NO. OF DAYS WITH] [WEATHER - DAYS WITH] 9 = BLOWING SNOW
X = TORNADO
MAX 32 OR BELOW: 0 0.01 INCH OR MORE: 0
MAX 90 OR ABOVE: 0 0.10 INCH OR MORE: 0
MIN 32 OR BELOW: 1 0.50 INCH OR MORE: 0
MIN 0 OR BELOW: 0 1.00 INCH OR MORE: 0
[HDD (BASE 65) ]
TOTAL THIS MO. 139 CLEAR (SCALE 0-3) 30
DPTR FM NORMAL -7 PTCLDY (SCALE 4-7) 0
TOTAL FM JUL 1 3126 CLOUDY (SCALE 8-10) 0
DPTR FM NORMAL 115
[CDD (BASE 65) ]
TOTAL THIS MO. 13
DPTR FM NORMAL -19 [PRESSURE DATA]
TOTAL FM JAN 1 13 HIGHEST SLP 30.16 ON 21
DPTR FM NORMAL -23 LOWEST SLP 29.33 ON 4
[REMARKS]
#FINAL-04-23#