000
CDUS41 KCLE 260528
CLIMFD


CLIMATE REPORT
NATIONAL WEATHER SERVICE CLEVELAND OH
128 AM EDT THU APR 26 2018


...................................

...THE MANSFIELD OH CLIMATE SUMMARY FOR APRIL 25 2018...

CLIMATE NORMAL PERIOD 1981 TO 2010
CLIMATE RECORD PERIOD 1916 TO 2018


WEATHER ITEM   OBSERVED TIME   RECORD YEAR NORMAL DEPARTURE LAST
                VALUE   (LST)  VALUE       VALUE  FROM      YEAR
                                                  NORMAL
..................................................................
TEMPERATURE (F)
 YESTERDAY
  MAXIMUM         57    415 PM  85    2009  63     -6       75
                                      1990
  MINIMUM         39   1159 PM  24    1919  41     -2       50
  AVERAGE         48                        52     -4       63

PRECIPITATION (IN)
  YESTERDAY        0.03                      0.13  -0.10     0.00
  MONTH TO DATE    4.12                      3.47   0.65     2.53
  SINCE MAR 1      7.79                      6.86   0.93     6.29
  SINCE JAN 1     14.94                     12.12   2.82    14.15

SNOWFALL (IN)
  YESTERDAY        0.0                       0.1   -0.1      0.0
  MONTH TO DATE    5.2                       2.5    2.7      4.3
  SINCE MAR 1     16.3                      10.3    6.0     15.0
  SINCE JUL 1     46.3                      48.2   -1.9     36.6
  SNOW DEPTH       0

DEGREE DAYS
 HEATING
  YESTERDAY       17                        13      4        2
  MONTH TO DATE  547                       433    114      256
  SINCE MAR 1   1512                      1298    214     1078
  SINCE JUL 1   5832                      5923    -91     4748

 COOLING
  YESTERDAY        0                         0      0        0
  MONTH TO DATE    5                         0      5       14
  SINCE MAR 1      5                         1      4       14
  SINCE JAN 1      6                         1      5       14
..................................................................


WIND (MPH)
  HIGHEST WIND SPEED    17   HIGHEST WIND DIRECTION    NW (320)
  HIGHEST GUST SPEED    22   HIGHEST GUST DIRECTION    NW (320)
  AVERAGE WIND SPEED     9.1


SKY COVER
  POSSIBLE SUNSHINE  MM
  AVERAGE SKY COVER 0.8


WEATHER CONDITIONS
 THE FOLLOWING WEATHER WAS RECORDED YESTERDAY.
  LIGHT RAIN
  FOG
  FOG W/VISIBILITY <= 1/4 MILE


RELATIVE HUMIDITY (PERCENT)
 HIGHEST   100          1200 AM
 LOWEST     66           500 PM
 AVERAGE    83

..........................................................


THE MANSFIELD OH CLIMATE NORMALS FOR TODAY
                         NORMAL    RECORD    YEAR
 MAXIMUM TEMPERATURE (F)   64        87      1942
 MINIMUM TEMPERATURE (F)   42        25      2006


SUNRISE AND SUNSET
APRIL 26 2018.........SUNRISE   635 AM EDT   SUNSET   821 PM EDT
APRIL 27 2018.........SUNRISE   634 AM EDT   SUNSET   822 PM EDT


-  INDICATES NEGATIVE NUMBERS.
R  INDICATES RECORD WAS SET OR TIED.
MM INDICATES DATA IS MISSING.
T  INDICATES TRACE AMOUNT.




$$
