000
CXUS54 KHGX 011510
CF6LBX
PRELIMINARY LOCAL CLIMATOLOGICAL DATA (WS FORM: F-6)
STATION: ANGLETON/LAKE_JACKS
MONTH: NOVEMBER
YEAR: 2022
LATITUDE: 29 6 N
LONGITUDE: 95 28 W
TEMPERATURE IN F: :PCPN: SNOW: WIND :SUNSHINE: SKY :PK WND
================================================================================
1 2 3 4 5 6A 6B 7 8 9 10 11 12 13 14 15 16 17 18
12Z AVG MX 2MIN
DY MAX MIN AVG DEP HDD CDD WTR SNW DPTH SPD SPD DIR MIN PSBL S-S WX SPD DR
================================================================================
1 67 61 64 -4 1 0 1.16 0.0 0 6.8 18 120 M M 9 13 25 120
2 77 62 70 3 0 5 0.00 0.0 0 8.9 16 100 M M 10 23 80
3 86 69 78 11 0 13 0.00 0.0 0 8.3 17 150 M M 7 12 25 150
4 86 74 80 13 0 15 0.01 0.0 0 13.9 26 160 M M 7 38 170
5 78 57 68 2 0 3 0.20 0.0 0 5.3 22 350 M M 5 13 33 350
6 87 59 73 7 0 8 0.00 0.0 0 8.9 22 170 M M 6 28 180
7 84 65 75 9 0 10 0.00 0.0 0 5.2 15 130 M M 6 12 20 130
8 83 64 74 9 0 9 0.00 0.0 0 5.8 15 110 M M 6 12 20 120
9 84 62 73 8 0 8 0.00 0.0 0 5.0 15 150 M M 4 12 23 110
10 82 60 71 6 0 6 0.00 0.0 0 3.8 13 150 M M 3 12 17 150
11 83 50 67 3 0 2 0.01 0.0 0 9.5 24 350 M M 5 12 35 350
12 63 38 51 -13 14 0 0.00 0.0 0 12.6 24 10 M M 2 35 20
13 60 34 47 -17 18 0 0.00 0.0 0 6.9 16 50 M M 3 21 50
14 71 49 60 -4 5 0 0.76 0.0 0 10.6 20 340 M M 10 13 33 330
15 58 43 51 -12 14 0 0.00 0.0 0 11.4 21 360 M M 5 33 10
16 51 42 47 -16 18 0 0.00 0.0 0 8.4 15 10 M M 8 21 20
17 55 46 51 -12 14 0 T 0.0 0 4.8 10 40 M M 10 8 16 10
18 59 48 54 -9 11 0 0.14 0.0 0 8.6 17 90 M M 10 1 26 70
19 49 45 47 -15 18 0 1.22 0.0 0 13.4 21 20 M M 10 1 32 30
20 55 43 49 -13 16 0 T 0.0 0 9.1 17 40 M M 8 25 20
21 49 45 47 -15 18 0 0.75 0.0 0 8.6 15 20 M M 10 1 20 10
22 56 43 50 -12 15 0 0.55 0.0 0 6.6 14 50 M M 7 1 20 40
23 71 42 57 -4 8 0 0.00 0.0 0 6.7 16 110 M M 5 1 21 120
24 79 63 71 10 0 6 0.75 0.0 0 9.1 24 10 M M 10 123 32 360
25 64 60 62 1 3 0 1.71 0.0 0 10.6 23 70 M M 8 13 33 70
26 67 47 57 -4 8 0 0.97 0.0 0 9.2 23 110 M M 5 13 34 120
27 77 47 62 2 3 0 0.00 0.0 0 4.9 15 230 M M 0 1 23 240
28 75 46 61 1 4 0 0.00 0.0 0 5.1 13 130 M M 2 12 17 130
29 81 69 75 15 0 10 T 0.0 0 12.8 25 190 M M 10 18 36 180
30 74 47 61 1 4 0 0.00 0.0 0 11.0 25 20 M M 3 1 34 360
================================================================================
SM 2111 1580 192 95 8.23 0.0 251.8 M 194
================================================================================
AV 70.4 52.7 8.4 FASTST M M 6 MAX(MPH)
MISC ----> 26 160 38 170
================================================================================
NOTES:
# LAST OF SEVERAL OCCURRENCES
COLUMN 17 PEAK WIND IN M.P.H.
PRELIMINARY LOCAL CLIMATOLOGICAL DATA (WS FORM: F-6) , PAGE 2
STATION: ANGLETON/LAKE_JACKS
MONTH: NOVEMBER
YEAR: 2022
LATITUDE: 29 6 N
LONGITUDE: 95 28 W
[TEMPERATURE DATA] [PRECIPITATION DATA] SYMBOLS USED IN COLUMN 16
AVERAGE MONTHLY: 61.5 TOTAL FOR MONTH: 8.23 1 = FOG OR MIST
DPTR FM NORMAL: -1.9 DPTR FM NORMAL: 4.63 2 = FOG REDUCING VISIBILITY
HIGHEST: 87 ON 6 GRTST 24HR 2.68 ON 25-26 TO 1/4 MILE OR LESS
LOWEST: 34 ON 13 3 = THUNDER
SNOW, ICE PELLETS, HAIL 4 = ICE PELLETS
TOTAL MONTH: 0.0 INCH 5 = HAIL
GRTST 24HR 0.0 6 = FREEZING RAIN OR DRIZZLE
GRTST DEPTH: 0 7 = DUSTSTORM OR SANDSTORM:
VSBY 1/2 MILE OR LESS
8 = SMOKE OR HAZE
[NO. OF DAYS WITH] [WEATHER - DAYS WITH] 9 = BLOWING SNOW
X = TORNADO
MAX 32 OR BELOW: 0 0.01 INCH OR MORE: 12
MAX 90 OR ABOVE: 0 0.10 INCH OR MORE: 10
MIN 32 OR BELOW: 0 0.50 INCH OR MORE: 8
MIN 0 OR BELOW: 0 1.00 INCH OR MORE: 3
[HDD (BASE 65) ]
TOTAL THIS MO. 192 CLEAR (SCALE 0-3) 6
DPTR FM NORMAL 58 PTCLDY (SCALE 4-7) 15
TOTAL FM JUL 1 230 CLOUDY (SCALE 8-10) 9
DPTR FM NORMAL 75
[CDD (BASE 65) ]
TOTAL THIS MO. 95
DPTR FM NORMAL 9 [PRESSURE DATA]
TOTAL FM JAN 1 3433 HIGHEST SLP 30.48 ON 17
DPTR FM NORMAL 252 LOWEST SLP 29.74 ON 29
[REMARKS]
#FINAL-11-22#